{"id":6,"date":"2024-09-01T09:59:45","date_gmt":"2024-09-01T07:59:45","guid":{"rendered":"https:\/\/kulturweit.blog\/vamosarriba\/?page_id=6"},"modified":"2024-09-01T10:14:42","modified_gmt":"2024-09-01T08:14:42","slug":"allgemeine-informationen","status":"publish","type":"page","link":"https:\/\/kulturweit.blog\/vamosarriba\/allgemeine-informationen\/","title":{"rendered":"Allgemeine Informationen"},"content":{"rendered":"<p>Hallo und willkommen auf meinem Blog\u00a0\u201e\u00a1Vamos arriba!\u201c \ud83d\ude42<\/p>\n<p>Meine Freund*innen nennen mich Nico, eigentlich hei\u00dfe ich Anna, und wohne in M\u00f6nchengladbach. Ab September 2024 bin ich aber f\u00fcr 6 (sechs) Monate in Fray Bentos in Uruguay, wo ich in der UNESCO-Weltkulturerbest\u00e4tte Fray Bentos Industrial Landscape eingeteilt bin, einer ehemaligen Fleischerei, die heute ein Museum ist.<\/p>\n<p>Meine Mitfreiwillige ist Amira, deren Blog ich hier bald auch noch verlinken werde. Wir wohnen zusammen und kannten uns vorher nicht, haben uns aber direkt gut verstanden.<\/p>\n<p>Informationen \u00fcber meine Organisation findet ihr <a href=\"https:\/\/www.kulturweit.de\/outgoing\">hier.<\/a><\/p>\n<p>Informationen zu meiner Einsatzstelle findet ihr <a href=\"http:\/\/whc.unesco.org\/en\/list\/1464\">hier von der UNESCO<\/a> und <a href=\"https:\/\/toptourplace.com\/de\/directory-places\/place\/fray-bentos-industrial-landscape\/\">hier aus einem Touristenratgeber.<\/a><\/p>\n<p>Auf diesem Blog werde ich mehr oder minder regelm\u00e4\u00dfig Updates, Beitr\u00e4ge und Fotos aus Uruguay posten, aber wenn ich das mal ein paar Wochen vergesse, dann seht es mir bitte nach.<\/p>\n","protected":false},"excerpt":{"rendered":"<p>Hallo und willkommen auf meinem Blog\u00a0\u201e\u00a1Vamos arriba!\u201c \ud83d\ude42 Meine Freund*innen nennen mich Nico, eigentlich hei\u00dfe ich Anna, und wohne in M\u00f6nchengladbach. Ab September 2024 bin ich aber f\u00fcr 6 (sechs) Monate in Fray Bentos in Uruguay, wo ich in der &hellip; <a href=\"https:\/\/kulturweit.blog\/vamosarriba\/allgemeine-informationen\/\">Weiterlesen <span class=\"meta-nav\">&rarr;<\/span><\/a><\/p>\n","protected":false},"author":3293,"featured_media":0,"parent":0,"menu_order":0,"comment_status":"closed","ping_status":"closed","template":"","meta":{"footnotes":""},"class_list":["post-6","page","type-page","status-publish","hentry"],"amp_enabled":true,"_links":{"self":[{"href":"https:\/\/kulturweit.blog\/vamosarriba\/wp-json\/wp\/v2\/pages\/6"}],"collection":[{"href":"https:\/\/kulturweit.blog\/vamosarriba\/wp-json\/wp\/v2\/pages"}],"about":[{"href":"https:\/\/kulturweit.blog\/vamosarriba\/wp-json\/wp\/v2\/types\/page"}],"author":[{"embeddable":true,"href":"https:\/\/kulturweit.blog\/vamosarriba\/wp-json\/wp\/v2\/users\/3293"}],"replies":[{"embeddable":true,"href":"https:\/\/kulturweit.blog\/vamosarriba\/wp-json\/wp\/v2\/comments?post=6"}],"version-history":[{"count":3,"href":"https:\/\/kulturweit.blog\/vamosarriba\/wp-json\/wp\/v2\/pages\/6\/revisions"}],"predecessor-version":[{"id":14,"href":"https:\/\/kulturweit.blog\/vamosarriba\/wp-json\/wp\/v2\/pages\/6\/revisions\/14"}],"wp:attachment":[{"href":"https:\/\/kulturweit.blog\/vamosarriba\/wp-json\/wp\/v2\/media?parent=6"}],"curies":[{"name":"wp","href":"https:\/\/api.w.org\/{rel}","templated":true}]}}