{"id":115,"date":"2025-01-08T17:22:24","date_gmt":"2025-01-08T16:22:24","guid":{"rendered":"https:\/\/kulturweit.blog\/vamosarriba\/?page_id=115"},"modified":"2025-01-31T18:54:27","modified_gmt":"2025-01-31T17:54:27","slug":"reisen","status":"publish","type":"page","link":"https:\/\/kulturweit.blog\/vamosarriba\/reisen\/","title":{"rendered":"Reisen und Orte"},"content":{"rendered":"<p><strong>Uruguay:<\/strong><\/p>\n<p>Fray Bentos<\/p>\n<p>Montevideo<\/p>\n<p>Colonia de Sacramento<\/p>\n<p>&nbsp;<\/p>\n<p><strong>Argentinien:<\/strong><\/p>\n<p>Buenos Aires<\/p>\n<p>Iguaz\u00fa<\/p>\n<p>Bariloche<\/p>\n<p>Esquel<\/p>\n<p>&nbsp;<\/p>\n<p><strong>Brasilien:<\/strong><\/p>\n<p>S\u00e3o Paulo<\/p>\n<p>Rio de Janeiro<\/p>\n<p>&nbsp;<\/p>\n<p><strong>Chile:<\/strong><\/p>\n<p>Puerto R\u00edo Tranquilo<\/p>\n","protected":false},"excerpt":{"rendered":"<p>Uruguay: Fray Bentos Montevideo Colonia de Sacramento &nbsp; Argentinien: Buenos Aires Iguaz\u00fa Bariloche Esquel &nbsp; Brasilien: S\u00e3o Paulo Rio de Janeiro &nbsp; Chile: Puerto R\u00edo Tranquilo<\/p>\n","protected":false},"author":3293,"featured_media":0,"parent":0,"menu_order":0,"comment_status":"closed","ping_status":"closed","template":"","meta":{"footnotes":""},"class_list":["post-115","page","type-page","status-publish","hentry"],"amp_enabled":true,"_links":{"self":[{"href":"https:\/\/kulturweit.blog\/vamosarriba\/wp-json\/wp\/v2\/pages\/115"}],"collection":[{"href":"https:\/\/kulturweit.blog\/vamosarriba\/wp-json\/wp\/v2\/pages"}],"about":[{"href":"https:\/\/kulturweit.blog\/vamosarriba\/wp-json\/wp\/v2\/types\/page"}],"author":[{"embeddable":true,"href":"https:\/\/kulturweit.blog\/vamosarriba\/wp-json\/wp\/v2\/users\/3293"}],"replies":[{"embeddable":true,"href":"https:\/\/kulturweit.blog\/vamosarriba\/wp-json\/wp\/v2\/comments?post=115"}],"version-history":[{"count":4,"href":"https:\/\/kulturweit.blog\/vamosarriba\/wp-json\/wp\/v2\/pages\/115\/revisions"}],"predecessor-version":[{"id":180,"href":"https:\/\/kulturweit.blog\/vamosarriba\/wp-json\/wp\/v2\/pages\/115\/revisions\/180"}],"wp:attachment":[{"href":"https:\/\/kulturweit.blog\/vamosarriba\/wp-json\/wp\/v2\/media?parent=115"}],"curies":[{"name":"wp","href":"https:\/\/api.w.org\/{rel}","templated":true}]}}