{"id":2,"date":"2009-08-07T11:03:37","date_gmt":"2009-08-07T09:03:37","guid":{"rendered":""},"modified":"2009-10-26T11:30:53","modified_gmt":"2009-10-26T14:30:53","slug":"ueber-mich","status":"publish","type":"page","link":"https:\/\/kulturweit.blog\/timon\/ueber-mich\/","title":{"rendered":"H\u00e4?"},"content":{"rendered":"<p>Hier wird beschrieben, was mir auf meinen diversen Abwegen und Abenteuern so passiert \ud83d\ude42<\/p>\n<p>Wer zum ersten Mal das Wort &#8222;Blog&#8220; h\u00f6rt oder sich aber fragt, was man denn eigentlich mit so einem Ding macht, dem sei diese <a href=\"http:\/\/www.gedankenpflug.de\/dies-blog\/gebrauchsanleitung\/\">Gebrauchsanweisung <\/a>w\u00e4rmstens empfohlen.<\/p>\n<p>Wer hingegen nicht so genau wei\u00df, was ich hier mache oder tue und sich generell etwas orientierungslos hierhin verlaufen hat, dem zitiere ich folgendes:<\/p>\n<h2 style=\"padding-left: 120px;text-align: justify\"><strong>Timon Traub, PAD,<\/strong> <strong>San Carlos de Bariloche, Argentinien<\/strong><\/h2>\n<p style=\"padding-left: 120px;text-align: justify\">Ich bin 20 Jahre alt und hab im Juni gerade meinen Zivildienst fertig gemacht. Danach h\u00e4tte ich gleich studieren k\u00f6nnen, wollte aber vorher gern ins Ausland gehen. Eher zuf\u00e4llig habe ich dann von kulturweit geh\u00f6rt, meine Bewerbung abgeschickt, dann gewartet, und als die Zusage kam, hab ich mich gefreut.<\/p>\n<p style=\"padding-left: 120px;text-align: justify\">Jetzt werde ich f\u00fcr zw\u00f6lf Monate nach Argentinien gehen, nach Bariloche, das ist 1600 <abbr title=\"Kilometer\">km<\/abbr> s\u00fcdlich von Buenos Aires, und dort an einer argentinischen Privatschule unterrichten, die einen Schwerpunkt auf Deutsch legt. Was genau meine T\u00e4tigkeiten vor Ort sein werden, wei\u00df ich jetzt allerdings noch nicht, da wir ja der erste Jahrgang von kulturweit-Freiwilligen sind. Dadurch ist das Ganze auch recht abenteuerlich und das ist es auch, was mich an \u201ekulturweit\u201c besonders reizt.<\/p>\n<p style=\"padding-left: 120px;text-align: justify\">So k\u00f6nnen wir dann ein Feedback geben, was schon gut l\u00e4uft, oder was noch optimiert werden kann. Der Freiwilligendienst l\u00e4sst auch viel Freiraum daf\u00fcr, sich seine Aufgaben selbst zu suchen und sich selbst einbringen zu m\u00fcssen in die Arbeit der Organisation, was ich genial finde. Einzigartig ist auch, dass es ein Kultur- und Bildungsfreiwilligendienst ist und wir eben nicht im Bereich der Entwicklungsarbeit arbeiten werden. Ich w\u00fcrde gern nach dem Freiwilligendienst Lehramt studieren, da kommt mir die Chance, die \u201ekulturweit\u201c bietet, sehr gelegen.<\/p>\n<p style=\"padding-left: 120px;text-align: justify\">[<a href=\"http:\/\/www.auswaertiges-amt.de\/diplo\/de\/Aussenpolitik\/KulturDialog\/SchulenJugendSport\/Kulturweit\/090909-interviews.html\" target=\"_blank\">Quelle<\/a>]<\/p>\n<h2>Alltag<\/h2>\n<p>Mittlerweile sieht mein Alltag also so aus, dass ich je nach Bedarf mehr oder weniger Zeit in der Schule verbringe, um dort allerlei Aufgaben zu \u00fcbernehmen. Dabei reicht die Palette von Unterrichtsassistenz in der Grundschule (v.a. wenn wieder gebastelt wird) \u00fcber Ausfl\u00fcge begleiten bis hin zu beinahe eigenst\u00e4ndigem Unterricht in Form von Nachhilfe geben, Aussprachefehler korrigieren etc pp. Das l\u00e4uft dann in Klein- oder Kleinstgruppen, oft auch im Einzelunterricht ab.<\/p>\n<h2>Warum Wayfaring Strangers?<\/h2>\n<p>[youtube 4Yk_uxgH03c]<\/p>\n<p>Abgesehen davon, dass mir das Lied einfach gut gef\u00e4llt, spiegelt es auch ein wenig wieder, wof\u00fcr wir als kulturweit-Freiwillige stehen: Was sind wir, wenn nicht wandernde Fremde? \ud83d\ude09<\/p>\n<p>Damit diese Seite aber nicht auf so einer melancholischen (und, in Cashs Falle, fatalistischen) Note endet, hier noch ein &#8222;etwas&#8220; bekannteres. Es ist auch durchaus hoffnungsvoller:<\/p>\n<p>[youtube D4dlqVlj6UA]<\/p>\n","protected":false},"excerpt":{"rendered":"<p>Hier wird beschrieben, was mir auf meinen diversen Abwegen und Abenteuern so passiert \ud83d\ude42 Wer zum ersten Mal das Wort &#8222;Blog&#8220; h\u00f6rt oder sich aber fragt, was man denn eigentlich mit so einem Ding macht, dem sei diese Gebrauchsanweisung w\u00e4rmstens empfohlen. Wer hingegen nicht so genau wei\u00df, was ich hier mache oder tue und sich [&hellip;]<\/p>\n","protected":false},"author":49,"featured_media":0,"parent":0,"menu_order":0,"comment_status":"closed","ping_status":"closed","template":"","meta":{"footnotes":""},"class_list":["post-2","page","type-page","status-publish","hentry"],"amp_enabled":true,"_links":{"self":[{"href":"https:\/\/kulturweit.blog\/timon\/wp-json\/wp\/v2\/pages\/2"}],"collection":[{"href":"https:\/\/kulturweit.blog\/timon\/wp-json\/wp\/v2\/pages"}],"about":[{"href":"https:\/\/kulturweit.blog\/timon\/wp-json\/wp\/v2\/types\/page"}],"author":[{"embeddable":true,"href":"https:\/\/kulturweit.blog\/timon\/wp-json\/wp\/v2\/users\/49"}],"replies":[{"embeddable":true,"href":"https:\/\/kulturweit.blog\/timon\/wp-json\/wp\/v2\/comments?post=2"}],"version-history":[{"count":1,"href":"https:\/\/kulturweit.blog\/timon\/wp-json\/wp\/v2\/pages\/2\/revisions"}],"predecessor-version":[{"id":31,"href":"https:\/\/kulturweit.blog\/timon\/wp-json\/wp\/v2\/pages\/2\/revisions\/31"}],"wp:attachment":[{"href":"https:\/\/kulturweit.blog\/timon\/wp-json\/wp\/v2\/media?parent=2"}],"curies":[{"name":"wp","href":"https:\/\/api.w.org\/{rel}","templated":true}]}}