{"id":674,"date":"2010-02-19T15:53:06","date_gmt":"2010-02-19T18:53:06","guid":{"rendered":"https:\/\/kulturweit.blog\/thomas\/?page_id=674"},"modified":"2010-02-19T15:53:42","modified_gmt":"2010-02-19T18:53:42","slug":"ich-fahr-mal-schnell-nach","status":"publish","type":"page","link":"https:\/\/kulturweit.blog\/thomas\/everyday-life\/ich-fahr-mal-schnell-nach\/","title":{"rendered":"Ich fahr mal schnell nach&#8230;"},"content":{"rendered":"<p>&#8230;und brauche Stunden daf\u00fcr!<\/p>\n<p>Von Puerto Iguaz\u00fa nach Montecarlo sind es ca. 140 Kilometer entlang der Ruta 12. In Deutschland br\u00e4uchte man f\u00fcr solch eine Strecke mit dem Zug oder dem Bus wohl ein bisschen mehr wie eine Stunde, mit dem Auto eine knappe Stunde (Rutas sind quasi die Bundesstra\u00dfen Argentiniens). Doch wer in Puerto Iguaz\u00fa in den Bus einstiegt kommt nach knapp 3 Stunden in Montecarlo an!<br \/>\nWas zum Teil auch daran liegt, dass der Bus immer anh\u00e4lt, wenn jemand am Stra\u00dfenrand die Hand hebt.<br \/>\nWenn man also durch die Provinz reist, sollte man Zeit mitbringen =)<\/p>\n<p>Und noch etwas ist anders:<br \/>\nWer sich anhand einer Argentinien-Karte schon einmal \u00fcberlegt hat, wie denn seine Reiseroute aussehen k\u00f6nnte und diese dann, wie in Deutschland geplant, auch durchgezogen hat, wird wohl den ganzen Tag im Auto gesessen haben. Denn, wenn man die Ma\u00dfst\u00e4be, die man von deutschen Karten kennt auf argentinische Karten \u00fcbertr\u00e4gt, vergisst man doch sehr gerne und schnell, dass &#8222;ein Fingerbreit&#8220; in Deutschland wohl 50 oder 100 Kilometer sein m\u00f6gen, hier in Argentinien aber gerne mal 300 oder 400, manchmal sogar 500 Kilometer sind.<br \/>\nArgentinien ist der achtgr\u00f6\u00dfte Staat dieser Erde und circa 7,8 mal gr\u00f6\u00dfer als Deutschland (!). Die Entfernungen zwischen Provinzhauptst\u00e4dten sind gerne vierstellige Kilometerzahlen und die Nord-S\u00fcd-Ausdehnung betr\u00e4gt 3.694 Kilometer.<br \/>\nWer also seine Reisen durch Argentinien plant sollte des \u00d6fteren einen Blick auf den Kartenma\u00dfstab werfen und sich ins Ged\u00e4chtnis rufen, wie RIESENGRO\u00df dieses Land ist!<\/p>\n","protected":false},"excerpt":{"rendered":"<p>&#8230;und brauche Stunden daf\u00fcr! Von Puerto Iguaz\u00fa nach Montecarlo sind es ca. 140 Kilometer entlang der Ruta 12. In Deutschland br\u00e4uchte man f\u00fcr solch eine Strecke mit dem Zug oder dem Bus wohl ein bisschen mehr wie eine Stunde, mit dem Auto eine knappe Stunde (Rutas sind quasi die Bundesstra\u00dfen Argentiniens). Doch wer in Puerto [&hellip;]<\/p>\n","protected":false},"author":75,"featured_media":0,"parent":452,"menu_order":6,"comment_status":"open","ping_status":"open","template":"","meta":{"footnotes":""},"class_list":["post-674","page","type-page","status-publish","hentry"],"_links":{"self":[{"href":"https:\/\/kulturweit.blog\/thomas\/wp-json\/wp\/v2\/pages\/674"}],"collection":[{"href":"https:\/\/kulturweit.blog\/thomas\/wp-json\/wp\/v2\/pages"}],"about":[{"href":"https:\/\/kulturweit.blog\/thomas\/wp-json\/wp\/v2\/types\/page"}],"author":[{"embeddable":true,"href":"https:\/\/kulturweit.blog\/thomas\/wp-json\/wp\/v2\/users\/75"}],"replies":[{"embeddable":true,"href":"https:\/\/kulturweit.blog\/thomas\/wp-json\/wp\/v2\/comments?post=674"}],"version-history":[{"count":0,"href":"https:\/\/kulturweit.blog\/thomas\/wp-json\/wp\/v2\/pages\/674\/revisions"}],"up":[{"embeddable":true,"href":"https:\/\/kulturweit.blog\/thomas\/wp-json\/wp\/v2\/pages\/452"}],"wp:attachment":[{"href":"https:\/\/kulturweit.blog\/thomas\/wp-json\/wp\/v2\/media?parent=674"}],"curies":[{"name":"wp","href":"https:\/\/api.w.org\/{rel}","templated":true}]}}