{"id":672,"date":"2010-02-19T17:50:01","date_gmt":"2010-02-19T20:50:01","guid":{"rendered":"https:\/\/kulturweit.blog\/thomas\/?page_id=672"},"modified":"2010-02-19T17:50:01","modified_gmt":"2010-02-19T20:50:01","slug":"argentinische-gelassenheit-mit-5-buchstaben","status":"publish","type":"page","link":"https:\/\/kulturweit.blog\/thomas\/everyday-life\/argentinische-gelassenheit-mit-5-buchstaben\/","title":{"rendered":"Argentinische Gelassenheit mit 5 Buchstaben&#8230;"},"content":{"rendered":"<p>&#8230; B-U-E-N-O!<\/p>\n<p>Dieses eine sch\u00f6ne W\u00f6rtchen namens &#8222;Bueno&#8220; ist DAS Allround-W\u00f6rtchen, passend in jeder Situation, einfach zu merken und ohne Probleme anzuwenden:<br \/>\nGibt es ein Problem, dass man auf den ersten Blick nicht l\u00f6sen kann? -&gt; &#8222;Bueno&#8220;<br \/>\nGeht irgendetwas wieder nicht voran? -&gt; &#8222;Bueno&#8220;<br \/>\nZustimmung ausdr\u00fccken? -&gt; &#8222;Bueno&#8220;<br \/>\nSchulterzucken zu anstrengend? -&gt; einfach &#8222;Bueno&#8220; sagen<br \/>\n\u00dcber irgendetwas wieder aufgeregt und gemerkt das es nichts bringt? -&gt; &#8222;Bueno&#8220;<\/p>\n<p>Man merkt, die Liste ist sehr umfassend&#8230;und wenn man die Situationen, in denen ein &#8222;Bueno&#8220; angebracht ist, vergleicht, f\u00e4llt einem auf, dass &#8222;Bueno&#8220; einfach das perfekte Wort f\u00fcr die argentinische Gelassenheit ist.<\/p>\n<p>Doch &#8211; aufgepasst! &#8211; Gelassenheit ist etwas Sch\u00f6nes, doch wenn daraus Lethargie wird, dann ist es wohl etwas zu viel des Guten. Ich selbst musste mich mit der Einstellung der Leute erst anfreunden und hatte dabei auch so manche Schwierigkeit, was sich zum Beispiel in den Blognotizen niederschlug, wo ich die Ideen f\u00fcr einen Blogartikel sammelte. Dort schrieb ich ziemlich zu Beginn meines Aufenthaltes:<\/p>\n<blockquote><p>Wie geht in diesem Land \u00fcberhaupt etwas voran? \u2013&gt; Faulheit, Tr\u00e4gheit der Leute; erst mal Mate trinken, dann vielleicht wieder ein bisschen arbeiten. Man muss alles f\u00fcnfmal sagen und ansto\u00dfen.<\/p><\/blockquote>\n<p>Inzwischen l\u00e4chele ich \u00fcber diese Anekdote und sage zu mir selbst: &#8222;Bueno!&#8220; \ud83d\ude09<\/p>\n<p>P.S: Der kleine Bruder von &#8222;Bueno&#8220; hei\u00dft &#8222;Asi es la vida&#8220; \ud83d\ude09<\/p>\n","protected":false},"excerpt":{"rendered":"<p>&#8230; B-U-E-N-O! Dieses eine sch\u00f6ne W\u00f6rtchen namens &#8222;Bueno&#8220; ist DAS Allround-W\u00f6rtchen, passend in jeder Situation, einfach zu merken und ohne Probleme anzuwenden: Gibt es ein Problem, dass man auf den ersten Blick nicht l\u00f6sen kann? -&gt; &#8222;Bueno&#8220; Geht irgendetwas wieder nicht voran? -&gt; &#8222;Bueno&#8220; Zustimmung ausdr\u00fccken? -&gt; &#8222;Bueno&#8220; Schulterzucken zu anstrengend? -&gt; einfach &#8222;Bueno&#8220; sagen [&hellip;]<\/p>\n","protected":false},"author":75,"featured_media":0,"parent":452,"menu_order":0,"comment_status":"open","ping_status":"open","template":"","meta":{"footnotes":""},"class_list":["post-672","page","type-page","status-publish","hentry"],"_links":{"self":[{"href":"https:\/\/kulturweit.blog\/thomas\/wp-json\/wp\/v2\/pages\/672"}],"collection":[{"href":"https:\/\/kulturweit.blog\/thomas\/wp-json\/wp\/v2\/pages"}],"about":[{"href":"https:\/\/kulturweit.blog\/thomas\/wp-json\/wp\/v2\/types\/page"}],"author":[{"embeddable":true,"href":"https:\/\/kulturweit.blog\/thomas\/wp-json\/wp\/v2\/users\/75"}],"replies":[{"embeddable":true,"href":"https:\/\/kulturweit.blog\/thomas\/wp-json\/wp\/v2\/comments?post=672"}],"version-history":[{"count":0,"href":"https:\/\/kulturweit.blog\/thomas\/wp-json\/wp\/v2\/pages\/672\/revisions"}],"up":[{"embeddable":true,"href":"https:\/\/kulturweit.blog\/thomas\/wp-json\/wp\/v2\/pages\/452"}],"wp:attachment":[{"href":"https:\/\/kulturweit.blog\/thomas\/wp-json\/wp\/v2\/media?parent=672"}],"curies":[{"name":"wp","href":"https:\/\/api.w.org\/{rel}","templated":true}]}}