{"id":487,"date":"2009-11-28T23:03:46","date_gmt":"2009-11-29T02:03:46","guid":{"rendered":"https:\/\/kulturweit.blog\/thomas\/?page_id=487"},"modified":"2009-12-02T12:19:37","modified_gmt":"2009-12-02T15:19:37","slug":"richtige-schlangen-aus-menschlichem-fleisch-und-blut","status":"publish","type":"page","link":"https:\/\/kulturweit.blog\/thomas\/everyday-life\/richtige-schlangen-aus-menschlichem-fleisch-und-blut\/","title":{"rendered":"&#8222;Richtige Schlangen aus menschlichem Fleisch und Blut&#8220;"},"content":{"rendered":"<blockquote><p>Kennen Sie Schlangen? Jetzt nicht so Pythons oder Boa Constructors. Die mein&#8216; ich an f\u00fcr sich gar nicht. Sondern richtige Schlangen &#8211; aus menschlichem Fleisch und Blut<\/p><\/blockquote>\n<p>Wer kennt ihn nicht, den Klassiker von Herbert Knebel:<br \/>\n[youtube Ht1nbNtn-BA]<br \/>\nca. ab 0:19min<\/p>\n<p>Herbert Knebel h\u00e4tte wohl seine wahre Freunde am &#8222;Schlangen-Fanatismus&#8220; der Argentinier gehabt. F\u00fcr alles und jeden gib es eine Schlange: F\u00fcr die Morgen-Appell-Aufstellung der Sch\u00fcler, f\u00fcr den darauffolgenden Weg in die Klassenzimmer, f\u00fcr das Laufen auf Ausfl\u00fcgen und vor allem: Zum Anstehen; egal ob f\u00fcr den Bus, auf der Bank, VOR der Bank, im Supermarkt, am Zoll&#8230;ich k\u00f6nnte ewig so weiter aufz\u00e4hlen.<\/p>\n<p>Auch in Deutschland gibt es ja viele Schlangen, aber was hier besonders ist, ist die Disziplin, die die Argentinier beim Schlange bilden an den Tag legen: Sch\u00f6n und klar hintereinander, nie nebeneinander, keiner dr\u00e4ngelt, es gibt keinen &#8222;Kn\u00e4uel&#8220; z.B. vor der Einstiegst\u00fcre in den Bus, sondern alle stehen seelenruhig und abwartend in ihrer Schlange. Die bisher skurrilste Schlange habe ich \u00fcbrigens in Buenos Aires gesehen: Im Bankenviertel, nachmittags bzw. zu Feierabend-Beginn. Die Schlange schl\u00e4ngelte sich wahrhaftig um 2 Bl\u00f6cke herum, mindestens 700Meter lang war dieses Prachtexemplar der &#8222;Schlange aus menschlichem Fleisch und Blut&#8220; &#8211; das Ziel war die Bushaltestelle bzw. der Buseinstieg.<br \/>\nLange Schlangen gibt es \u00fcbrigens auch immer zu Monatsbeginn vor den Banken, wenn das Sozialgeld ausgezahlt wird &#8211; gestern war die Schlange hier in Montecarlo auch schon gute 400 Meter lang&#8230;<\/p>\n<p>Hier noch ein Beispiel aus der Schule:<\/p>\n<p><a href=\"https:\/\/kulturweit.blog\/thomas\/files\/2009\/11\/IMG_9840.JPG\"><img loading=\"lazy\" decoding=\"async\" class=\"aligncenter size-medium wp-image-529\" title=\"IMG_9840\" src=\"https:\/\/kulturweit.blog\/thomas\/files\/2009\/11\/IMG_9840-300x199.jpg\" alt=\"IMG_9840\" width=\"300\" height=\"199\" srcset=\"https:\/\/kulturweit.blog\/thomas\/files\/2009\/11\/IMG_9840-300x199.jpg 300w, https:\/\/kulturweit.blog\/thomas\/files\/2009\/11\/IMG_9840.JPG 800w\" sizes=\"(max-width: 300px) 100vw, 300px\" \/><\/a><br \/>\nWeiter gehts in mit dem <a href=\"https:\/\/kulturweit.blog\/thomas\/everyday-life\/\" target=\"_blank\">&#8222;Everyday Life&#8220;<\/a> mit dem Thema: <a href=\"https:\/\/kulturweit.blog\/thomas\/everyday-life\/fahrt-noch\/\" target=\"_self\">Auto und Autofahren<\/a><\/p>\n","protected":false},"excerpt":{"rendered":"<p>Kennen Sie Schlangen? Jetzt nicht so Pythons oder Boa Constructors. Die mein&#8216; ich an f\u00fcr sich gar nicht. Sondern richtige Schlangen &#8211; aus menschlichem Fleisch und Blut Wer kennt ihn nicht, den Klassiker von Herbert Knebel: [youtube Ht1nbNtn-BA] ca. ab 0:19min Herbert Knebel h\u00e4tte wohl seine wahre Freunde am &#8222;Schlangen-Fanatismus&#8220; der Argentinier gehabt. F\u00fcr alles [&hellip;]<\/p>\n","protected":false},"author":75,"featured_media":529,"parent":452,"menu_order":4,"comment_status":"closed","ping_status":"closed","template":"","meta":{"footnotes":""},"class_list":["post-487","page","type-page","status-publish","has-post-thumbnail","hentry"],"_links":{"self":[{"href":"https:\/\/kulturweit.blog\/thomas\/wp-json\/wp\/v2\/pages\/487"}],"collection":[{"href":"https:\/\/kulturweit.blog\/thomas\/wp-json\/wp\/v2\/pages"}],"about":[{"href":"https:\/\/kulturweit.blog\/thomas\/wp-json\/wp\/v2\/types\/page"}],"author":[{"embeddable":true,"href":"https:\/\/kulturweit.blog\/thomas\/wp-json\/wp\/v2\/users\/75"}],"replies":[{"embeddable":true,"href":"https:\/\/kulturweit.blog\/thomas\/wp-json\/wp\/v2\/comments?post=487"}],"version-history":[{"count":1,"href":"https:\/\/kulturweit.blog\/thomas\/wp-json\/wp\/v2\/pages\/487\/revisions"}],"predecessor-version":[{"id":531,"href":"https:\/\/kulturweit.blog\/thomas\/wp-json\/wp\/v2\/pages\/487\/revisions\/531"}],"up":[{"embeddable":true,"href":"https:\/\/kulturweit.blog\/thomas\/wp-json\/wp\/v2\/pages\/452"}],"wp:featuredmedia":[{"embeddable":true,"href":"https:\/\/kulturweit.blog\/thomas\/wp-json\/wp\/v2\/media\/529"}],"wp:attachment":[{"href":"https:\/\/kulturweit.blog\/thomas\/wp-json\/wp\/v2\/media?parent=487"}],"curies":[{"name":"wp","href":"https:\/\/api.w.org\/{rel}","templated":true}]}}