{"id":2,"date":"2009-08-06T22:32:27","date_gmt":"2009-08-07T01:32:27","guid":{"rendered":""},"modified":"2020-08-15T05:00:20","modified_gmt":"2020-08-15T08:00:20","slug":"ueber-mich","status":"publish","type":"page","link":"https:\/\/kulturweit.blog\/thomas\/ueber-mich\/","title":{"rendered":"Der Blogger"},"content":{"rendered":"<p>Hier eine kleine Auswahl an Wichtigem und weniger Wichtigem \u00fcber den Blogger&#8230;<\/p>\n<p>zun\u00e4chst: Er (der Blogger) h\u00f6rt gemeinhin auf den Namen <em>Thomas Leitermann.<\/em><\/p>\n<p>Aufgewachsen bin ich im sch\u00f6nen <a href=\"http:\/\/maps.google.de\/maps?f=q&amp;source=s_q&amp;hl=de&amp;geocode=&amp;q=backnang&amp;sll=51.481383,10.415039&amp;sspn=13.097844,39.506836&amp;ie=UTF8&amp;ll=48.944828,9.436827&amp;spn=0.028299,0.077162&amp;t=h&amp;z=14\" target=\"_blank\" rel=\"noopener noreferrer\">Backnang<\/a>, laut neuestem Stadt-Marketing ist das &#8222;die Murr-Metropole&#8220;. Bei knapp \u00fcber 35 000 Einwohnern kann man \u00fcber den Begriff &#8222;Metropole&#8220; gewiss geteilter Meinung sein, als Gag eignet sich das Schlagwort allemal. Zumal das mit der &#8222;Murr&#8220; dem Fluss durch Backnang durchaus richtig ist!<br \/>\nMomentan er- und durch-lebe ich mein 19. Lebensjahr.<\/p>\n<p>Doch auch die lange Gymnasialzeit fand im Abitur 2009 ihr kr\u00f6nendes Ende und neben einer wunderbaren Zeit mit lauter tollen Menschen (darunter auch einige Lehrer) lernte man Wichtiges (Welche Zu-Sp\u00e4t-Komm-Ausrede funktioniert bei welchem Lehrer?) und Unwichtiges (Franz\u00f6sisch und Atomphysik zum Beispiel). Was bleiben sind Kontakte zu tollen, mir ans Herz gewachsenen Menschen, eine wunderbare <a href=\"http:\/\/cmcdn.net\/4983195\/754x660.jpeg\" target=\"_blank\" rel=\"noopener noreferrer\">Abizeitung <\/a>(nicht ganz ohne mein Zutun entstanden) und tolle Abishirts und Abihoodies.<\/p>\n<p>Doch neben der Schule gibt es noch viel Anderes zu entdecken&#8230;<\/p>\n<p>&#8230; die Ministranten in Backnang zum Beispiel. Seit der Erstkommunion bin ich dabei und inzwischen auch Gruppenleiter geworden (sogar mit BDKJ- JUgendLEIterCArte ;-). In Abwesenheit wird mir wohl dieses Jahr die Urkunde zum 10-j\u00e4hrigen verliehen =). Unmittelbar mit den Ministranten verkn\u00fcpft ist&#8230;<\/p>\n<p>&#8230;die <a href=\"http:\/\/www.sakristei-online.de\" target=\"_blank\" rel=\"noopener noreferrer\">Jugendzeitung Sakristei<\/a>. Auch hier bin ich nun schon l\u00e4nger aktiv. Die Jugendzeitung Sakristei wird von der Sakristei-Redaktion, der auch ich angeh\u00f6re, komplett selbstst\u00e4ndig geschrieben, gelayoutet, gedruckt und verkauft. Schon etliche Stunden Arbeit sind in dieses tolle Projekt gesteckt worden, sodass die Jugendzeitung Sakristei mittlerweile auf ein 16-j\u00e4hriges Bestehen (!!) und momentan 175 Ausgaben (!!!) zur\u00fcckblicken kann. Die letzte Jubil\u00e4umsausgabe hatte neben einem Gru\u00dfwort unseres Weihbischofs gesellten sich Gru\u00dfw\u00f6rter unseres Bundespr\u00e4sidenten Horst K\u00f6hler und seiner Heiligkeit, dem Papst (ausgef\u00fchrt durch seinen Botschafter in Deutschland). Seit ein paar Jahren betreue ich nun auch den Web-Auftritt der Jugendzeitung Sakristei, den ich euch nur w\u00e4rmestens empfehlen kann: <a href=\"http:\/\/www.sakristei-online.de\">www.sakristei-online.de<\/a>.<\/p>\n<p>&#8230; die Musik! Musik h\u00f6ren und Musik machen sind auch Teil meiner Lieblingsbesch\u00e4ftigungen. Wer mich kennt, wei\u00df, dass ich auf fast allem &#8222;herumtrommle&#8220; und &#8222;herumstampfe&#8220;&#8230;folgerichtig spiele ich seit \u00fcber 10 Jahren Schlagzeug. Ein bisschen Gitarre spielen kann ich zwar auch, aber bei meiner Band &#8222;Taktwechsel&#8220; sorge ich viel lieber daf\u00fcr, dass ebendies <em>nicht<\/em> passiert, sondern die Band sich an meinem steten Bass-Drum-Schlag orientiert ;-).<br \/>\nAnsonsten h\u00f6re ich Musik fast aller Coleur, aber handgemacht muss sie sein. Computer und Elektronik-generierte Musik sind mir zutiefst zuwider (House, Elektro, Volksmusik, Trance und was es da noch alles gibt). Am liebsten sollen es bei mir Gitarren, Bass und Schlagzeug sein. Ob dabei Jazz, Funk, Rock, Pop-Rock, Heavy Metal, Punk oder Punkrock bei rauskommt, h\u00e4ngt von meiner Tageslaune ab. Je nachdem wird zwischen Pat Metheny Trio, Red Hot Chili Peppers, Guns&#8217;n&#8217;Roses, Bon Jovi, Metallica, den \u00c4rzten oder den Beatsteaks gewechselt.<\/p>\n<p>&#8230; zu guter Letzt seien als Leidenschaft noch Computer und das Internet gemeint. Aus meinem technischen Interesse junger Jahre ist eine gro\u00dfe Freude und Leidenschaft f\u00fcr Computer entstanden, die sich, gepaart mit dem Internet, inzwischen als Webseiten-Administrator (bei <a href=\"www.sakristei-online.de\" target=\"_blank\" rel=\"noopener noreferrer\">www.sakristei-online.de<\/a>) oder als &#8222;Hilf-mir-mal-mit-meinem-Computer&#8220;- Experte niederschlagen. Per Mail oder ICQ bin ich eigentlich immer zu erreichen und auch sonst gerne und viel in den weiten des Netzes unterwegs&#8230;<\/p>\n<p>Ein Wort zum Schluss: Wer sich wundert, dass hier so wenig Personen drin vorkommen (au\u00dfer mir nat\u00fcrlich ^^ (Ego :-P)), dem sei gesagt, dass die Leute, die zu den einzelnen Punkten &#8222;geh\u00f6ren&#8220;, so sehr damit verkn\u00fcpft sind, dass ich sie nicht extra erw\u00e4hnen brauche oder will &#8211; ihr wisst, dass ihr mir verdammt wichtig seid!<\/p>\n","protected":false},"excerpt":{"rendered":"<p>Hier eine kleine Auswahl an Wichtigem und weniger Wichtigem \u00fcber den Blogger&#8230; zun\u00e4chst: Er (der Blogger) h\u00f6rt gemeinhin auf den Namen Thomas Leitermann. Aufgewachsen bin ich im sch\u00f6nen Backnang, laut neuestem Stadt-Marketing ist das &#8222;die Murr-Metropole&#8220;. Bei knapp \u00fcber 35 000 Einwohnern kann man \u00fcber den Begriff &#8222;Metropole&#8220; gewiss geteilter Meinung sein, als Gag eignet [&hellip;]<\/p>\n","protected":false},"author":75,"featured_media":0,"parent":0,"menu_order":2,"comment_status":"closed","ping_status":"closed","template":"","meta":{"footnotes":""},"class_list":["post-2","page","type-page","status-publish","hentry"],"_links":{"self":[{"href":"https:\/\/kulturweit.blog\/thomas\/wp-json\/wp\/v2\/pages\/2"}],"collection":[{"href":"https:\/\/kulturweit.blog\/thomas\/wp-json\/wp\/v2\/pages"}],"about":[{"href":"https:\/\/kulturweit.blog\/thomas\/wp-json\/wp\/v2\/types\/page"}],"author":[{"embeddable":true,"href":"https:\/\/kulturweit.blog\/thomas\/wp-json\/wp\/v2\/users\/75"}],"replies":[{"embeddable":true,"href":"https:\/\/kulturweit.blog\/thomas\/wp-json\/wp\/v2\/comments?post=2"}],"version-history":[{"count":2,"href":"https:\/\/kulturweit.blog\/thomas\/wp-json\/wp\/v2\/pages\/2\/revisions"}],"predecessor-version":[{"id":717,"href":"https:\/\/kulturweit.blog\/thomas\/wp-json\/wp\/v2\/pages\/2\/revisions\/717"}],"wp:attachment":[{"href":"https:\/\/kulturweit.blog\/thomas\/wp-json\/wp\/v2\/media?parent=2"}],"curies":[{"name":"wp","href":"https:\/\/api.w.org\/{rel}","templated":true}]}}