{"id":344,"date":"2013-02-07T05:33:38","date_gmt":"2013-02-07T04:33:38","guid":{"rendered":"https:\/\/kulturweit.blog\/svenjamongolei\/?page_id=344"},"modified":"2013-02-07T05:33:38","modified_gmt":"2013-02-07T04:33:38","slug":"das-kulturweit-lied","status":"publish","type":"page","link":"https:\/\/kulturweit.blog\/svenjamongolei\/das-kulturweit-lied\/","title":{"rendered":"Das kulturweit-Lied"},"content":{"rendered":"<p>Es gibt Moment im Leben, die man mit einem ganz bestimmten Lied verbindet. Bei mir und meinen Mitfreiwilligen ist es &#8222;One Day&#8220; von Asaf Avidan und Wankelmut, keine Frage.<br \/>\nSchon auf dem Vorbereitungsseminar sa\u00dfen wir im Homezone-Raum und haben es geh\u00f6rt, wir haben auf der B\u00fchne im Kino dazu getanzt und egal, wo wir jetzt auf der Welt gerade sind, dieses Lied bringt uns zusammen.<\/p>\n<p><a href=\"https:\/\/www.youtube.com\/watch?v=KRAMNWzfjcg\">&#8222;One day baby, we&#8217;ll be old and think of all the stories that we could have told&#8220;<\/a><\/p>\n<p>&nbsp;<\/p>\n","protected":false},"excerpt":{"rendered":"<p>Es gibt Moment im Leben, die man mit einem ganz bestimmten Lied verbindet. Bei mir und meinen Mitfreiwilligen ist es &#8222;One Day&#8220; von Asaf Avidan und Wankelmut, keine Frage. Schon auf dem Vorbereitungsseminar sa\u00dfen wir im Homezone-Raum und haben es &hellip; <a href=\"https:\/\/kulturweit.blog\/svenjamongolei\/das-kulturweit-lied\/\">Weiterlesen <span class=\"meta-nav\">&rarr;<\/span><\/a><\/p>\n","protected":false},"author":899,"featured_media":0,"parent":0,"menu_order":0,"comment_status":"open","ping_status":"open","template":"","meta":{"footnotes":""},"class_list":["post-344","page","type-page","status-publish","hentry"],"amp_enabled":true,"_links":{"self":[{"href":"https:\/\/kulturweit.blog\/svenjamongolei\/wp-json\/wp\/v2\/pages\/344"}],"collection":[{"href":"https:\/\/kulturweit.blog\/svenjamongolei\/wp-json\/wp\/v2\/pages"}],"about":[{"href":"https:\/\/kulturweit.blog\/svenjamongolei\/wp-json\/wp\/v2\/types\/page"}],"author":[{"embeddable":true,"href":"https:\/\/kulturweit.blog\/svenjamongolei\/wp-json\/wp\/v2\/users\/899"}],"replies":[{"embeddable":true,"href":"https:\/\/kulturweit.blog\/svenjamongolei\/wp-json\/wp\/v2\/comments?post=344"}],"version-history":[{"count":0,"href":"https:\/\/kulturweit.blog\/svenjamongolei\/wp-json\/wp\/v2\/pages\/344\/revisions"}],"wp:attachment":[{"href":"https:\/\/kulturweit.blog\/svenjamongolei\/wp-json\/wp\/v2\/media?parent=344"}],"curies":[{"name":"wp","href":"https:\/\/api.w.org\/{rel}","templated":true}]}}