{"id":14,"date":"2018-10-04T10:10:46","date_gmt":"2018-10-04T08:10:46","guid":{"rendered":"https:\/\/kulturweit.blog\/sarahgoeseast\/?page_id=14"},"modified":"2019-02-03T18:36:46","modified_gmt":"2019-02-03T17:36:46","slug":"must-see","status":"publish","type":"page","link":"https:\/\/kulturweit.blog\/sarahgoeseast\/must-see\/","title":{"rendered":"Must-See"},"content":{"rendered":"<h4><strong>Fett markiert\u00a0<\/strong>hei\u00dft angesehen und abgehakt und wahrscheinlich schockverliebt.<\/h4>\n<h3><strong>Museen und Ausstellungen<\/strong><\/h3>\n<ul>\n<li><strong>Heremitage<\/strong><\/li>\n<li><strong>Russisches Museum<\/strong><\/li>\n<li>Milit\u00e4rmuseum<\/li>\n<li>Kunstkammer<\/li>\n<li>Dostojewski-Museum<\/li>\n<li><strong>Nabokov-Museum<\/strong><\/li>\n<li><strong>Anna-Achmatowa-Museum<\/strong><\/li>\n<li>Puschkin-Museum<\/li>\n<li><strong>Musik-Museum<\/strong><\/li>\n<li>Faberg\u00e9-Museum<\/li>\n<li>Freuds Traum-Museum<\/li>\n<li><strong>Museum der politischen Geschichte<\/strong><\/li>\n<\/ul>\n<h3><strong>Pal\u00e4ste, Schl\u00f6sser und \u00f6ffentliche Geb\u00e4ude<\/strong><\/h3>\n<ul>\n<li><strong>Winterpalast<\/strong><\/li>\n<li><strong>Peterhof<\/strong><\/li>\n<li><strong>Katharinenpalast<\/strong><\/li>\n<li><strong>Pawlowsk<\/strong><\/li>\n<li>Anitschkow-Palast (Palast der Kreativit\u00e4t der Jugendlichen)<\/li>\n<li>Jussupow-Palais<\/li>\n<li><strong>Stroganow-Palais<\/strong><\/li>\n<li>Oranienbaum<\/li>\n<li><strong>Cottage<\/strong><\/li>\n<li>Sommerpalast Peters des Gro\u00dfen<\/li>\n<li><strong>Michaelsburg<\/strong><\/li>\n<li>Alexanderpalast<\/li>\n<li><strong>Scheremetjew-Palast<\/strong><\/li>\n<li><strong>Menschikow-Palais<\/strong><\/li>\n<li>Marmorpalais<\/li>\n<li>Taurisches Palais<\/li>\n<li>Gatschina<\/li>\n<li>Nikolai-Palast<\/li>\n<li>Akademie der Wissenschaften<\/li>\n<li>Akademie der K\u00fcnste<\/li>\n<li>Zw\u00f6lf Kollegien<\/li>\n<\/ul>\n<h3>Theater, Kinos und Kultur<\/h3>\n<ul>\n<li><strong>Marinski-Theater<\/strong><\/li>\n<li><strong>Michalowski-Theater<\/strong><\/li>\n<li>Alexandrinski-Theater<\/li>\n<li>Kleines Dramentheater<\/li>\n<li>Zirkus<\/li>\n<li>Oktjabrski-Konzertsaal<\/li>\n<li><strong>Dom Kino<\/strong><\/li>\n<li><strong>Avrora<\/strong><\/li>\n<li>Die Zuflucht des Kom\u00f6dianten<\/li>\n<li>Jugendtheater an der Fontanka<\/li>\n<li><strong>Nowaja Galanja<\/strong><\/li>\n<\/ul>\n<h3><strong>Kathedralen, Kirchen und Kl\u00f6ster<\/strong><\/h3>\n<ul>\n<li><strong>Kasaner Kathedrale<\/strong><\/li>\n<li><strong>Auferstehungskirche<\/strong><\/li>\n<li><strong>Isaakskathedrale<\/strong><\/li>\n<li><strong>Dreifaltigkeitskathedrale<\/strong><\/li>\n<li><strong>Nikolaus-Marine-Kathedrale<\/strong><\/li>\n<li>Peter-und-Paul-Kathedrale<\/li>\n<li>Tschesmensker Kirche<\/li>\n<li><strong>Alexander-Newski-Kloster<\/strong><\/li>\n<li><strong>Wladimirskathedrale<\/strong><\/li>\n<\/ul>\n<h3>Parks, Pl\u00e4tze und Denkm\u00e4ler<\/h3>\n<ul>\n<li><strong>Sommergarten<\/strong><\/li>\n<li><strong>Michalowski-Park<\/strong><\/li>\n<li><strong>Schlossplatz mit Alexanders\u00e4ule<\/strong><\/li>\n<li><strong>Isaaksplatz<\/strong><\/li>\n<li><strong>Senatsplatz mit dem Ehernen Reiter<\/strong><\/li>\n<li><strong>Birschewaja Ploschad und die Rostras\u00e4ulen<\/strong><\/li>\n<li><strong>Platz der K\u00fcnste und Puschkin-Denkmal<\/strong><\/li>\n<li><strong>Marsfeld<\/strong><\/li>\n<li><strong>Platz des Aufstandes<\/strong><\/li>\n<li><strong>Denkmal Peters des Gro\u00dfen<\/strong><\/li>\n<li><strong>Denkmal Nikolaj Rimski-Korsakows<\/strong><\/li>\n<li>Platz des Sieges<\/li>\n<li><strong>Ostrowski-Platz und Denkmal Katharinas der Gro\u00dfen<\/strong><\/li>\n<li>Kreuzer Aurora<\/li>\n<li><\/li>\n<\/ul>\n","protected":false},"excerpt":{"rendered":"<p>Fett markiert\u00a0hei\u00dft angesehen und abgehakt und wahrscheinlich schockverliebt. Museen und Ausstellungen Heremitage Russisches Museum Milit\u00e4rmuseum Kunstkammer Dostojewski-Museum Nabokov-Museum Anna-Achmatowa-Museum Puschkin-Museum Musik-Museum Faberg\u00e9-Museum Freuds Traum-Museum Museum der politischen Geschichte Pal\u00e4ste, Schl\u00f6sser und \u00f6ffentliche Geb\u00e4ude Winterpalast Peterhof Katharinenpalast Pawlowsk Anitschkow-Palast (Palast der Kreativit\u00e4t der Jugendlichen) Jussupow-Palais Stroganow-Palais Oranienbaum Cottage Sommerpalast Peters des Gro\u00dfen Michaelsburg Alexanderpalast Scheremetjew-Palast Menschikow-Palais [&hellip;]<\/p>\n","protected":false},"author":2546,"featured_media":0,"parent":0,"menu_order":0,"comment_status":"closed","ping_status":"closed","template":"","meta":{"footnotes":""},"class_list":["post-14","page","type-page","status-publish","hentry"],"amp_enabled":true,"_links":{"self":[{"href":"https:\/\/kulturweit.blog\/sarahgoeseast\/wp-json\/wp\/v2\/pages\/14"}],"collection":[{"href":"https:\/\/kulturweit.blog\/sarahgoeseast\/wp-json\/wp\/v2\/pages"}],"about":[{"href":"https:\/\/kulturweit.blog\/sarahgoeseast\/wp-json\/wp\/v2\/types\/page"}],"author":[{"embeddable":true,"href":"https:\/\/kulturweit.blog\/sarahgoeseast\/wp-json\/wp\/v2\/users\/2546"}],"replies":[{"embeddable":true,"href":"https:\/\/kulturweit.blog\/sarahgoeseast\/wp-json\/wp\/v2\/comments?post=14"}],"version-history":[{"count":3,"href":"https:\/\/kulturweit.blog\/sarahgoeseast\/wp-json\/wp\/v2\/pages\/14\/revisions"}],"predecessor-version":[{"id":152,"href":"https:\/\/kulturweit.blog\/sarahgoeseast\/wp-json\/wp\/v2\/pages\/14\/revisions\/152"}],"wp:attachment":[{"href":"https:\/\/kulturweit.blog\/sarahgoeseast\/wp-json\/wp\/v2\/media?parent=14"}],"curies":[{"name":"wp","href":"https:\/\/api.w.org\/{rel}","templated":true}]}}