{"id":141,"date":"2011-01-23T21:39:49","date_gmt":"2011-01-23T20:39:49","guid":{"rendered":"https:\/\/kulturweit.blog\/pragundich\/"},"modified":"2014-05-05T17:08:59","modified_gmt":"2014-05-05T15:08:59","slug":"gymnazium-na-prazacce","status":"publish","type":"page","link":"https:\/\/kulturweit.blog\/pragundich\/gymnazium-na-prazacce\/","title":{"rendered":"Das Gymn\u00e1zium Na Pra\u017ea\u010dce und ich"},"content":{"rendered":"<p>Hier habe ich\u00a0etwas \u00fcber meine <a title=\"Meine Einsatzstelle\" href=\"https:\/\/kulturweit.blog\/pragundich\/?p=374\">Einsatzstelle<\/a>, das staatliche, tschechische\u00a0Gymn\u00e1zium Na Pra\u017ea\u010dce, die Lehrer und die Schulklassen geschrieben. Der Beitrg \u00fcber meine ganzen\u00a0<a title=\"Arbeitsalltag\" href=\"https:\/\/kulturweit.blog\/pragundich\/?p=376\">Projekte beziehungsweise meinen Arbeitsalltag<\/a>\u00a0folgt demn\u00e4chst. Ich bin noch ein bisschen am rumbasteln und verwirrt von diesen ganzen Seiten und so, also be patient \ud83d\ude09<\/p>\n","protected":false},"excerpt":{"rendered":"<p>Hier habe ich\u00a0etwas \u00fcber meine Einsatzstelle, das staatliche, tschechische\u00a0Gymn\u00e1zium Na Pra\u017ea\u010dce, die Lehrer und die Schulklassen geschrieben. Der Beitrg \u00fcber meine ganzen\u00a0Projekte beziehungsweise meinen Arbeitsalltag\u00a0folgt demn\u00e4chst. Ich bin noch ein bisschen am rumbasteln und verwirrt von diesen ganzen Seiten und so, also be patient \ud83d\ude09<\/p>\n","protected":false},"author":311,"featured_media":0,"parent":0,"menu_order":0,"comment_status":"open","ping_status":"open","template":"","meta":{"footnotes":""},"class_list":["post-141","page","type-page","status-publish","hentry"],"amp_enabled":true,"_links":{"self":[{"href":"https:\/\/kulturweit.blog\/pragundich\/wp-json\/wp\/v2\/pages\/141"}],"collection":[{"href":"https:\/\/kulturweit.blog\/pragundich\/wp-json\/wp\/v2\/pages"}],"about":[{"href":"https:\/\/kulturweit.blog\/pragundich\/wp-json\/wp\/v2\/types\/page"}],"author":[{"embeddable":true,"href":"https:\/\/kulturweit.blog\/pragundich\/wp-json\/wp\/v2\/users\/311"}],"replies":[{"embeddable":true,"href":"https:\/\/kulturweit.blog\/pragundich\/wp-json\/wp\/v2\/comments?post=141"}],"version-history":[{"count":1,"href":"https:\/\/kulturweit.blog\/pragundich\/wp-json\/wp\/v2\/pages\/141\/revisions"}],"predecessor-version":[{"id":180,"href":"https:\/\/kulturweit.blog\/pragundich\/wp-json\/wp\/v2\/pages\/141\/revisions\/180"}],"wp:attachment":[{"href":"https:\/\/kulturweit.blog\/pragundich\/wp-json\/wp\/v2\/media?parent=141"}],"curies":[{"name":"wp","href":"https:\/\/api.w.org\/{rel}","templated":true}]}}