{"id":280,"date":"2011-10-20T15:17:30","date_gmt":"2011-10-20T13:17:30","guid":{"rendered":"https:\/\/kulturweit.blog\/mongolei\/?page_id=280"},"modified":"2011-10-20T15:22:33","modified_gmt":"2011-10-20T13:22:33","slug":"der-abflug","status":"publish","type":"page","link":"https:\/\/kulturweit.blog\/mongolei\/der-abflug\/","title":{"rendered":"Der Abflug"},"content":{"rendered":"<p>Hier gibt es nun auch eine \u00dcbersicht \u00fcber meinen letzten Tag in Deutschland. Danke an meine Schwester Daniela, die die Fotos gemacht hat und mir zugeschickt hat. Nicht auf das Datum achten, es stimmt nicht. In Wirklichkeit war es Samstag, der 17. September 2011 &#8211; der Tag, um <strong>Auf Wiedersehen<\/strong> zu sagen.<\/p>\n\n\t\t<style type=\"text\/css\">\n\t\t\t#gallery-1 {\n\t\t\t\tmargin: auto;\n\t\t\t}\n\t\t\t#gallery-1 .gallery-item {\n\t\t\t\tfloat: left;\n\t\t\t\tmargin-top: 10px;\n\t\t\t\ttext-align: center;\n\t\t\t\twidth: 33%;\n\t\t\t}\n\t\t\t#gallery-1 img {\n\t\t\t\tborder: 2px solid #cfcfcf;\n\t\t\t}\n\t\t\t#gallery-1 .gallery-caption {\n\t\t\t\tmargin-left: 0;\n\t\t\t}\n\t\t\t\/* see gallery_shortcode() in wp-includes\/media.php *\/\n\t\t<\/style>\n\t\t<div id='gallery-1' class='gallery galleryid-280 gallery-columns-3 gallery-size-thumbnail'><dl class='gallery-item'>\n\t\t\t<dt class='gallery-icon landscape'>\n\t\t\t\t<a href='https:\/\/kulturweit.blog\/mongolei\/files\/2011\/10\/BILD1520.jpg'><img loading=\"lazy\" decoding=\"async\" width=\"150\" height=\"150\" src=\"https:\/\/kulturweit.blog\/mongolei\/files\/2011\/10\/BILD1520-150x150.jpg\" class=\"attachment-thumbnail size-thumbnail\" alt=\"Gl\u00fcckliche Stimmung am Bamberger Bahnhof - wir warten auf den Zug nach Frankfurt\" aria-describedby=\"gallery-1-281\" \/><\/a>\n\t\t\t<\/dt>\n\t\t\t\t<dd class='wp-caption-text gallery-caption' id='gallery-1-281'>\n\t\t\t\tGl\u00fcckliche Stimmung am Bamberger Bahnhof &#8211; wir warten auf den Zug nach Frankfurt\n\t\t\t\t<\/dd><\/dl><dl class='gallery-item'>\n\t\t\t<dt class='gallery-icon landscape'>\n\t\t\t\t<a href='https:\/\/kulturweit.blog\/mongolei\/files\/2011\/10\/BILD1521.jpg'><img loading=\"lazy\" decoding=\"async\" width=\"150\" height=\"150\" src=\"https:\/\/kulturweit.blog\/mongolei\/files\/2011\/10\/BILD1521-150x150.jpg\" class=\"attachment-thumbnail size-thumbnail\" alt=\"Begleitet haben mich meine Schwester und ihre zwei Kinder, sowie der Ehemann meiner anderen Schwester und meine Eltern\" aria-describedby=\"gallery-1-282\" \/><\/a>\n\t\t\t<\/dt>\n\t\t\t\t<dd class='wp-caption-text gallery-caption' id='gallery-1-282'>\n\t\t\t\tBegleitet haben mich meine Schwester und ihre zwei Kinder, sowie der Ehemann meiner anderen Schwester und meine Eltern\n\t\t\t\t<\/dd><\/dl><dl class='gallery-item'>\n\t\t\t<dt class='gallery-icon landscape'>\n\t\t\t\t<a href='https:\/\/kulturweit.blog\/mongolei\/files\/2011\/10\/BILD1522.jpg'><img loading=\"lazy\" decoding=\"async\" width=\"150\" height=\"150\" src=\"https:\/\/kulturweit.blog\/mongolei\/files\/2011\/10\/BILD1522-150x150.jpg\" class=\"attachment-thumbnail size-thumbnail\" alt=\"Die Zugfahrt dauert und dauert ...\" aria-describedby=\"gallery-1-283\" \/><\/a>\n\t\t\t<\/dt>\n\t\t\t\t<dd class='wp-caption-text gallery-caption' id='gallery-1-283'>\n\t\t\t\tDie Zugfahrt dauert und dauert &#8230;\n\t\t\t\t<\/dd><\/dl><br style=\"clear: both\" \/><dl class='gallery-item'>\n\t\t\t<dt class='gallery-icon landscape'>\n\t\t\t\t<a href='https:\/\/kulturweit.blog\/mongolei\/files\/2011\/10\/BILD1527.jpg'><img loading=\"lazy\" decoding=\"async\" width=\"150\" height=\"150\" src=\"https:\/\/kulturweit.blog\/mongolei\/files\/2011\/10\/BILD1527-150x150.jpg\" class=\"attachment-thumbnail size-thumbnail\" alt=\"Warten am Check-In von Korea Air\" aria-describedby=\"gallery-1-284\" \/><\/a>\n\t\t\t<\/dt>\n\t\t\t\t<dd class='wp-caption-text gallery-caption' id='gallery-1-284'>\n\t\t\t\tWarten am Check-In von Korea Air\n\t\t\t\t<\/dd><\/dl><dl class='gallery-item'>\n\t\t\t<dt class='gallery-icon landscape'>\n\t\t\t\t<a href='https:\/\/kulturweit.blog\/mongolei\/files\/2011\/10\/BILD1528.jpg'><img loading=\"lazy\" decoding=\"async\" width=\"150\" height=\"150\" src=\"https:\/\/kulturweit.blog\/mongolei\/files\/2011\/10\/BILD1528-150x150.jpg\" class=\"attachment-thumbnail size-thumbnail\" alt=\"Die Fluggesellschaft, die mich sicher in die Mongolei gebracht hat\" aria-describedby=\"gallery-1-285\" \/><\/a>\n\t\t\t<\/dt>\n\t\t\t\t<dd class='wp-caption-text gallery-caption' id='gallery-1-285'>\n\t\t\t\tDie Fluggesellschaft, die mich sicher in die Mongolei gebracht hat\n\t\t\t\t<\/dd><\/dl><dl class='gallery-item'>\n\t\t\t<dt class='gallery-icon landscape'>\n\t\t\t\t<a href='https:\/\/kulturweit.blog\/mongolei\/files\/2011\/10\/BILD1542.jpg'><img loading=\"lazy\" decoding=\"async\" width=\"150\" height=\"150\" src=\"https:\/\/kulturweit.blog\/mongolei\/files\/2011\/10\/BILD1542-150x150.jpg\" class=\"attachment-thumbnail size-thumbnail\" alt=\"Wo sitz ich denn \u00fcberhaupt? Wann ist Boarding-Time?\" aria-describedby=\"gallery-1-286\" \/><\/a>\n\t\t\t<\/dt>\n\t\t\t\t<dd class='wp-caption-text gallery-caption' id='gallery-1-286'>\n\t\t\t\tWo sitz ich denn \u00fcberhaupt? Wann ist Boarding-Time?\n\t\t\t\t<\/dd><\/dl><br style=\"clear: both\" \/><dl class='gallery-item'>\n\t\t\t<dt class='gallery-icon landscape'>\n\t\t\t\t<a href='https:\/\/kulturweit.blog\/mongolei\/files\/2011\/10\/BILD1545.jpg'><img loading=\"lazy\" decoding=\"async\" width=\"150\" height=\"150\" src=\"https:\/\/kulturweit.blog\/mongolei\/files\/2011\/10\/BILD1545-150x150.jpg\" class=\"attachment-thumbnail size-thumbnail\" alt=\"DIe letzten Stunden werden im Mc Donald&#039;s am Flughafen verbracht ... es herrscht tolle Stimmung\" aria-describedby=\"gallery-1-287\" \/><\/a>\n\t\t\t<\/dt>\n\t\t\t\t<dd class='wp-caption-text gallery-caption' id='gallery-1-287'>\n\t\t\t\tDIe letzten Stunden werden im Mc Donald&#8217;s am Flughafen verbracht &#8230; es herrscht tolle Stimmung\n\t\t\t\t<\/dd><\/dl><dl class='gallery-item'>\n\t\t\t<dt class='gallery-icon portrait'>\n\t\t\t\t<a href='https:\/\/kulturweit.blog\/mongolei\/files\/2011\/10\/BILD1550.jpg'><img loading=\"lazy\" decoding=\"async\" width=\"150\" height=\"150\" src=\"https:\/\/kulturweit.blog\/mongolei\/files\/2011\/10\/BILD1550-150x150.jpg\" class=\"attachment-thumbnail size-thumbnail\" alt=\"Mein Reiseoutfit f\u00fcr den Flieger ... oder besser gesagt nur f\u00fcr die ersten Minuten im Flieger, bis man den Platz und sein Gep\u00e4ckfach gefunden hat ;)\" aria-describedby=\"gallery-1-288\" \/><\/a>\n\t\t\t<\/dt>\n\t\t\t\t<dd class='wp-caption-text gallery-caption' id='gallery-1-288'>\n\t\t\t\tMein Reiseoutfit f\u00fcr den Flieger &#8230; oder besser gesagt nur f\u00fcr die ersten Minuten im Flieger, bis man den Platz und sein Gep\u00e4ckfach gefunden hat \ud83d\ude09\n\t\t\t\t<\/dd><\/dl><dl class='gallery-item'>\n\t\t\t<dt class='gallery-icon landscape'>\n\t\t\t\t<a href='https:\/\/kulturweit.blog\/mongolei\/files\/2011\/10\/BILD1553.jpg'><img loading=\"lazy\" decoding=\"async\" width=\"150\" height=\"150\" src=\"https:\/\/kulturweit.blog\/mongolei\/files\/2011\/10\/BILD1553-150x150.jpg\" class=\"attachment-thumbnail size-thumbnail\" alt=\"Genau mit DIESER Maschine bin ich gestartet, zwei Stunden vor dem Abflug kam sie aus Seoul am Frankfurt International Airport an\" aria-describedby=\"gallery-1-289\" \/><\/a>\n\t\t\t<\/dt>\n\t\t\t\t<dd class='wp-caption-text gallery-caption' id='gallery-1-289'>\n\t\t\t\tGenau mit DIESER Maschine bin ich gestartet, zwei Stunden vor dem Abflug kam sie aus Seoul am Frankfurt International Airport an\n\t\t\t\t<\/dd><\/dl><br style=\"clear: both\" \/><dl class='gallery-item'>\n\t\t\t<dt class='gallery-icon landscape'>\n\t\t\t\t<a href='https:\/\/kulturweit.blog\/mongolei\/files\/2011\/10\/BILD1562.jpg'><img loading=\"lazy\" decoding=\"async\" width=\"150\" height=\"150\" src=\"https:\/\/kulturweit.blog\/mongolei\/files\/2011\/10\/BILD1562-150x150.jpg\" class=\"attachment-thumbnail size-thumbnail\" alt=\"Das letzte Beweisfoto von mir auf deutschem Gund ... Ende August werde ich am Frankfurter Flughafen wieder ankommen\" aria-describedby=\"gallery-1-290\" \/><\/a>\n\t\t\t<\/dt>\n\t\t\t\t<dd class='wp-caption-text gallery-caption' id='gallery-1-290'>\n\t\t\t\tDas letzte Beweisfoto von mir auf deutschem Gund &#8230; Ende August werde ich am Frankfurter Flughafen wieder ankommen\n\t\t\t\t<\/dd><\/dl>\n\t\t\t<br style='clear: both' \/>\n\t\t<\/div>\n\n","protected":false},"excerpt":{"rendered":"<p>Hier gibt es nun auch eine \u00dcbersicht \u00fcber meinen letzten Tag in Deutschland. Danke an meine Schwester Daniela, die die Fotos gemacht hat und mir zugeschickt hat. Nicht auf das Datum achten, es stimmt nicht. In Wirklichkeit war es Samstag, der 17. September 2011 &#8211; der Tag, um Auf Wiedersehen zu sagen.<\/p>\n","protected":false},"author":619,"featured_media":290,"parent":0,"menu_order":1,"comment_status":"open","ping_status":"open","template":"","meta":{"footnotes":""},"class_list":["post-280","page","type-page","status-publish","hentry"],"amp_enabled":true,"_links":{"self":[{"href":"https:\/\/kulturweit.blog\/mongolei\/wp-json\/wp\/v2\/pages\/280"}],"collection":[{"href":"https:\/\/kulturweit.blog\/mongolei\/wp-json\/wp\/v2\/pages"}],"about":[{"href":"https:\/\/kulturweit.blog\/mongolei\/wp-json\/wp\/v2\/types\/page"}],"author":[{"embeddable":true,"href":"https:\/\/kulturweit.blog\/mongolei\/wp-json\/wp\/v2\/users\/619"}],"replies":[{"embeddable":true,"href":"https:\/\/kulturweit.blog\/mongolei\/wp-json\/wp\/v2\/comments?post=280"}],"version-history":[{"count":1,"href":"https:\/\/kulturweit.blog\/mongolei\/wp-json\/wp\/v2\/pages\/280\/revisions"}],"predecessor-version":[{"id":293,"href":"https:\/\/kulturweit.blog\/mongolei\/wp-json\/wp\/v2\/pages\/280\/revisions\/293"}],"wp:featuredmedia":[{"embeddable":true,"href":"https:\/\/kulturweit.blog\/mongolei\/wp-json\/wp\/v2\/media\/290"}],"wp:attachment":[{"href":"https:\/\/kulturweit.blog\/mongolei\/wp-json\/wp\/v2\/media?parent=280"}],"curies":[{"name":"wp","href":"https:\/\/api.w.org\/{rel}","templated":true}]}}