{"id":213,"date":"2011-09-30T06:11:21","date_gmt":"2011-09-30T04:11:21","guid":{"rendered":"https:\/\/kulturweit.blog\/mongolei\/?page_id=213"},"modified":"2012-12-17T01:04:01","modified_gmt":"2012-12-16T17:04:01","slug":"links","status":"publish","type":"page","link":"https:\/\/kulturweit.blog\/mongolei\/links\/","title":{"rendered":"Links"},"content":{"rendered":"<p>Nicht zu vergessen sind nat\u00fcrlich einige weitere Internetseiten, auf denen man Informationen rund um meinen Freiwilligendienst und verwandte Themen findet.<\/p>\n<p><a href=\"http:\/\/www.kulturweit.de\" target=\"_blank\">kulturweit<\/a><br \/>\nDer Freiwilligendienst des Ausw\u00e4rtigen Amts in Kooperation mit der Deutschen UNESCO-Kommission. Super Betreuung, perfekte Vorbereitung auf das Auslandsjahr und einfach nur zu empfehlen!<\/p>\n<p><a href=\"http:\/\/www.wissen-fair-aendert.de\/\" target=\"_blank\">Wissen FAIR-\u00e4ndert<\/a><br \/>\nEin Bildungsangebot f\u00fcr Themen der Nachhaltigkeit. Das Unternehmen bietet Vortr\u00e4ge zu Fairem Handel, Klimawandel und Klimaschutz sowie nachhaltigem Konsum.<\/p>\n<p><a href=\"https:\/\/kulturweit.blog\/johannasmongolei\/\" target=\"_blank\">Johannas Blog<\/a><br \/>\nJohanna ist mit mir zusammen ein Jahr in der Mongolei, ebenfalls \u00fcber die Organisation kulturweit. Auf ihrem Blog findet man auch interessante Beitr\u00e4ge \u00fcber das Leben in der Mongolei.<\/p>\n<p><a href=\"http:\/\/www.schule38.net\/\" target=\"_blank\">Alexander-von-Humboldt-Schule Ulan Bator<\/a><br \/>\nAuf dieser Seite pr\u00e4sentiert sich die 38.mongolisch-deutsche Schule Ulan Bator, an der ich im aktuellen Schuljahr meinen Freiwilligendienst leiste.<\/p>\n<p><a href=\"http:\/\/schule18deutsch.npage.de\/\" target=\"_blank\">Schule 18<\/a><br \/>\nHier stellt sich die Schule 18 vor, Einsatzstelle von Johanna.<\/p>\n<p><a href=\"http:\/\/www.ulan-bator.diplo.de\/Vertretung\/ulanbator\/de\/Startseite.html\" target=\"_blank\">Die deutsche Botschaft in der Mongolei<\/a><br \/>\nAktuelle Sicherheitsinformaionen, sowie Material zu Politik und nat\u00fcrlich auch Kultur und Bildung kann man auf den Seiten der deutschen Botschaft in Ulan Bator finden.<\/p>\n<p><a href=\"http:\/\/www.ulaanbaatar.de\/index.html\" target=\"_blank\">Ulan Bator online<\/a><br \/>\nDie Hauptstadt der Mongolei, mein Wohnort bis September 2012, pr\u00e4sentiert sich auf einer deutschen Internetseite.<\/p>\n<p><a href=\"http:\/\/www.pasch-net.de\/\" target=\"_blank\">PASCH-Netzwerk<\/a><br \/>\nDie Alexander-von-Humboldt-Schule ist Teil des PASCH-Netzwerks. Lehrer bekommen \u00fcber diese Seite Unterrichtsmaterial f\u00fcr Deutsch als Fremdsprache und Sch\u00fcler k\u00f6nnen sich \u00fcber aktuelle Projekte und Wettbewerbe informieren.<\/p>\n<p><a href=\"http:\/\/www.kmk-pad.org\/praxis\/praxisberichte\/freiwilligendienst-kulturweit\/bericht-mongolei.html\" target=\"_blank\">Erfahrungsbericht<\/a><br \/>\nAuf den Seiten des PAD (meiner Entsendeorganisation) steht ein Erfahrungsbericht von mir \u00fcber das Leben und die Arbeit in der Mongolei.<\/p>\n<p><a href=\"http:\/\/www.kmk-pad.org\/fileadmin\/Dateien\/download\/va\/Veroeffentlichungen\/padaktuell_april_2012.pdf\" target=\"_blank\">Zwischenbericht<\/a><br \/>\nIn der April-Ausgabe des PAD-Aktuell (Magazin des P\u00e4dagogischen Austauschdienstes &#8211; meine Entsendeorganisation) erschien ein Bericht von mir \u00fcber meine Arbeit an der Alexander-von-Humboldt-Schule.<\/p>\n<p><a href=\"http:\/\/www.mongolei24.net\/\" target=\"_blank\">Mongolei24<\/a><br \/>\nEine Internetseite, mit dem Ziel, die Mongolei bekannter zu machen: Basisinformationen zu Land und Kultur, aber auch Reiseempfehlungen werden gegeben.<\/p>\n<p><em>(Rechtlicher Beisatz: F\u00fcr die Inhalte der Links haftet jeweils der Betreiber selbst. Die Links werden regelm\u00e4\u00dfig auf Aktualit\u00e4t \u00fcberpr\u00fcft. Alle Angaben ohne Gew\u00e4hr!)<\/em><\/p>\n","protected":false},"excerpt":{"rendered":"<p>Nicht zu vergessen sind nat\u00fcrlich einige weitere Internetseiten, auf denen man Informationen rund um meinen Freiwilligendienst und verwandte Themen findet. kulturweit Der Freiwilligendienst des Ausw\u00e4rtigen Amts in Kooperation mit der Deutschen UNESCO-Kommission. Super Betreuung, perfekte Vorbereitung auf das Auslandsjahr und einfach nur zu empfehlen! Wissen FAIR-\u00e4ndert Ein Bildungsangebot f\u00fcr Themen der Nachhaltigkeit. Das Unternehmen bietet [&hellip;]<\/p>\n","protected":false},"author":619,"featured_media":0,"parent":0,"menu_order":5,"comment_status":"open","ping_status":"open","template":"","meta":{"footnotes":""},"class_list":["post-213","page","type-page","status-publish","hentry"],"amp_enabled":true,"_links":{"self":[{"href":"https:\/\/kulturweit.blog\/mongolei\/wp-json\/wp\/v2\/pages\/213"}],"collection":[{"href":"https:\/\/kulturweit.blog\/mongolei\/wp-json\/wp\/v2\/pages"}],"about":[{"href":"https:\/\/kulturweit.blog\/mongolei\/wp-json\/wp\/v2\/types\/page"}],"author":[{"embeddable":true,"href":"https:\/\/kulturweit.blog\/mongolei\/wp-json\/wp\/v2\/users\/619"}],"replies":[{"embeddable":true,"href":"https:\/\/kulturweit.blog\/mongolei\/wp-json\/wp\/v2\/comments?post=213"}],"version-history":[{"count":1,"href":"https:\/\/kulturweit.blog\/mongolei\/wp-json\/wp\/v2\/pages\/213\/revisions"}],"predecessor-version":[{"id":876,"href":"https:\/\/kulturweit.blog\/mongolei\/wp-json\/wp\/v2\/pages\/213\/revisions\/876"}],"wp:attachment":[{"href":"https:\/\/kulturweit.blog\/mongolei\/wp-json\/wp\/v2\/media?parent=213"}],"curies":[{"name":"wp","href":"https:\/\/api.w.org\/{rel}","templated":true}]}}