{"id":11,"date":"2019-12-28T14:59:31","date_gmt":"2019-12-28T13:59:31","guid":{"rendered":"https:\/\/kulturweit.blog\/minhasp\/?page_id=11"},"modified":"2019-12-28T15:40:11","modified_gmt":"2019-12-28T14:40:11","slug":"a-ervilha","status":"publish","type":"page","link":"https:\/\/kulturweit.blog\/minhasp\/a-ervilha\/","title":{"rendered":"A Ervilha"},"content":{"rendered":"<p><a href=\"https:\/\/kulturweit.blog\/minhasp\/files\/2019\/12\/IMG_7342.jpg\"><img loading=\"lazy\" decoding=\"async\" class=\"alignnone size-medium wp-image-12\" src=\"https:\/\/kulturweit.blog\/minhasp\/files\/2019\/12\/IMG_7342-300x200.jpg\" alt=\"\" width=\"300\" height=\"200\" srcset=\"https:\/\/kulturweit.blog\/minhasp\/files\/2019\/12\/IMG_7342-300x200.jpg 300w, https:\/\/kulturweit.blog\/minhasp\/files\/2019\/12\/IMG_7342-768x512.jpg 768w, https:\/\/kulturweit.blog\/minhasp\/files\/2019\/12\/IMG_7342.jpg 1024w, https:\/\/kulturweit.blog\/minhasp\/files\/2019\/12\/IMG_7342-1x1.jpg 1w\" sizes=\"(max-width: 300px) 100vw, 300px\" \/><\/a><\/p>\n<p>Das bin ich, a ervilha, was auf Portugiesisch die Erbse bedeutet. Seit ich klein bin, nennt mich meine Mutter so &#8211; vielleicht, weil ich, in Anlehnung an das M\u00e4rchen von Hans Christian Andersen, besser das unbequeme, aber z\u00e4he Kleingem\u00fcse unter dem Matratzenstapel werden sollte statt des verw\u00f6hnten Blags, das die titelgebende Prinzessin war. Vielleicht aber auch, weil sich daraus so viel machen l\u00e4sst: Kichererbse, Zuckererbse, Kullererbse&#8230; je nach Gem\u00fctslage und Gegend, in der ich mich gerade befinde. The pea. A ervilha.<\/p>\n<p>Und jetzt bin ich also wieder einmal eine Kullererbse und verlasse mein mittlerweile beinahe beschaulich anmutendes Hamburg, um f\u00fcr immerhin f\u00fcnf Monate ins zehnmal gr\u00f6\u00dfere S\u00e3o Paulo zu ziehen und in Pinheiros am Goethe-Institut die &#8222;Freiwillige&#8220; zu sein.<\/p>\n<p>Au\u00dferdem bin ich (und das ist zum Gro\u00dfteil in Anf\u00fchrungsstrichen zu verstehen, meiner Meinung nach): seit Neuestem ausgewiesene Ethnologin, Boxerin, Literatur- und Lyriknerd, Norddeutsche, Halbt\u00fcrkin, Feministin, K\u00f6chin, Yooogi &#8211; und, hey: die Autorin dieses Blogs. Lest mit, wenn ihr Lust habt.<\/p>\n<p>&nbsp;<\/p>\n","protected":false},"excerpt":{"rendered":"<p>Das bin ich, a ervilha, was auf Portugiesisch die Erbse bedeutet. Seit ich klein bin, nennt mich meine Mutter so &#8211; vielleicht, weil ich, in Anlehnung an das M\u00e4rchen von Hans Christian Andersen, besser das unbequeme, aber z\u00e4he Kleingem\u00fcse unter dem Matratzenstapel werden sollte statt des verw\u00f6hnten Blags, das die titelgebende Prinzessin war. Vielleicht aber [&hellip;]<\/p>\n","protected":false},"author":2833,"featured_media":0,"parent":0,"menu_order":0,"comment_status":"closed","ping_status":"closed","template":"","meta":{"footnotes":""},"class_list":["post-11","page","type-page","status-publish","hentry"],"amp_enabled":true,"_links":{"self":[{"href":"https:\/\/kulturweit.blog\/minhasp\/wp-json\/wp\/v2\/pages\/11"}],"collection":[{"href":"https:\/\/kulturweit.blog\/minhasp\/wp-json\/wp\/v2\/pages"}],"about":[{"href":"https:\/\/kulturweit.blog\/minhasp\/wp-json\/wp\/v2\/types\/page"}],"author":[{"embeddable":true,"href":"https:\/\/kulturweit.blog\/minhasp\/wp-json\/wp\/v2\/users\/2833"}],"replies":[{"embeddable":true,"href":"https:\/\/kulturweit.blog\/minhasp\/wp-json\/wp\/v2\/comments?post=11"}],"version-history":[{"count":2,"href":"https:\/\/kulturweit.blog\/minhasp\/wp-json\/wp\/v2\/pages\/11\/revisions"}],"predecessor-version":[{"id":30,"href":"https:\/\/kulturweit.blog\/minhasp\/wp-json\/wp\/v2\/pages\/11\/revisions\/30"}],"wp:attachment":[{"href":"https:\/\/kulturweit.blog\/minhasp\/wp-json\/wp\/v2\/media?parent=11"}],"curies":[{"name":"wp","href":"https:\/\/api.w.org\/{rel}","templated":true}]}}

<p><a href="https://kulturweit.blog/minhasp/files/2019/12/IMG_7342.jpg"><img loading="lazy" decoding="async" class="alignnone size-medium wp-image-12" src="https://kulturweit.blog/minhasp/files/2019/12/IMG_7342-300x200.jpg" alt="" width="300" height="200" srcset="https://kulturweit.blog/minhasp/files/2019/12/IMG_7342-300x200.jpg 300w, https://kulturweit.blog/minhasp/files/2019/12/IMG_7342-768x512.jpg 768w, https://kulturweit.blog/minhasp/files/2019/12/IMG_7342.jpg 1024w, https://kulturweit.blog/minhasp/files/2019/12/IMG_7342-1x1.jpg 1w" sizes="(max-width: 300px) 100vw, 300px" /></a></p>
<p>Das bin ich, a ervilha, was auf Portugiesisch die Erbse bedeutet. Seit ich klein bin, nennt mich meine Mutter so &#8211; vielleicht, weil ich, in Anlehnung an das Märchen von Hans Christian Andersen, besser das unbequeme, aber zähe Kleingemüse unter dem Matratzenstapel werden sollte statt des verwöhnten Blags, das die titelgebende Prinzessin war. Vielleicht aber auch, weil sich daraus so viel machen lässt: Kichererbse, Zuckererbse, Kullererbse&#8230; je nach Gemütslage und Gegend, in der ich mich gerade befinde. The pea. A ervilha.</p>
<p>Und jetzt bin ich also wieder einmal eine Kullererbse und verlasse mein mittlerweile beinahe beschaulich anmutendes Hamburg, um für immerhin fünf Monate ins zehnmal größere São Paulo zu ziehen und in Pinheiros am Goethe-Institut die &#8222;Freiwillige&#8220; zu sein.</p>
<p>Außerdem bin ich (und das ist zum Großteil in Anführungsstrichen zu verstehen, meiner Meinung nach): seit Neuestem ausgewiesene Ethnologin, Boxerin, Literatur- und Lyriknerd, Norddeutsche, Halbtürkin, Feministin, Köchin, Yooogi &#8211; und, hey: die Autorin dieses Blogs. Lest mit, wenn ihr Lust habt.</p>
<p>&nbsp;</p>

<p>Das bin ich, a ervilha, was auf Portugiesisch die Erbse bedeutet. Seit ich klein bin, nennt mich meine Mutter so &#8211; vielleicht, weil ich, in Anlehnung an das Märchen von Hans Christian Andersen, besser das unbequeme, aber zähe Kleingemüse unter dem Matratzenstapel werden sollte statt des verwöhnten Blags, das die titelgebende Prinzessin war. Vielleicht aber [&hellip;]</p>
