{"id":27,"date":"2023-08-16T19:50:17","date_gmt":"2023-08-16T17:50:17","guid":{"rendered":"https:\/\/kulturweit.blog\/mathildabuergstein\/?page_id=27"},"modified":"2023-08-30T13:03:57","modified_gmt":"2023-08-30T11:03:57","slug":"ueber-mich","status":"publish","type":"page","link":"https:\/\/kulturweit.blog\/mathildabuergstein\/ueber-mich\/","title":{"rendered":"\u00dcber mich"},"content":{"rendered":"<p>Huhu :) <a href=\"https:\/\/kulturweit.blog\/mathildabuergstein\/files\/2023\/08\/IMG_0110.jpeg\"><img loading=\"lazy\" decoding=\"async\" class=\"wp-image-61 alignright\" src=\"https:\/\/kulturweit.blog\/mathildabuergstein\/files\/2023\/08\/IMG_0110-300x303.jpeg\" alt=\"\" width=\"150\" height=\"151\" srcset=\"https:\/\/kulturweit.blog\/mathildabuergstein\/files\/2023\/08\/IMG_0110-300x300.jpeg 300w, https:\/\/kulturweit.blog\/mathildabuergstein\/files\/2023\/08\/IMG_0110-150x150.jpeg 150w, https:\/\/kulturweit.blog\/mathildabuergstein\/files\/2023\/08\/IMG_0110-768x775.jpeg 768w, https:\/\/kulturweit.blog\/mathildabuergstein\/files\/2023\/08\/IMG_0110.jpeg 1015w\" sizes=\"(max-width: 150px) 85vw, 150px\" \/><\/a><br \/>\nIch bin Mathilda, 18 Jahre alt und komme aus der N\u00e4he von Stuttgart!<br \/>\nMit &#8222;Kulturweit&#8220; geht es f\u00fcr mich ab September ein Jahr in die Mongolei. Genauer gesagt in die Hauptstadt Ulaanbaatar!<br \/>\nEnde April war es so weit, endlich DIE EMAIL von\u00a0Kulturweit! Ich stand grad eine Stunde im Stau, um meine Schwester im 3 Kilometer entfernten Nachbardorf abzusetzen. Sofort wurde die\u00a0E-Mail\u00a0ge\u00f6ffnet und erst mit der Zeit wurde mir klar, wohin es eigentlich geht&#8230;<br \/>\nTrotz Abistress (man muss ja schlie\u00dflich Priorit\u00e4ten setzen, mein Geschi Abi wirds mir hoffentlich verzeihen), hab ich erstmal angefangen mich \u00fcber die Mongolei zu informieren. Denn viel mehr wie, dass es da Jurten und Steppe gibt, wusste ich bis dahin noch nicht ;)<br \/>\nIch freue mich auf die Zeit, in meiner Einsatzstelle, die Alexander von Humboldt Schule, in Ulan Bator. Dort werde ich die Lehrkr\u00e4fte im Deutschunterricht unterst\u00fctzen und lass mich \u00fcberraschen, welche Aufgaben noch auf mich warten!<br \/>\nIch bin gespannt, die mongolische Kultur, nette Menschen und noch vieles mehr kennenzulernen.<br \/>\nHier auf dem Blog <span style=\"color: #d6c49f\"><a style=\"color: #d6c49f\" href=\"https:\/\/kulturweit.blog\/mathildabuergstein\/?amp=1\">Mathilda&#8217;s Sammelsurium<\/a> <\/span>m\u00f6chte ich euch so regelm\u00e4\u00dfig wie m\u00f6glich \u00fcber meine Zeit in der Mongolei updaten! Wie genau wei\u00df ich noch nicht, mal gucken was wird!<\/p>\n<p>Viel Spa\u00df beim St\u00f6bern, eure Mathilda \ud83e\udd0e\ud83d\udc2b<!--more--><\/p>\n","protected":false},"excerpt":{"rendered":"<p>Huhu :) Ich bin Mathilda, 18 Jahre alt und komme aus der N\u00e4he von Stuttgart! Mit &#8222;Kulturweit&#8220; geht es f\u00fcr mich ab September ein Jahr in die Mongolei. Genauer gesagt in die Hauptstadt Ulaanbaatar! Ende April war es so weit, endlich DIE EMAIL von\u00a0Kulturweit! Ich stand grad eine Stunde im Stau, um meine Schwester im &hellip; <a href=\"https:\/\/kulturweit.blog\/mathildabuergstein\/ueber-mich\/\" class=\"more-link\"><span class=\"screen-reader-text\">\u201e\u00dcber mich\u201c<\/span> weiterlesen<\/a><\/p>\n","protected":false},"author":3216,"featured_media":0,"parent":0,"menu_order":0,"comment_status":"closed","ping_status":"closed","template":"","meta":{"footnotes":""},"class_list":["post-27","page","type-page","status-publish","hentry"],"amp_enabled":true,"_links":{"self":[{"href":"https:\/\/kulturweit.blog\/mathildabuergstein\/wp-json\/wp\/v2\/pages\/27"}],"collection":[{"href":"https:\/\/kulturweit.blog\/mathildabuergstein\/wp-json\/wp\/v2\/pages"}],"about":[{"href":"https:\/\/kulturweit.blog\/mathildabuergstein\/wp-json\/wp\/v2\/types\/page"}],"author":[{"embeddable":true,"href":"https:\/\/kulturweit.blog\/mathildabuergstein\/wp-json\/wp\/v2\/users\/3216"}],"replies":[{"embeddable":true,"href":"https:\/\/kulturweit.blog\/mathildabuergstein\/wp-json\/wp\/v2\/comments?post=27"}],"version-history":[{"count":3,"href":"https:\/\/kulturweit.blog\/mathildabuergstein\/wp-json\/wp\/v2\/pages\/27\/revisions"}],"predecessor-version":[{"id":63,"href":"https:\/\/kulturweit.blog\/mathildabuergstein\/wp-json\/wp\/v2\/pages\/27\/revisions\/63"}],"wp:attachment":[{"href":"https:\/\/kulturweit.blog\/mathildabuergstein\/wp-json\/wp\/v2\/media?parent=27"}],"curies":[{"name":"wp","href":"https:\/\/api.w.org\/{rel}","templated":true}]}}