{"id":348,"date":"2010-02-16T00:55:54","date_gmt":"2010-02-16T03:55:54","guid":{"rendered":"https:\/\/kulturweit.blog\/lukasarenz\/?page_id=348"},"modified":"2010-02-16T00:58:43","modified_gmt":"2010-02-16T03:58:43","slug":"el-calafate-2","status":"publish","type":"page","link":"https:\/\/kulturweit.blog\/lukasarenz\/%c2%a1dale-dale-argentina\/el-calafate-2\/","title":{"rendered":"El Calafate"},"content":{"rendered":"<p><a href=\"https:\/\/kulturweit.blog\/lukasarenz\/files\/2010\/02\/El-Calafate.jpg\"><img loading=\"lazy\" decoding=\"async\" class=\"alignleft size-medium wp-image-349\" title=\"El Calafate\" src=\"https:\/\/kulturweit.blog\/lukasarenz\/files\/2010\/02\/El-Calafate-247x300.jpg\" alt=\"\" width=\"247\" height=\"300\" srcset=\"https:\/\/kulturweit.blog\/lukasarenz\/files\/2010\/02\/El-Calafate-247x300.jpg 247w, https:\/\/kulturweit.blog\/lukasarenz\/files\/2010\/02\/El-Calafate.jpg 619w\" sizes=\"(max-width: 247px) 100vw, 247px\" \/><\/a><\/p>\n<p>Weiter ging es also. Am 1. Januar, als die Stadt noch im Tiefschlaf lag. Da meine Familie nur zwei Wochen Zeit hatte mit mir zu reisen, war Eile geboten. Somit musste wieder das Flugzeug als Transportmittel herhalten. Umweltsch\u00e4dlich. Aber ein gro\u00dfartiger Blick \u00fcber Argentinien ist auch nicht zu verachten. Tats\u00e4chlich geht die Flugroute erst die Atlantikk\u00fcste entlang, dann \u00fcber die Pen\u00ednsula Vald\u00e9s und schlie\u00dflich \u00fcber die Patagonische Steppe zum Landeanflug \u00fcber den Lago Argentino.<\/p>\n<p>Der Lago Argentino ist der gr\u00f6\u00dfte See Argentiniens und besitzt etwa dreifache Bodenseegr\u00f6\u00dfe. Gespeist wird er von mehreren Gletschern, die Ausl\u00e4ufer des &#8222;Campo de Hielo Sur&#8220;, einem riesigen Eisfeld \u00fcber den Anden, sind. Dieses Eisfeld ist nach der Antarktis und Gr\u00f6nland das gr\u00f6\u00dfte S\u00fc\u00dfwasserreservoir (in gefrorener Form) der Erde.<\/p>\n<div id=\"attachment_351\" style=\"width: 310px\" class=\"wp-caption alignright\"><a href=\"https:\/\/kulturweit.blog\/lukasarenz\/files\/2010\/02\/Lago-Argentino.jpg\"><img loading=\"lazy\" decoding=\"async\" aria-describedby=\"caption-attachment-351\" class=\"size-medium wp-image-351\" title=\"Lago Argentino\" src=\"https:\/\/kulturweit.blog\/lukasarenz\/files\/2010\/02\/Lago-Argentino-300x225.jpg\" alt=\"Der Lago Argentino erstrahlt in sattem T\u00fcrkis\" width=\"300\" height=\"225\" srcset=\"https:\/\/kulturweit.blog\/lukasarenz\/files\/2010\/02\/Lago-Argentino-300x225.jpg 300w, https:\/\/kulturweit.blog\/lukasarenz\/files\/2010\/02\/Lago-Argentino.jpg 1024w\" sizes=\"(max-width: 300px) 100vw, 300px\" \/><\/a><p id=\"caption-attachment-351\" class=\"wp-caption-text\">Der Lago Argentino erstrahlt in sattem T\u00fcrkis<\/p><\/div>\n<p>Der Lago Argentino selbst strahlt in kr\u00e4ftigem T\u00fcrkis, was daran liegt, dass die Gletscher fein geriebens Gestein mit sich f\u00fchren, welches sich mit dem Wasser des Sees mischt. Trifft dann Sonnenlicht auf die feinen Gesteinspartikel, reflektiert dies vor allem die blaugr\u00fcnen Anteile des Lichts. Somit ist die satte T\u00fcrkisfarbe des Sees zu erkl\u00e4ren.<\/p>\n<p>Am Rande des Sees liegt El Calafate, Kleinstadt und Zentrum des Tourismus f\u00fcr den Nationalpark Los Glaciares. Hier wimmelt es gerade nur zu von selbsternannten &#8222;Patagonien-Experten&#8220;, wer sich nicht an den Dress-Code Trekking-Klamotten und Gore-Tex Bekleidung h\u00e4lt muss damit rechnen schr\u00e4g angeschaut zu werden. Zur Not kann man aber in etwa 100 Gesch\u00e4ften warm-wollige Patagonienfanpullis kaufen. Der Preis ist allerdings hei\u00df. El Calafate geh\u00f6rt zu den teuersten St\u00e4dten Argentiniens. Vor allem den Touristen wird hier gandenlos das Geld aus der Tasche gezogen. Alleind der Parkeintritt ist f\u00fcr ausl\u00e4ndsiche Besucher zehnmal so hoch wie f\u00fcr die Bewohner der Provinz! Wissenswert ist auch, dass die Kirchners, Argentiens (skandal\u00f6ses) Pr\u00e4sidentenpaar, hier eine Residenz besitzen.<\/p>\n<p>Hauptsehensw\u00fcrdigkeit des Nationalpark Los Glaciares ist der Perito Moreno Gletscher. Er ist etwa 60 Kilometer lang und an seiner Abbruchkante 60 Meter hoch. Als einer der wenigen Gletscher au\u00dferhalb der Antarktis und Gr\u00f6nland w\u00e4chst der Perito Moreno Gletscher kontinuierlich.<\/p>\n<p style=\"text-align: center\">\n<div id=\"attachment_355\" style=\"width: 1034px\" class=\"wp-caption aligncenter\"><a href=\"https:\/\/kulturweit.blog\/lukasarenz\/files\/2010\/02\/Panoramafertig.jpg\"><img loading=\"lazy\" decoding=\"async\" aria-describedby=\"caption-attachment-355\" class=\"size-full wp-image-355\" title=\"Panoramafertig\" src=\"https:\/\/kulturweit.blog\/lukasarenz\/files\/2010\/02\/Panoramafertig.jpg\" alt=\"Panorama des Perito Moreno Gletschers\" width=\"1024\" height=\"266\" srcset=\"https:\/\/kulturweit.blog\/lukasarenz\/files\/2010\/02\/Panoramafertig.jpg 1024w, https:\/\/kulturweit.blog\/lukasarenz\/files\/2010\/02\/Panoramafertig-300x77.jpg 300w\" sizes=\"(max-width: 1024px) 100vw, 1024px\" \/><\/a><p id=\"caption-attachment-355\" class=\"wp-caption-text\">Panorama des Perito Moreno Gletschers<\/p><\/div>\n<p>Ein besonderes Spektakel ist es, wenn Eisst\u00fccke mit einem tiefen und dumpfen Knacken aus dem Eispanzer herausbrechen, in den See st\u00fcrzen und meterhohe Wellen schlagen. Wer sich etwas Zeit nimmt und wartet, kann solch eine Szene leicht miterleben.<\/p>\n<div id=\"attachment_359\" style=\"width: 235px\" class=\"wp-caption alignleft\"><a href=\"https:\/\/kulturweit.blog\/lukasarenz\/files\/2010\/02\/Eisabbruch.jpg\"><img loading=\"lazy\" decoding=\"async\" aria-describedby=\"caption-attachment-359\" class=\"size-medium wp-image-359 \" title=\"Eisabbruch\" src=\"https:\/\/kulturweit.blog\/lukasarenz\/files\/2010\/02\/Eisabbruch-225x300.jpg\" alt=\"\" width=\"225\" height=\"300\" srcset=\"https:\/\/kulturweit.blog\/lukasarenz\/files\/2010\/02\/Eisabbruch-225x300.jpg 225w, https:\/\/kulturweit.blog\/lukasarenz\/files\/2010\/02\/Eisabbruch.jpg 576w\" sizes=\"(max-width: 225px) 100vw, 225px\" \/><\/a><p id=\"caption-attachment-359\" class=\"wp-caption-text\">Abst\u00fcrzender Eisbrocken<\/p><\/div>\n<div id=\"attachment_360\" style=\"width: 310px\" class=\"wp-caption alignright\"><a href=\"https:\/\/kulturweit.blog\/lukasarenz\/files\/2010\/02\/Br\u00fcder.jpg\"><img loading=\"lazy\" decoding=\"async\" aria-describedby=\"caption-attachment-360\" class=\"size-medium wp-image-360 \" title=\"Br\u00fcder\" src=\"https:\/\/kulturweit.blog\/lukasarenz\/files\/2010\/02\/Br\u00fcder-300x225.jpg\" alt=\"\" width=\"300\" height=\"225\" srcset=\"https:\/\/kulturweit.blog\/lukasarenz\/files\/2010\/02\/Br\u00fcder-300x225.jpg 300w, https:\/\/kulturweit.blog\/lukasarenz\/files\/2010\/02\/Br\u00fcder.jpg 1024w\" sizes=\"(max-width: 300px) 100vw, 300px\" \/><\/a><p id=\"caption-attachment-360\" class=\"wp-caption-text\">Mit dem Bruderherz<\/p><\/div>\n<p style=\"text-align: center\">Fantastisches Patagonien. Nach einem langem Tag am Gletscher ging es f\u00fcr uns zur\u00fcck nach El Calafate, wo wir noch eine Nacht verbrachten, bevor wir am n\u00e4chsten Tag mit dem Mietwagen zu neuen Abenteuern aufbrechen sollten. Es ging nach Chile.<\/p>\n<div id=\"attachment_364\" style=\"width: 310px\" class=\"wp-caption aligncenter\"><a href=\"https:\/\/kulturweit.blog\/lukasarenz\/files\/2010\/02\/Gletscher.jpg\"><img loading=\"lazy\" decoding=\"async\" aria-describedby=\"caption-attachment-364\" class=\"size-medium wp-image-364 \" title=\"Gletscher\" src=\"https:\/\/kulturweit.blog\/lukasarenz\/files\/2010\/02\/Gletscher-300x225.jpg\" alt=\"\" width=\"300\" height=\"225\" srcset=\"https:\/\/kulturweit.blog\/lukasarenz\/files\/2010\/02\/Gletscher-300x225.jpg 300w, https:\/\/kulturweit.blog\/lukasarenz\/files\/2010\/02\/Gletscher.jpg 1024w\" sizes=\"(max-width: 300px) 100vw, 300px\" \/><\/a><p id=\"caption-attachment-364\" class=\"wp-caption-text\">Patagonien - Himmel, Berge, Eis, Wasser, W\u00e4lder<\/p><\/div>\n","protected":false},"excerpt":{"rendered":"<p>Weiter ging es also. Am 1. Januar, als die Stadt noch im Tiefschlaf lag. Da meine Familie nur zwei Wochen Zeit hatte mit mir zu reisen, war Eile geboten. Somit musste wieder das Flugzeug als Transportmittel herhalten. Umweltsch\u00e4dlich. Aber ein gro\u00dfartiger Blick \u00fcber Argentinien ist auch nicht zu verachten. Tats\u00e4chlich geht die Flugroute erst die [&hellip;]<\/p>\n","protected":false},"author":73,"featured_media":364,"parent":267,"menu_order":0,"comment_status":"open","ping_status":"open","template":"","meta":{"footnotes":""},"class_list":["post-348","page","type-page","status-publish","hentry"],"amp_enabled":true,"_links":{"self":[{"href":"https:\/\/kulturweit.blog\/lukasarenz\/wp-json\/wp\/v2\/pages\/348"}],"collection":[{"href":"https:\/\/kulturweit.blog\/lukasarenz\/wp-json\/wp\/v2\/pages"}],"about":[{"href":"https:\/\/kulturweit.blog\/lukasarenz\/wp-json\/wp\/v2\/types\/page"}],"author":[{"embeddable":true,"href":"https:\/\/kulturweit.blog\/lukasarenz\/wp-json\/wp\/v2\/users\/73"}],"replies":[{"embeddable":true,"href":"https:\/\/kulturweit.blog\/lukasarenz\/wp-json\/wp\/v2\/comments?post=348"}],"version-history":[{"count":0,"href":"https:\/\/kulturweit.blog\/lukasarenz\/wp-json\/wp\/v2\/pages\/348\/revisions"}],"up":[{"embeddable":true,"href":"https:\/\/kulturweit.blog\/lukasarenz\/wp-json\/wp\/v2\/pages\/267"}],"wp:featuredmedia":[{"embeddable":true,"href":"https:\/\/kulturweit.blog\/lukasarenz\/wp-json\/wp\/v2\/media\/364"}],"wp:attachment":[{"href":"https:\/\/kulturweit.blog\/lukasarenz\/wp-json\/wp\/v2\/media?parent=348"}],"curies":[{"name":"wp","href":"https:\/\/api.w.org\/{rel}","templated":true}]}}