{"id":329,"date":"2021-02-02T17:40:44","date_gmt":"2021-02-02T16:40:44","guid":{"rendered":"https:\/\/kulturweit.blog\/lebeninathen\/?page_id=329"},"modified":"2021-03-08T10:04:09","modified_gmt":"2021-03-08T09:04:09","slug":"20-stunden-griechisch","status":"publish","type":"page","link":"https:\/\/kulturweit.blog\/lebeninathen\/griechisch-lernen\/20-stunden-griechisch\/","title":{"rendered":"20 Stunden Griechisch"},"content":{"rendered":"<p><span style=\"color: #808080\">Hallo,\u00a0 \u00a0 \u00a0 \u00a0 \u00a0 \u00a0 \u00a0 \u00a0 \u00a0 \u00a0 \u00a0 \u00a0 \u00a0 \u00a0 \u00a0 \u00a0 \u00a0 \u00a0 \u00a0 \u00a0 \u00a0 \u00a0 \u00a0 \u00a0 \u00a0 \u00a0 \u00a0 \u00a0 \u00a0 \u00a0 \u00a0 \u00a0 \u00a0 \u00a0 \u00a0 \u00a0 \u00a0 \u00a0 \u00a0 \u00a0 \u00a0 \u00a0 \u00a0 \u00a0 \u00a0 \u00a0 \u00a0 \u00a0 \u00a0 \u00a0 \u00a0 \u00a0 \u00a0 \u00a0 \u00a0 \u00a0 \u00a0 \u00a0 \u00a0 \u00a0 \u00a0 \u00a0 \u00a0 \u00a0 \u00a0 \u00a0 \u00a0 \u00a0 \u00a0 \u00a0 \u00a0 \u00a0<em> \u00a0 \u00a0 \u00a0 2. Februar 2021<\/em><\/span><\/p>\n<p><span style=\"color: #808080\">heute melde ich mich wieder bei der &#8222;Griechisch lernen&#8220; Seite. Dies ist der zweite Teil, denn die ersten 10 Stunden habe ich schon beschrieben und die findet ihr auch in meinem Blog.\u00a0<\/span><\/p>\n<p><span style=\"color: #808080\">Ihr fragt euch bestimmt, wie es weitergegangen ist. Hier ein kleiner \u00dcberblick der n\u00e4chsten 10 Stunden, insgesamt also schon ganze 20 Stunden Griechisch. Es ging direkt mit weiteren Verben wie &#8222;Hunger haben, durstig sein, schreiben, h\u00f6ren, anhalten oder antworten weiter. Wir haben neue Verben gelernt und auch wie man sie konjugiert. Es ist sehr wichtig, diese W\u00f6rter gut zu k\u00f6nnen, ansonsten versteht man den Zusammenhang schnell nicht mehr. Wir haben dann Fragen gestellt wie <em>z.B. &#8222;<strong>Was trinkst du, wenn du durstig bist&#8220;<\/strong><\/em> und darauf geantwortet &#8222;<em><strong>Ich trinke Wasser wenn ich durstig bin.&#8220;<\/strong>\u00a0<\/em>Es ging auch darum, wie viele Sprachen man spricht oder was man f\u00fcr Musik h\u00f6rt.\u00a0<\/span><\/p>\n<p><span style=\"color: #808080\">Es ging weiter mit W\u00f6rtern wie &#8222;der Grieche, die Griechin, der Deutsche, die Deutsche&#8220; zu lernen. Das ist im Alltag bestimmt hilfreich. Jetzt kann ich sagen, dass ich Deutsche bin: \u0395\u03af\u03bc\u03b1\u03b9 \u0393\u03b5\u03c1\u03bc\u03b1\u03bd\u03af\u03b4\u03b1 = <span style=\"color: #0000ff\">Ime Germanida<\/span>.<br \/>\n<\/span><\/p>\n<p><span style=\"color: #808080\">Wir haben uns auch mit dem Akkusativ besch\u00e4ftigt, da er im Griechischen sehr h\u00e4ufig vorkommt.\u00a0<\/span><\/p>\n<p><span style=\"color: #808080\">Kurz vor Weihnachten haben wir auch noch wichtige Phasen wie <em>&#8222;Frohe Weihnachten&#8220;<\/em> =\u00a0 \u039a\u03b1\u03bb\u03ac \u03a7\u03c1\u03b9\u03c3\u03c4\u03bf\u03cd\u03b3\u03b5\u03bd\u03bd\u03b1! = <span style=\"color: #0000ff\">Kala kristujenna<\/span> und <em>&#8222;Gutes Neues Jahr&#8220; = <\/em>\u039a\u03b1\u03bb\u03ae \u03a7\u03c1\u03bf\u03bd\u03b9\u03ac! =\u00a0<span style=\"color: #0000ff\">Kali chronia<\/span>\u00a0gelernt. Nat\u00fcrlich muss man das neue Jahr 2021 auch kennen: \u03b4\u03cd\u03bf \u03c7\u03b9\u03bb\u03b9\u03ac\u03b4\u03b5\u03c2 \u03b5\u03af\u03ba\u03bf\u03c3\u03b9 \u03ad\u03bd\u03b1 = <span style=\"color: #0000ff\">dio xiliades ikosi ena.<\/span><\/span><\/p>\n<p><span style=\"color: #808080\">Unser n\u00e4chstes Thema im neuen Jahr waren Orte\/Wohnungen. Es wurden Ortsangaben (vor, hinter, zwischen, unten, links, rechts&#8230;) gelernt, Verkehrsmittel (Auto, Bus, Fahrrad, Taxi, Flugzeug, Zug&#8230;). Wir haben einen Text dar\u00fcber geschrieben, wo genau unsere Wohnung liegt, was in der N\u00e4he ist. Das war auch der erste Text, den ich in Griechisch geschrieben habe. Das fiel am Anfang nat\u00fcrlich nicht besonders leicht.\u00a0<\/span><\/p>\n<p><span style=\"color: #808080\">Nach dem das Thema abgeschlossen war, ging es in der n\u00e4chsten Stunde weiter mit der Familie. Wir haben alle Familienmitglieder gelernt und m\u00fcssen als Hausaufgabe einen Text zum Thema Familie schreiben und unsere Familienmitglieder beschreiben. Wie alt sie sind, wo sie wohnen, wie viele, was f\u00fcr Familienmitglieder. Das ist im Alltag oder auch in der Schule auch n\u00fctzlich, wenn ich etwas \u00fcber mich erz\u00e4hlen will.\u00a0<\/span><\/p>\n<p><span style=\"color: #808080\">Diese weiteren zehn Stunden waren sehr anspruchsvoll und vieles auf einmal. Wie letztes Mal waren diesmal alle Stunden online. Es ist jedes Mal wieder aufs neue anstrengend Fragen zu beantworten und neue Texte zu lesen oder Aufgaben zu machen, bei einer Sprache, die ich noch nicht beherrsche.<\/span><\/p>\n<p><span style=\"color: #808080\">Bis zum n\u00e4chsten Mal, Katharina<\/span><\/p>\n<p>&nbsp;<\/p>\n<p>&nbsp;<\/p>\n","protected":false},"excerpt":{"rendered":"<p>Hallo,\u00a0 \u00a0 \u00a0 \u00a0 \u00a0 \u00a0 \u00a0 \u00a0 \u00a0 \u00a0 \u00a0 \u00a0 \u00a0 \u00a0 \u00a0 \u00a0 \u00a0 \u00a0 \u00a0 \u00a0 \u00a0 \u00a0 \u00a0 \u00a0 \u00a0 \u00a0 \u00a0 \u00a0 \u00a0 \u00a0 \u00a0 \u00a0 \u00a0 \u00a0 \u00a0 \u00a0 \u00a0 \u00a0 \u00a0 \u00a0 \u00a0 \u00a0 \u00a0 \u00a0 \u00a0 \u00a0 \u00a0 \u00a0 \u00a0 \u00a0 \u00a0 \u00a0 \u00a0 \u00a0 \u00a0 [&hellip;]<\/p>\n","protected":false},"author":2872,"featured_media":0,"parent":68,"menu_order":0,"comment_status":"closed","ping_status":"closed","template":"","meta":{"footnotes":""},"class_list":["post-329","page","type-page","status-publish","hentry"],"amp_enabled":true,"_links":{"self":[{"href":"https:\/\/kulturweit.blog\/lebeninathen\/wp-json\/wp\/v2\/pages\/329"}],"collection":[{"href":"https:\/\/kulturweit.blog\/lebeninathen\/wp-json\/wp\/v2\/pages"}],"about":[{"href":"https:\/\/kulturweit.blog\/lebeninathen\/wp-json\/wp\/v2\/types\/page"}],"author":[{"embeddable":true,"href":"https:\/\/kulturweit.blog\/lebeninathen\/wp-json\/wp\/v2\/users\/2872"}],"replies":[{"embeddable":true,"href":"https:\/\/kulturweit.blog\/lebeninathen\/wp-json\/wp\/v2\/comments?post=329"}],"version-history":[{"count":3,"href":"https:\/\/kulturweit.blog\/lebeninathen\/wp-json\/wp\/v2\/pages\/329\/revisions"}],"predecessor-version":[{"id":420,"href":"https:\/\/kulturweit.blog\/lebeninathen\/wp-json\/wp\/v2\/pages\/329\/revisions\/420"}],"up":[{"embeddable":true,"href":"https:\/\/kulturweit.blog\/lebeninathen\/wp-json\/wp\/v2\/pages\/68"}],"wp:attachment":[{"href":"https:\/\/kulturweit.blog\/lebeninathen\/wp-json\/wp\/v2\/media?parent=329"}],"curies":[{"name":"wp","href":"https:\/\/api.w.org\/{rel}","templated":true}]}}