{"id":249,"date":"2020-12-21T11:40:18","date_gmt":"2020-12-21T10:40:18","guid":{"rendered":"https:\/\/kulturweit.blog\/lebeninathen\/?page_id=249"},"modified":"2021-03-08T09:58:28","modified_gmt":"2021-03-08T08:58:28","slug":"einige-wochen-im-online-unterricht","status":"publish","type":"page","link":"https:\/\/kulturweit.blog\/lebeninathen\/arbeit\/einige-wochen-im-online-unterricht\/","title":{"rendered":"Online-Unterricht #1"},"content":{"rendered":"<p>Hallo,\u00a0 \u00a0 \u00a0 \u00a0 \u00a0 \u00a0 \u00a0 \u00a0 \u00a0 \u00a0 \u00a0 \u00a0 \u00a0 \u00a0 \u00a0 \u00a0 \u00a0 \u00a0 \u00a0 \u00a0 \u00a0 \u00a0 \u00a0 \u00a0 \u00a0 \u00a0 \u00a0 \u00a0 \u00a0 \u00a0 \u00a0 \u00a0 \u00a0 \u00a0 \u00a0 \u00a0 \u00a0 \u00a0 \u00a0 \u00a0 \u00a0 \u00a0 \u00a0 \u00a0 \u00a0 \u00a0 \u00a0 \u00a0 \u00a0 \u00a0 \u00a0 \u00a0 \u00a0 \u00a0 \u00a0 \u00a0 \u00a0 \u00a0 \u00a0 \u00a0 \u00a0 \u00a0 \u00a0 \u00a0 \u00a0 \u00a0 \u00a0<em> \u00a021. Dezember 2020<\/em><\/p>\n<p>Nachdem ich den letzten Post geschrieben habe, ging es sehr schnell mit dem Online-Unterricht los. F\u00fcr mich hei\u00dft das, dass ich zurzeit jeden Tag zwei Online Schulstunden habe, die allerdings erst abends sind. Ich habe den Tag \u00fcber frei und dann meistens erst abends die Online Stunden. Manchmal kommen noch Sprechstunden mit Sch\u00fclern \u00fcber ein bestimmtes Thema dazu, manchmal soll ich noch Vortr\u00e4ge f\u00fcr die B1 Pr\u00fcfung im M\u00e4rz korrigieren. Ansonsten hatte ich viel Freizeit seit Ende November bis jetzt.<\/p>\n<p>Im Online-Unterricht ist es leider so, dass ich nicht immer etwas machen kann und \u00f6fter einfach nur dabei sitze und nichts mache. Manchmal bekomme ich nat\u00fcrlich auch Aufgaben und lese den Sch\u00fclern Texte oder Fragen vor, stelle den Sch\u00fclern Fragen \u00fcber ein bestimmtes Thema oder berichtige m\u00fcndliche Antworten. Das ist in der Schule nat\u00fcrlich einfacher als online und macht viel mehr Spa\u00df. Besonders mehrere Stunden am Tag auf einen Bildschirm zu starren, macht auch m\u00fcde und keine Lust.<\/p>\n<p>Ich finde es besonders schade, da ich nur zwei Wochen am St\u00fcck bisher an der Schule war und die Namen der Sch\u00fcler gerade angefangen habe zu lernen. Online haben die meisten nicht die Kamera an und dann kann ich die Namen nicht lernen. Es hat sich noch nicht einmal ein richtiger Alltag eingeb\u00fcrgert, bis die Schule geschlossen hat. Es ist gerade nat\u00fcrlich entspannter als davor, da alleine der Schulweg sehr lange ist. Allerdings hatte man da viel zu tun und konnte sich nicht langweilen. Jetzt bin ich sehr froh, dass die Weihnachtsferien fast da sind und es hoffentlich danach mit dem Unterricht in der Schule weitergeht.<\/p>\n<p>Ich w\u00fcnsche euch frohe Weihnachten und einen guten Rusch ins neue Jahr!<\/p>\n<pre id=\"tw-target-text\" class=\"tw-data-text tw-text-large XcVN5d tw-ta\" data-placeholder=\"Translation\"><span lang=\"el\">\u03ba\u03b1\u03bb\u03ac \u03a7\u03c1\u03b9\u03c3\u03c4\u03bf\u03cd\u03b3\u03b5\u03bd\u03bd\u03b1<\/span><\/pre>\n","protected":false},"excerpt":{"rendered":"<p>Hallo,\u00a0 \u00a0 \u00a0 \u00a0 \u00a0 \u00a0 \u00a0 \u00a0 \u00a0 \u00a0 \u00a0 \u00a0 \u00a0 \u00a0 \u00a0 \u00a0 \u00a0 \u00a0 \u00a0 \u00a0 \u00a0 \u00a0 \u00a0 \u00a0 \u00a0 \u00a0 \u00a0 \u00a0 \u00a0 \u00a0 \u00a0 \u00a0 \u00a0 \u00a0 \u00a0 \u00a0 \u00a0 \u00a0 \u00a0 \u00a0 \u00a0 \u00a0 \u00a0 \u00a0 \u00a0 \u00a0 \u00a0 \u00a0 \u00a0 \u00a0 \u00a0 \u00a0 \u00a0 \u00a0 \u00a0 [&hellip;]<\/p>\n","protected":false},"author":2872,"featured_media":0,"parent":64,"menu_order":0,"comment_status":"closed","ping_status":"closed","template":"","meta":{"footnotes":""},"class_list":["post-249","page","type-page","status-publish","hentry"],"amp_enabled":true,"_links":{"self":[{"href":"https:\/\/kulturweit.blog\/lebeninathen\/wp-json\/wp\/v2\/pages\/249"}],"collection":[{"href":"https:\/\/kulturweit.blog\/lebeninathen\/wp-json\/wp\/v2\/pages"}],"about":[{"href":"https:\/\/kulturweit.blog\/lebeninathen\/wp-json\/wp\/v2\/types\/page"}],"author":[{"embeddable":true,"href":"https:\/\/kulturweit.blog\/lebeninathen\/wp-json\/wp\/v2\/users\/2872"}],"replies":[{"embeddable":true,"href":"https:\/\/kulturweit.blog\/lebeninathen\/wp-json\/wp\/v2\/comments?post=249"}],"version-history":[{"count":3,"href":"https:\/\/kulturweit.blog\/lebeninathen\/wp-json\/wp\/v2\/pages\/249\/revisions"}],"predecessor-version":[{"id":407,"href":"https:\/\/kulturweit.blog\/lebeninathen\/wp-json\/wp\/v2\/pages\/249\/revisions\/407"}],"up":[{"embeddable":true,"href":"https:\/\/kulturweit.blog\/lebeninathen\/wp-json\/wp\/v2\/pages\/64"}],"wp:attachment":[{"href":"https:\/\/kulturweit.blog\/lebeninathen\/wp-json\/wp\/v2\/media?parent=249"}],"curies":[{"name":"wp","href":"https:\/\/api.w.org\/{rel}","templated":true}]}}