{"id":45,"date":"2019-10-02T20:49:53","date_gmt":"2019-10-02T18:49:53","guid":{"rendered":"https:\/\/kulturweit.blog\/leahpreisinger\/?page_id=45"},"modified":"2020-03-24T18:09:51","modified_gmt":"2020-03-24T17:09:51","slug":"ueber-mich","status":"publish","type":"page","link":"https:\/\/kulturweit.blog\/leahpreisinger\/ueber-mich\/","title":{"rendered":"\u00dcber mich"},"content":{"rendered":"<p>Hi,<\/p>\n<p>ich hei\u00dfe Leah Preisinger und bin 18 Jahre alt. Ich komme aus S\u00fcd-Deutschland, genauer gesagt aus einem kleinen Dorf in der N\u00e4he von Stuttgart. Von Montag bis Freitag habe ich in den letzten drei Jahren aber in Heidelberg in einem Internat gewohnt.<\/p>\n<p>In meiner Freizeit gestalte ich sehr gerne mein Bullet Journal, au\u00dferdem lese ich gerne oder schreibe kurze Essays. Des Weiteren mache ich viel Sport. Ich schwimme, jogge und\u00a0mache Yoga. In Brasilien habe ich auch mit dem Tanzen angefangen, das macht mir bis jetzt echt Spa\u00df.<\/p>\n<p>Mit meinen Freunden treffe ich mich gerne zum Picknicken, Malen, Backen, Second-Hand shoppen u.\u00c4.\u00a0\u00a0\u00a0\u00a0\u00a0\u00a0\u00a0\u00a0\u00a0\u00a0\u00a0\u00a0\u00a0\u00a0\u00a0\u00a0\u00a0\u00a0\u00a0\u00a0\u00a0\u00a0\u00a0\u00a0\u00a0\u00a0\u00a0\u00a0\u00a0\u00a0\u00a0\u00a0\u00a0\u00a0\u00a0\u00a0\u00a0\u00a0\u00a0\u00a0\u00a0\u00a0\u00a0\u00a0\u00a0\u00a0\u00a0\u00a0\u00a0\u00a0\u00a0\u00a0\u00a0\u00a0\u00a0\u00a0\u00a0\u00a0\u00a0\u00a0\u00a0\u00a0\u00a0\u00a0\u00a0\u00a0\u00a0\u00a0\u00a0\u00a0\u00a0\u00a0\u00a0\u00a0\u00a0\u00a0\u00a0\u00a0\u00a0\u00a0\u00a0\u00a0\u00a0\u00a0\u00a0\u00a0\u00a0\u00a0\u00a0\u00a0\u00a0\u00a0\u00a0\u00a0\u00a0\u00a0\u00a0\u00a0\u00a0\u00a0\u00a0\u00a0\u00a0\u00a0\u00a0\u00a0\u00a0\u00a0\u00a0\u00a0\u00a0\u00a0\u00a0\u00a0\u00a0\u00a0\u00a0\u00a0\u00a0\u00a0\u00a0\u00a0\u00a0\u00a0\u00a0\u00a0\u00a0\u00a0\u00a0\u00a0\u00a0\u00a0\u00a0\u00a0\u00a0\u00a0\u00a0\u00a0\u00a0\u00a0\u00a0\u00a0\u00a0\u00a0 Ich interessiere mich sehr f\u00fcr Philosophie, Politik und den Klimaschutz. Wenn ich wieder in Deutschland bin, m\u00f6chte ich Politikwissenschaften und Philosophie studieren. Ich habe schon an kleineren Umweltschutzprojekten und einer internationalen Klimakonferenz teilgenommen, ebenfalls versuche ich so gut es geht ohne Plastik zu leben.<\/p>\n<p>Alle, die mich gut kennen wissen, dass Schweden mein absolutes Lieblingsland ist. Ich lerne die Sprache und plane sp\u00e4ter dort zu wohnen. Die Natur und die Menschen dort haben mich irgendwie in ihren Bann gezogen. Brasilien ist klimatisch gesehen das genaue Gegenteil Schwedens, aber ich habe Freude daran, mich auf v\u00f6llig neue Situationen und Gegenden einzulassen.<\/p>\n<p>Nach dem Abitur wollte ich gerne ins Ausland, war aber von dem Angebot an Organisationen und Einsatzl\u00e4ndern schlicht \u00fcberfordert. Meine Mutter hatte mir damals von Kulturweit erz\u00e4hlt und mir gefiel die Idee des Fokus auf die\u00a0Kulturarbeit besonders gut. Meiner Meinung nach ist es in einer globalisierten Welt von enormer Bedeutung, interkulturelle Kompetenzen zu erwerben, offen und unvoreingenommen zu bleiben und Respekt f\u00fcr andere Lebensformen aufzubringen. Da ich selbst ein halbes Jahr eine Austauschsch\u00fclerin aus Kolumbien als Gastschwester hatte, habe ich mich f\u00fcr die Region S\u00fcdamerika beworben und war dementsprechend begeistert, nach Brasilien reisen zu d\u00fcrfen. Weiterhin bedeutet die Teilnahme an Kulturweit f\u00fcr mich eine einmalige Chance der Pers\u00f6nlichkeitsentwicklung. Sich selbst das erste Mal wirklich alleine durchzuk\u00e4mpfen, eigene Projekte umzusetzen\u00a0und eine v\u00f6llig neue Sprache zu lernen, sind wichtige Schritte in die\u00a0Eigenst\u00e4ndigkeit\u00a0f\u00fcr mich.<\/p>\n<p>Da Probleme in der heutigen Welt nur noch auf internationaler Ebene in Form von institutioneller Zusammenarbeit gel\u00f6st werden k\u00f6nnen, erachte ich es als sinnvoll, den interkulturellen Dialog in Form von Freiwilligendiensten zu f\u00f6rdern und sich gleichzeitig mit den eigenen Privilegien, der eigenen Mitverantwortung f\u00fcr gewisse strukturelle Kontinuit\u00e4ten und mit der Kolonialgeschichte auseinanderzusetzen.<\/p>\n<p>Ich bin unglaublich dankbar daf\u00fcr, dass ich diese Erfahrungen machen darf und freue mich auf alle neuen Eindr\u00fccke und Sichtweisen.<\/p>\n<p>Liebe Gr\u00fc\u00dfe,<\/p>\n<p>Leah<\/p>\n<p>&nbsp;<\/p>\n","protected":false},"excerpt":{"rendered":"<p>Hi, ich hei\u00dfe Leah Preisinger und bin 18 Jahre alt. Ich komme aus S\u00fcd-Deutschland, genauer gesagt aus einem kleinen Dorf in der N\u00e4he von Stuttgart. Von Montag bis Freitag habe ich in den letzten drei Jahren aber in Heidelberg in einem Internat gewohnt. In meiner Freizeit gestalte ich sehr gerne mein Bullet Journal, au\u00dferdem lese [&hellip;]<\/p>\n","protected":false},"author":2684,"featured_media":23,"parent":0,"menu_order":0,"comment_status":"open","ping_status":"closed","template":"","meta":{"footnotes":""},"class_list":["post-45","page","type-page","status-publish","has-post-thumbnail","hentry"],"amp_enabled":true,"_links":{"self":[{"href":"https:\/\/kulturweit.blog\/leahpreisinger\/wp-json\/wp\/v2\/pages\/45"}],"collection":[{"href":"https:\/\/kulturweit.blog\/leahpreisinger\/wp-json\/wp\/v2\/pages"}],"about":[{"href":"https:\/\/kulturweit.blog\/leahpreisinger\/wp-json\/wp\/v2\/types\/page"}],"author":[{"embeddable":true,"href":"https:\/\/kulturweit.blog\/leahpreisinger\/wp-json\/wp\/v2\/users\/2684"}],"replies":[{"embeddable":true,"href":"https:\/\/kulturweit.blog\/leahpreisinger\/wp-json\/wp\/v2\/comments?post=45"}],"version-history":[{"count":2,"href":"https:\/\/kulturweit.blog\/leahpreisinger\/wp-json\/wp\/v2\/pages\/45\/revisions"}],"predecessor-version":[{"id":399,"href":"https:\/\/kulturweit.blog\/leahpreisinger\/wp-json\/wp\/v2\/pages\/45\/revisions\/399"}],"wp:featuredmedia":[{"embeddable":true,"href":"https:\/\/kulturweit.blog\/leahpreisinger\/wp-json\/wp\/v2\/media\/23"}],"wp:attachment":[{"href":"https:\/\/kulturweit.blog\/leahpreisinger\/wp-json\/wp\/v2\/media?parent=45"}],"curies":[{"name":"wp","href":"https:\/\/api.w.org\/{rel}","templated":true}]}}