{"id":2,"date":"2023-08-01T16:32:08","date_gmt":"2023-08-01T14:32:08","guid":{"rendered":"https:\/\/kulturweit.blog\/kenzagoesplaces\/?page_id=2"},"modified":"2023-10-25T00:39:34","modified_gmt":"2023-10-24T22:39:34","slug":"beispiel-seite","status":"publish","type":"page","link":"https:\/\/kulturweit.blog\/kenzagoesplaces\/beispiel-seite\/","title":{"rendered":"Kenza goes places &#8211; Das bin ich"},"content":{"rendered":"<p>Hola queridos lectores,<\/p>\n<p>ich hei\u00dfe Kenza, bin 19 Jahre alt und verbringe aktuell mit kulturweit ein 12-monatiges FSJ in Uruguay. Dieser Blog widmet sich meinem Aufenthalt im zweitkleinsten Land S\u00fcdamerikas (Uruguay ist wirklich winzig -&gt; halb so gro\u00df wie Deutschland und hat nur 3,5 Millionen Einwohner*innen, daf\u00fcr aber viermal so viele K\u00fche ;)).<br \/>\nIch habe dieses Jahr mein Abitur gemacht und habe mich nach einem aufgrund der Pandemie geplatzten Auslandsjahr nach Kanada in der 11. Klasse nach einer anderen M\u00f6glichkeit gesehnt, diesen Traum wahr werden zu lassen. So bin ich auf kulturweit gesto\u00dfen.<br \/>\nIch komme aus einem kleinen Dorf in der S\u00fcdpfalz unweit von Frankreich, die eine H\u00e4lfte meiner Familie kommt jedoch aus dem Rheinland und die andere H\u00e4lfte aus Marokko. Mir wurde somit irgendwie in die Wiege gelegt, mich an mehr als einem Ort zuhause zu f\u00fchlen.<br \/>\nIch bin schon immer gerne gereist und w\u00fcrde mich als sehr neugierig und abenteuerlustig bezeichnen.<br \/>\nMein gr\u00f6\u00dftes Interessengebiet ist die Politik, weswegen ich nach meinem Aufenthalt an der Sciences Po in Nancy in Frankreich und der FU in Berlin ein deutsch-franz\u00f6sisches Studium der Politik- und Sozialwissenschaften beginnen werde. Mein Traum ist es, irgendwann in den Ausw\u00e4rtigen Dienst einzutreten.<br \/>\nIn meiner Freizeit schwimme ich im Verein und habe bis zu diesem Jahr Cello gespielt. Zudem engagiere ich mich gerne unter anderem bei der NGO Brand New Bundestag f\u00fcr progressive Ideen.<br \/>\nIch spreche Deutsch, Englisch und Franz\u00f6sisch flie\u00dfend und w\u00fcrde das gerne nach dem Jahr auch bei Spanisch von mir behaupten k\u00f6nnen\u2026 Ich arbeite noch dran \ud83d\ude09<br \/>\nNach dem Abitur habe ich 5 Wochen eine Interrailreise durch Europa gemacht, die wohl mit eine meiner sch\u00f6nsten Erinnerungen ist. Irgendwie muss man sich ja die Zeit vertreiben, wenn man in Rheinland-Pfalz bereits im M\u00e4rz mit dem Abi durch ist\u2026<\/p>\n","protected":false},"excerpt":{"rendered":"<p>Hola queridos lectores, ich hei\u00dfe Kenza, bin 19 Jahre alt und verbringe aktuell mit kulturweit ein 12-monatiges FSJ in Uruguay. Dieser Blog widmet sich meinem Aufenthalt im zweitkleinsten Land S\u00fcdamerikas (Uruguay ist wirklich winzig -&gt; halb so gro\u00df wie Deutschland und hat nur 3,5 Millionen Einwohner*innen, daf\u00fcr aber viermal so viele K\u00fche ;)). Ich habe [&hellip;]<\/p>\n","protected":false},"author":3158,"featured_media":0,"parent":0,"menu_order":0,"comment_status":"closed","ping_status":"closed","template":"","meta":{"footnotes":""},"class_list":["post-2","page","type-page","status-publish","hentry"],"amp_enabled":true,"_links":{"self":[{"href":"https:\/\/kulturweit.blog\/kenzagoesplaces\/wp-json\/wp\/v2\/pages\/2"}],"collection":[{"href":"https:\/\/kulturweit.blog\/kenzagoesplaces\/wp-json\/wp\/v2\/pages"}],"about":[{"href":"https:\/\/kulturweit.blog\/kenzagoesplaces\/wp-json\/wp\/v2\/types\/page"}],"author":[{"embeddable":true,"href":"https:\/\/kulturweit.blog\/kenzagoesplaces\/wp-json\/wp\/v2\/users\/3158"}],"replies":[{"embeddable":true,"href":"https:\/\/kulturweit.blog\/kenzagoesplaces\/wp-json\/wp\/v2\/comments?post=2"}],"version-history":[{"count":3,"href":"https:\/\/kulturweit.blog\/kenzagoesplaces\/wp-json\/wp\/v2\/pages\/2\/revisions"}],"predecessor-version":[{"id":30,"href":"https:\/\/kulturweit.blog\/kenzagoesplaces\/wp-json\/wp\/v2\/pages\/2\/revisions\/30"}],"wp:attachment":[{"href":"https:\/\/kulturweit.blog\/kenzagoesplaces\/wp-json\/wp\/v2\/media?parent=2"}],"curies":[{"name":"wp","href":"https:\/\/api.w.org\/{rel}","templated":true}]}}