{"id":2,"date":"2024-11-16T22:12:50","date_gmt":"2024-11-16T21:12:50","guid":{"rendered":"https:\/\/kulturweit.blog\/karo24karo25\/?page_id=2"},"modified":"2025-02-08T11:38:16","modified_gmt":"2025-02-08T10:38:16","slug":"beispiel-seite","status":"publish","type":"page","link":"https:\/\/kulturweit.blog\/karo24karo25\/beispiel-seite\/","title":{"rendered":"Dies und Das"},"content":{"rendered":"<p><em>Der F\u00e4cher mit Namen &#8222;Dies und Das&#8220; wird ein Sammelsurium verschiedenster Kategorien, die ich hier einmal n\u00e4her erkl\u00e4ren m\u00f6chte<\/em><!--more--><\/p>\n<p style=\"padding-left: 40px\">Hinter dem Begriff <strong>modi di dire<\/strong> verbirgt sich eine Sammlung jedweder italienischer Redensarten, aber auch sprachlicher Ph\u00e4nomene, die mir \u00fcber den Weg gelaufen sind und mich verzaubert haben<\/p>\n<hr \/>\n<p style=\"padding-left: 40px\">In\u00a0<strong>luoghi<\/strong> werde ich zu besonderen Orten, die meine Zeit vers\u00fc\u00dft haben, meine Empfehlungen aussprechen und richte mich dabei insbesondere an zuk\u00fcnftige Freiwillige in Prato und Umgebung.<\/p>\n<hr \/>\n<p style=\"padding-left: 40px\">In der Kategorie\u00a0<strong>ricette<\/strong> bringe ich meine bisherigen kulinarischen Erleuchtungen in ein lesbares und wiederholbares Format<\/p>\n<hr \/>\n<p style=\"padding-left: 40px\">Au\u00dferdem wird unter <strong>links<\/strong>\u00a0eine kleine aber feine Linksammlung entstehen, die sich rund um mein Engagement am Copernico dreht und sich somit ebenso an k\u00fcnftige Freiwillige richtet.<\/p>\n<hr \/>\n<p style=\"padding-left: 40px\">Zu guter Letzt werde ich hier ein paar italienische Songs diskutieren, wobei ich einen Schwerpunkt auf die Sprache setze. Es ist ein kleines Projekt von mir und f\u00fcr mich und tr\u00e4gt den Namen <strong>canzoni<\/strong>.<\/p>\n<p>&nbsp;<\/p>\n","protected":false},"excerpt":{"rendered":"<p>Der F\u00e4cher mit Namen &#8222;Dies und Das&#8220; wird ein Sammelsurium verschiedenster Kategorien, die ich hier einmal n\u00e4her erkl\u00e4ren m\u00f6chte<\/p>\n","protected":false},"author":3294,"featured_media":0,"parent":0,"menu_order":0,"comment_status":"closed","ping_status":"closed","template":"sidebar-page.php","meta":{"footnotes":""},"class_list":["post-2","page","type-page","status-publish","hentry"],"amp_enabled":true,"_links":{"self":[{"href":"https:\/\/kulturweit.blog\/karo24karo25\/wp-json\/wp\/v2\/pages\/2"}],"collection":[{"href":"https:\/\/kulturweit.blog\/karo24karo25\/wp-json\/wp\/v2\/pages"}],"about":[{"href":"https:\/\/kulturweit.blog\/karo24karo25\/wp-json\/wp\/v2\/types\/page"}],"author":[{"embeddable":true,"href":"https:\/\/kulturweit.blog\/karo24karo25\/wp-json\/wp\/v2\/users\/3294"}],"replies":[{"embeddable":true,"href":"https:\/\/kulturweit.blog\/karo24karo25\/wp-json\/wp\/v2\/comments?post=2"}],"version-history":[{"count":3,"href":"https:\/\/kulturweit.blog\/karo24karo25\/wp-json\/wp\/v2\/pages\/2\/revisions"}],"predecessor-version":[{"id":126,"href":"https:\/\/kulturweit.blog\/karo24karo25\/wp-json\/wp\/v2\/pages\/2\/revisions\/126"}],"wp:attachment":[{"href":"https:\/\/kulturweit.blog\/karo24karo25\/wp-json\/wp\/v2\/media?parent=2"}],"curies":[{"name":"wp","href":"https:\/\/api.w.org\/{rel}","templated":true}]}}