{"id":18,"date":"2024-11-18T21:32:30","date_gmt":"2024-11-18T20:32:30","guid":{"rendered":"https:\/\/kulturweit.blog\/karo24karo25\/?page_id=18"},"modified":"2025-09-15T18:11:39","modified_gmt":"2025-09-15T16:11:39","slug":"wer-bin-ich","status":"publish","type":"page","link":"https:\/\/kulturweit.blog\/karo24karo25\/wer-bin-ich\/","title":{"rendered":"Ciao allerseits!"},"content":{"rendered":"<p>Hallo und herzlich willkommen auf meiner Website!<\/p>\n<p>Mein Name ist Katharina, f\u00fcr dieses Jahr aber eher Caterina, zumindest nennen mich hier in Italien wundersamerweise alle so. Inzwischen habe ich es aufgegeben, sie zu korrigieren, schlie\u00dflich sprechen sie es so liebevoll aus. Aber ich schweife ab, denn diese Seite dient der Vorstellung. Abgesehen von der Tatsache, dass mich alle Leser meines Blogs schon kennen, weil er passwortgesch\u00fctzt ist und ich nur denjenigen das Passwort mitteile, die ich kenne &#8211; hier der Vollst\u00e4ndigkeit halber ein paar Informationen \u00fcber mich:<\/p>\n<p>Seit dem 1. September 2024 bin ich offiziell Freiwillige \u00fcber den Tr\u00e4ger <a href=\"https:\/\/www.kulturweit.de\/\">kulturweit<\/a> und leiste meinen Freiwilligendienst (FD\/FSJ) am <a href=\"https:\/\/copernicoprato.edu.it\/\">Liceo Scientifico N. Copernico<\/a> in Prato nahe Firenze ab. Nicht viele kennen Prato, deshalb ist das &#8222;nahe Firenze&#8220; auch bitter n\u00f6tig. Der Vorteil ist, dass es in Prato kaum touristisch zugeht, daf\u00fcr dass es sich um die zweitgr\u00f6\u00dfte Stadt der Toskana handelt.<\/p>\n<hr \/>\n<p>Es folgt eine Reihe weiterer Vorstellungen &#8211; hier eine kurze und knappe Namensliste, die alle wichtigen Personen enth\u00e4lt, mit denen ich regelm\u00e4\u00dfig zu tun hatte. Es ist mir nicht m\u00f6glich, f\u00fcr jede von ihnen bei jeder Erw\u00e4hnung eine erneute Erkl\u00e4rung anzuf\u00fcgen.<\/p>\n<ul>\n<li>Rosella, die <em>nonna<\/em> bei der ich von September bis M\u00e4rz gelebt habe und die mich in die ein oder andere italienische Tradition eingeweiht hat<\/li>\n<li>Serena, die\u00a0<em>nonna<\/em> bei der ich im April und Mai gewohnt habe und die mir voller Herzlichkeit den sprachlichen Feinschliff verpasste<\/li>\n<li>Paola, eine Freundin Simonas aus Genua, in deren Wohnung im Zentrum ich im Juni eingezogen bin und f\u00fcr die restliche Zeit in WGs erst mit Romane und dann mit Emilia wohnte<\/li>\n<li>Simona<\/li>\n<li>Barbara<\/li>\n<li>Cristina<\/li>\n<li>Silvia<\/li>\n<li>Friedemann Regel<\/li>\n<li>William<\/li>\n<li>Tiziana<\/li>\n<li>Tabeer<\/li>\n<li>Elisabetta<\/li>\n<li>Jonas<\/li>\n<li>Peter &amp; Britta<\/li>\n<li>Marina<\/li>\n<li>Denise &amp; Cristina<\/li>\n<li>Francesca &amp; Giulia<\/li>\n<li>Giulia &amp; Enzo<\/li>\n<li>Alice<\/li>\n<li>Leonore &amp; Luana, zwei andere Freiwillige in Prato und Arezzo, mit denen ich mich vor allem in den ersten zwei Monaten in Firenze getroffen habe, um die Stadt zu erkunden, mit denen ich aber insbesondere nach dem ersten Zwischenseminar nichts mehr am Hut hatte; beide verk\u00fcrzten ihren FWD auf ein halbes Jahr<\/li>\n<li>Beatrice<\/li>\n<li>Romane, eine Franz\u00f6sin, die ihr Studium abgeschlossen und zur \u00dcberbr\u00fcckung der Wartezeit auf einen Job im Hardrock Caf\u00e9 in Firenze gearbeitet hat, wobei sie einen Italiener kennenlernt und ihn unabgesprochen mit uns wohnen lie\u00df, was noch zu einigen Reibungen f\u00fchrte<\/li>\n<li>Emilia<\/li>\n<\/ul>\n","protected":false},"excerpt":{"rendered":"<p>Hallo und herzlich willkommen auf meiner Website! Mein Name ist Katharina, f\u00fcr dieses Jahr aber eher Caterina, zumindest nennen mich hier in Italien wundersamerweise alle so. Inzwischen habe ich es aufgegeben, sie zu korrigieren, schlie\u00dflich sprechen sie es so liebevoll &hellip; <a href=\"https:\/\/kulturweit.blog\/karo24karo25\/wer-bin-ich\/\">Weiterlesen <span class=\"meta-nav\">&rarr;<\/span><\/a><\/p>\n","protected":false},"author":3294,"featured_media":0,"parent":0,"menu_order":0,"comment_status":"closed","ping_status":"closed","template":"sidebar-page.php","meta":{"footnotes":""},"class_list":["post-18","page","type-page","status-publish","hentry"],"amp_enabled":true,"_links":{"self":[{"href":"https:\/\/kulturweit.blog\/karo24karo25\/wp-json\/wp\/v2\/pages\/18"}],"collection":[{"href":"https:\/\/kulturweit.blog\/karo24karo25\/wp-json\/wp\/v2\/pages"}],"about":[{"href":"https:\/\/kulturweit.blog\/karo24karo25\/wp-json\/wp\/v2\/types\/page"}],"author":[{"embeddable":true,"href":"https:\/\/kulturweit.blog\/karo24karo25\/wp-json\/wp\/v2\/users\/3294"}],"replies":[{"embeddable":true,"href":"https:\/\/kulturweit.blog\/karo24karo25\/wp-json\/wp\/v2\/comments?post=18"}],"version-history":[{"count":3,"href":"https:\/\/kulturweit.blog\/karo24karo25\/wp-json\/wp\/v2\/pages\/18\/revisions"}],"predecessor-version":[{"id":153,"href":"https:\/\/kulturweit.blog\/karo24karo25\/wp-json\/wp\/v2\/pages\/18\/revisions\/153"}],"wp:attachment":[{"href":"https:\/\/kulturweit.blog\/karo24karo25\/wp-json\/wp\/v2\/media?parent=18"}],"curies":[{"name":"wp","href":"https:\/\/api.w.org\/{rel}","templated":true}]}}