{"id":2,"date":"2023-02-24T11:17:32","date_gmt":"2023-02-24T10:17:32","guid":{"rendered":"https:\/\/kulturweit.blog\/juliusreinemann\/?page_id=2"},"modified":"2024-07-05T22:08:30","modified_gmt":"2024-07-05T20:08:30","slug":"beispiel-seite","status":"publish","type":"page","link":"https:\/\/kulturweit.blog\/juliusreinemann\/","title":{"rendered":"\u00a1HOLA Y BIENVENID@S!"},"content":{"rendered":"<div id=\"comp-ldiphx4m4\" class=\"BaOVQ8 tz5f0K comp-ldiphx4m4 wixui-rich-text\" data-testid=\"richTextElement\">\n<h2 class=\"font_6\"><span class=\"color_15\"><a href=\"https:\/\/kulturweit.blog\/juliusreinemann\/files\/2023\/02\/Julius-Polaroid-ohne-Rand.jpeg\"><img loading=\"lazy\" decoding=\"async\" class=\"alignleft wp-image-23\" src=\"https:\/\/kulturweit.blog\/juliusreinemann\/files\/2023\/02\/Julius-Polaroid-ohne-Rand.jpeg\" alt=\"\" width=\"310\" height=\"310\" srcset=\"https:\/\/kulturweit.blog\/juliusreinemann\/files\/2023\/02\/Julius-Polaroid-ohne-Rand.jpeg 263w, https:\/\/kulturweit.blog\/juliusreinemann\/files\/2023\/02\/Julius-Polaroid-ohne-Rand-150x150.jpeg 150w\" sizes=\"(max-width: 310px) 100vw, 310px\" \/><\/a><\/span><\/h2>\n<\/div>\n<div id=\"comp-ldiphx4n\" class=\"BaOVQ8 tz5f0K comp-ldiphx4n wixui-rich-text\" data-testid=\"richTextElement\">\n<p class=\"font_9\"><span class=\"color_15\">Ich bin Julius und habe ab M\u00e4rz 2023 im Rahmen meines Kulturweit-Freiwilligendienstes f\u00fcr 12 Monate am Colegio Alem\u00e1n Federico Froebel in Cochabamba, Bolivien gearbeitet.<\/span><\/p>\n<p>Einige Eindr\u00fccke meines aufregenden Jahres im Herzen S\u00fcdamerikas habe ich auf diesem Blog zusammengefasst.<\/p>\n<p>Meine Beitr\u00e4ge findet ihr in Chronologischer Reihenfolge <a href=\"https:\/\/kulturweit.blog\/juliusreinemann\/mein-blog\/\">hier<\/a>.<\/p>\n<\/div>\n","protected":false},"excerpt":{"rendered":"<p>Ich bin Julius und habe ab M\u00e4rz 2023 im Rahmen meines Kulturweit-Freiwilligendienstes f\u00fcr 12 Monate am Colegio Alem\u00e1n Federico Froebel in Cochabamba, Bolivien gearbeitet. Einige Eindr\u00fccke meines aufregenden Jahres im Herzen S\u00fcdamerikas habe ich auf diesem Blog zusammengefasst. Meine Beitr\u00e4ge findet ihr in Chronologischer Reihenfolge hier.<\/p>\n","protected":false},"author":3122,"featured_media":0,"parent":0,"menu_order":0,"comment_status":"closed","ping_status":"open","template":"","meta":{"footnotes":""},"class_list":["post-2","page","type-page","status-publish","hentry"],"amp_enabled":false,"_links":{"self":[{"href":"https:\/\/kulturweit.blog\/juliusreinemann\/wp-json\/wp\/v2\/pages\/2"}],"collection":[{"href":"https:\/\/kulturweit.blog\/juliusreinemann\/wp-json\/wp\/v2\/pages"}],"about":[{"href":"https:\/\/kulturweit.blog\/juliusreinemann\/wp-json\/wp\/v2\/types\/page"}],"author":[{"embeddable":true,"href":"https:\/\/kulturweit.blog\/juliusreinemann\/wp-json\/wp\/v2\/users\/3122"}],"replies":[{"embeddable":true,"href":"https:\/\/kulturweit.blog\/juliusreinemann\/wp-json\/wp\/v2\/comments?post=2"}],"version-history":[{"count":3,"href":"https:\/\/kulturweit.blog\/juliusreinemann\/wp-json\/wp\/v2\/pages\/2\/revisions"}],"predecessor-version":[{"id":195,"href":"https:\/\/kulturweit.blog\/juliusreinemann\/wp-json\/wp\/v2\/pages\/2\/revisions\/195"}],"wp:attachment":[{"href":"https:\/\/kulturweit.blog\/juliusreinemann\/wp-json\/wp\/v2\/media?parent=2"}],"curies":[{"name":"wp","href":"https:\/\/api.w.org\/{rel}","templated":true}]}}