{"id":195,"date":"2017-12-11T17:44:23","date_gmt":"2017-12-11T16:44:23","guid":{"rendered":"https:\/\/kulturweit.blog\/geheimtippalbanien\/?page_id=195"},"modified":"2019-04-28T13:57:46","modified_gmt":"2019-04-28T11:57:46","slug":"specials","status":"publish","type":"page","link":"https:\/\/kulturweit.blog\/geheimtippalbanien\/specials\/","title":{"rendered":"Specials"},"content":{"rendered":"<h1>#Nostalgie<\/h1>\n<p>Das werde ich nach meinem FSJ vermissen:<\/p>\n<ol>\n<li>den seeehr guten Kaffee<\/li>\n<li>das Lehrerkollegium der Schule<\/li>\n<li>meine Sch\u00fcler, mit denen ich zusammen gearbeitet habe<\/li>\n<li>Byrek, Bakllava, Trileqe (um nur ein paar zu nennen)<\/li>\n<li>die riesige Auswahl an frischem, billigen Obst und Gem\u00fcse an jeder Ecke<\/li>\n<li>die vielf\u00e4ltige Restaurantszene mit meiner Freundin durchzuprobieren<\/li>\n<li>die ganzen M\u00f6glichkeiten, die eine Gro\u00dfstadt bietet<\/li>\n<li>die spontanen Reisen an den Wochenende<\/li>\n<li>meine sch\u00f6ne Wohnung<\/li>\n<li>die fremde Sprache, auch wenn ich sie immer noch nicht wirklich verstehen kann<\/li>\n<\/ol>\n<p><em>Das Ende meines FSJs n\u00e4hert sich und ich beginne, daran zu denken, was mir alles zur\u00fcck in Deutschland fehlen wird. Die oben genannten Punkte sind dabei noch lange nicht alle!<\/em><\/p>\n<p>&nbsp;<\/p>\n<h1>#dankbar<\/h1>\n<p>Ich bin dankbar f\u00fcr&#8230;<\/p>\n<ol>\n<li>die Chance, bei <em>kulturweit<\/em> teilnehmen zu k\u00f6nnen\/d\u00fcrfen<\/li>\n<li>meine unglaubliche <strong>Familie<\/strong>, die mich immer und \u00fcberall unterst\u00fctzt<\/li>\n<li>die tollen <strong>Freundschaften<\/strong>, die ich geschlossen habe<\/li>\n<li>das <strong>Kennenlernen<\/strong> neuer, interessanter Leute<\/li>\n<li>vor allem die enge Freundschaft mit Annchristin<\/li>\n<li>ein tolles Lehrerkollegium<\/li>\n<li>sehr gute Sch\u00fclerInnen<\/li>\n<li>eine super Wohnung<\/li>\n<li>ein gutes Verh\u00e4ltnis zu meiner Mitbewohnerin<\/li>\n<li>die M\u00f6glichkeit, zu <strong>reisen<\/strong> und neue L\u00e4nder und Kulturen kennen zu lernen<\/li>\n<li>die verschiedenen Ansprechpartner vor Ort und jegliche Hilfe, die schon von ihnen kam<\/li>\n<li>die Zusammenarbeit mit der Praktikantin<\/li>\n<li>den tollen Einsatzort\/ das interessante <strong>Einsatzland<\/strong><\/li>\n<li>die M\u00f6glichkeit, eine neue Sprache zu lernen<\/li>\n<\/ol>\n<p><em>Auf dem Zwischenseminar in Serbien hat jeder eine Liste mit Punkten geschrieben, wof\u00fcr er\/sie dankbar ist. Ich fand die Idee toll und nutze diesen Blog, um zu zeigen wof\u00fcr ich dankbar bin.<\/em><\/p>\n","protected":false},"excerpt":{"rendered":"<p>#Nostalgie Das werde ich nach meinem FSJ vermissen: den seeehr guten Kaffee das Lehrerkollegium der Schule meine Sch\u00fcler, mit denen ich zusammen gearbeitet habe Byrek, Bakllava, Trileqe (um nur ein paar zu nennen) die riesige Auswahl an frischem, billigen Obst und Gem\u00fcse an jeder Ecke die vielf\u00e4ltige Restaurantszene mit meiner Freundin durchzuprobieren die ganzen M\u00f6glichkeiten, &hellip; <span class=\"more-link\"><a href=\"https:\/\/kulturweit.blog\/geheimtippalbanien\/specials\/\">Mehr lesen &raquo;<\/a><\/span><\/p>\n","protected":false},"author":2213,"featured_media":0,"parent":0,"menu_order":0,"comment_status":"closed","ping_status":"closed","template":"","meta":{"footnotes":""},"class_list":["post-195","page","type-page","status-publish","hentry"],"amp_enabled":true,"_links":{"self":[{"href":"https:\/\/kulturweit.blog\/geheimtippalbanien\/wp-json\/wp\/v2\/pages\/195"}],"collection":[{"href":"https:\/\/kulturweit.blog\/geheimtippalbanien\/wp-json\/wp\/v2\/pages"}],"about":[{"href":"https:\/\/kulturweit.blog\/geheimtippalbanien\/wp-json\/wp\/v2\/types\/page"}],"author":[{"embeddable":true,"href":"https:\/\/kulturweit.blog\/geheimtippalbanien\/wp-json\/wp\/v2\/users\/2213"}],"replies":[{"embeddable":true,"href":"https:\/\/kulturweit.blog\/geheimtippalbanien\/wp-json\/wp\/v2\/comments?post=195"}],"version-history":[{"count":4,"href":"https:\/\/kulturweit.blog\/geheimtippalbanien\/wp-json\/wp\/v2\/pages\/195\/revisions"}],"predecessor-version":[{"id":287,"href":"https:\/\/kulturweit.blog\/geheimtippalbanien\/wp-json\/wp\/v2\/pages\/195\/revisions\/287"}],"wp:attachment":[{"href":"https:\/\/kulturweit.blog\/geheimtippalbanien\/wp-json\/wp\/v2\/media?parent=195"}],"curies":[{"name":"wp","href":"https:\/\/api.w.org\/{rel}","templated":true}]}}