{"id":200,"date":"2012-12-01T18:30:10","date_gmt":"2012-12-01T17:30:10","guid":{"rendered":"https:\/\/kulturweit.blog\/eliunterwegs\/files\/2012\/12\/IMG_5254.jpg"},"modified":"2012-12-01T18:30:10","modified_gmt":"2012-12-01T17:30:10","slug":"img_5254","status":"inherit","type":"attachment","link":"https:\/\/kulturweit.blog\/eliunterwegs\/2012\/12\/01\/vom-kloster-ins-paradies\/img_5254\/","title":{"rendered":"IMG_5254"},"author":955,"featured_media":0,"comment_status":"open","ping_status":"open","template":"","meta":[],"class_list":["post-200","attachment","type-attachment","status-inherit","hentry"],"description":{"rendered":"<p class=\"attachment\"><a href='https:\/\/kulturweit.blog\/eliunterwegs\/files\/2012\/12\/IMG_5254.jpg'><img loading=\"lazy\" decoding=\"async\" width=\"300\" height=\"199\" src=\"https:\/\/kulturweit.blog\/eliunterwegs\/files\/2012\/12\/IMG_5254-300x199.jpg\" class=\"attachment-medium size-medium\" alt=\"\" srcset=\"https:\/\/kulturweit.blog\/eliunterwegs\/files\/2012\/12\/IMG_5254-300x199.jpg 300w, https:\/\/kulturweit.blog\/eliunterwegs\/files\/2012\/12\/IMG_5254-450x300.jpg 450w, https:\/\/kulturweit.blog\/eliunterwegs\/files\/2012\/12\/IMG_5254.jpg 1024w\" sizes=\"(max-width: 300px) 100vw, 300px\" \/><\/a><\/p>\n"},"caption":{"rendered":"<p>Tschechisches Paradies &#8211; \u010desk\u00fd r\u00e1j <a href=\"https:\/\/kulturweit.blog\/eliunterwegs\/2012\/12\/01\/vom-kloster-ins-paradies\/img_5254\/\">Weiterlesen <span class=\"meta-nav\">&rarr;<\/span><\/a><\/p>\n"},"alt_text":"","media_type":"image","mime_type":"image\/jpeg","media_details":{"width":"1024","height":"682","hwstring_small":"height='85' width='128'","file":"2012\/12\/IMG_5254.jpg","sizes":{"thumbnail":{"file":"IMG_5254-500x500.jpg","width":"500","height":"500","source_url":"https:\/\/kulturweit.blog\/eliunterwegs\/files\/2012\/12\/IMG_5254-500x500.jpg"},"medium":{"file":"IMG_5254-300x199.jpg","width":"300","height":"199","source_url":"https:\/\/kulturweit.blog\/eliunterwegs\/files\/2012\/12\/IMG_5254-300x199.jpg"},"kw_blog":{"file":"IMG_5254-700x300.jpg","width":"700","height":"300","source_url":"https:\/\/kulturweit.blog\/eliunterwegs\/files\/2012\/12\/IMG_5254-700x300.jpg"},"post-thumbnail":{"file":"IMG_5254-1000x288.jpg","width":"1000","height":"288","source_url":"https:\/\/kulturweit.blog\/eliunterwegs\/files\/2012\/12\/IMG_5254-1000x288.jpg"},"large-feature":{"file":"IMG_5254-1000x288.jpg","width":"1000","height":"288","source_url":"https:\/\/kulturweit.blog\/eliunterwegs\/files\/2012\/12\/IMG_5254-1000x288.jpg"},"small-feature":{"file":"IMG_5254-450x300.jpg","width":"450","height":"300","source_url":"https:\/\/kulturweit.blog\/eliunterwegs\/files\/2012\/12\/IMG_5254-450x300.jpg"},"full":{"file":"IMG_5254.jpg","width":1024,"height":682,"mime_type":"image\/jpeg","source_url":"https:\/\/kulturweit.blog\/eliunterwegs\/files\/2012\/12\/IMG_5254.jpg"}},"image_meta":{"aperture":"0","credit":"","camera":"","caption":"","created_timestamp":"0","copyright":"","focal_length":"0","iso":"0","shutter_speed":"0","title":""}},"post":196,"source_url":"https:\/\/kulturweit.blog\/eliunterwegs\/files\/2012\/12\/IMG_5254.jpg","_links":{"self":[{"href":"https:\/\/kulturweit.blog\/eliunterwegs\/wp-json\/wp\/v2\/media\/200"}],"collection":[{"href":"https:\/\/kulturweit.blog\/eliunterwegs\/wp-json\/wp\/v2\/media"}],"about":[{"href":"https:\/\/kulturweit.blog\/eliunterwegs\/wp-json\/wp\/v2\/types\/attachment"}],"author":[{"embeddable":true,"href":"https:\/\/kulturweit.blog\/eliunterwegs\/wp-json\/wp\/v2\/users\/955"}],"replies":[{"embeddable":true,"href":"https:\/\/kulturweit.blog\/eliunterwegs\/wp-json\/wp\/v2\/comments?post=200"}]}}

<p>Tschechisches Paradies &#8211; český ráj <a href="https://kulturweit.blog/eliunterwegs/2012/12/01/vom-kloster-ins-paradies/img_5254/">Weiterlesen <span class="meta-nav">&rarr;</span></a></p>
