{"id":80,"date":"2022-12-06T09:55:56","date_gmt":"2022-12-06T08:55:56","guid":{"rendered":"https:\/\/kulturweit.blog\/einfachmalmachen\/?page_id=80"},"modified":"2023-03-01T10:50:00","modified_gmt":"2023-03-01T09:50:00","slug":"athen-eine-welt-fuer-sich","status":"publish","type":"page","link":"https:\/\/kulturweit.blog\/einfachmalmachen\/athen-eine-welt-fuer-sich\/","title":{"rendered":"Athen &#8211; eine Welt f\u00fcr sich"},"content":{"rendered":"<p align=\"justify\"><a href=\"https:\/\/kulturweit.blog\/einfachmalmachen\/files\/2022\/12\/WhatsApp-Image-2022-12-06-at-10.59.19.jpeg\"><img loading=\"lazy\" decoding=\"async\" class=\"alignnone size-medium wp-image-83\" src=\"https:\/\/kulturweit.blog\/einfachmalmachen\/files\/2022\/12\/WhatsApp-Image-2022-12-06-at-10.59.19-300x225.jpeg\" alt=\"\" width=\"300\" height=\"225\" srcset=\"https:\/\/kulturweit.blog\/einfachmalmachen\/files\/2022\/12\/WhatsApp-Image-2022-12-06-at-10.59.19-300x225.jpeg 300w, https:\/\/kulturweit.blog\/einfachmalmachen\/files\/2022\/12\/WhatsApp-Image-2022-12-06-at-10.59.19-768x576.jpeg 768w, https:\/\/kulturweit.blog\/einfachmalmachen\/files\/2022\/12\/WhatsApp-Image-2022-12-06-at-10.59.19.jpeg 1024w\" sizes=\"(max-width: 300px) 100vw, 300px\" \/><\/a><a href=\"https:\/\/kulturweit.blog\/einfachmalmachen\/files\/2022\/12\/WhatsApp-Image-2022-12-06-at-11.01.52-1.jpeg\"><img loading=\"lazy\" decoding=\"async\" class=\"size-medium wp-image-85 alignleft\" src=\"https:\/\/kulturweit.blog\/einfachmalmachen\/files\/2022\/12\/WhatsApp-Image-2022-12-06-at-11.01.52-1-300x400.jpeg\" alt=\"\" width=\"300\" height=\"400\" srcset=\"https:\/\/kulturweit.blog\/einfachmalmachen\/files\/2022\/12\/WhatsApp-Image-2022-12-06-at-11.01.52-1-300x400.jpeg 300w, https:\/\/kulturweit.blog\/einfachmalmachen\/files\/2022\/12\/WhatsApp-Image-2022-12-06-at-11.01.52-1.jpeg 768w\" sizes=\"(max-width: 300px) 100vw, 300px\" \/><\/a><a href=\"https:\/\/kulturweit.blog\/einfachmalmachen\/files\/2022\/12\/WhatsApp-Image-2022-12-06-at-11.01.52-2.jpeg\"><img loading=\"lazy\" decoding=\"async\" class=\"size-medium wp-image-86 alignleft\" src=\"https:\/\/kulturweit.blog\/einfachmalmachen\/files\/2022\/12\/WhatsApp-Image-2022-12-06-at-11.01.52-2-300x400.jpeg\" alt=\"\" width=\"300\" height=\"400\" srcset=\"https:\/\/kulturweit.blog\/einfachmalmachen\/files\/2022\/12\/WhatsApp-Image-2022-12-06-at-11.01.52-2-300x400.jpeg 300w, https:\/\/kulturweit.blog\/einfachmalmachen\/files\/2022\/12\/WhatsApp-Image-2022-12-06-at-11.01.52-2.jpeg 768w\" sizes=\"(max-width: 300px) 100vw, 300px\" \/><\/a> <a href=\"https:\/\/kulturweit.blog\/einfachmalmachen\/files\/2022\/12\/WhatsApp-Image-2022-12-06-at-11.01.52-3.jpeg\"><img loading=\"lazy\" decoding=\"async\" class=\"size-medium wp-image-87 alignleft\" src=\"https:\/\/kulturweit.blog\/einfachmalmachen\/files\/2022\/12\/WhatsApp-Image-2022-12-06-at-11.01.52-3-300x400.jpeg\" alt=\"\" width=\"300\" height=\"400\" srcset=\"https:\/\/kulturweit.blog\/einfachmalmachen\/files\/2022\/12\/WhatsApp-Image-2022-12-06-at-11.01.52-3-300x400.jpeg 300w, https:\/\/kulturweit.blog\/einfachmalmachen\/files\/2022\/12\/WhatsApp-Image-2022-12-06-at-11.01.52-3.jpeg 768w\" sizes=\"(max-width: 300px) 100vw, 300px\" \/><\/a> <a href=\"https:\/\/kulturweit.blog\/einfachmalmachen\/files\/2022\/12\/WhatsApp-Image-2022-12-06-at-11.01.52-4.jpeg\"><img loading=\"lazy\" decoding=\"async\" class=\"alignnone size-medium wp-image-88\" src=\"https:\/\/kulturweit.blog\/einfachmalmachen\/files\/2022\/12\/WhatsApp-Image-2022-12-06-at-11.01.52-4-300x225.jpeg\" alt=\"\" width=\"300\" height=\"225\" srcset=\"https:\/\/kulturweit.blog\/einfachmalmachen\/files\/2022\/12\/WhatsApp-Image-2022-12-06-at-11.01.52-4-300x225.jpeg 300w, https:\/\/kulturweit.blog\/einfachmalmachen\/files\/2022\/12\/WhatsApp-Image-2022-12-06-at-11.01.52-4-768x576.jpeg 768w, https:\/\/kulturweit.blog\/einfachmalmachen\/files\/2022\/12\/WhatsApp-Image-2022-12-06-at-11.01.52-4.jpeg 1024w\" sizes=\"(max-width: 300px) 100vw, 300px\" \/><\/a> <a href=\"https:\/\/kulturweit.blog\/einfachmalmachen\/files\/2022\/12\/WhatsApp-Image-2022-12-06-at-11.01.52.jpeg\"><img loading=\"lazy\" decoding=\"async\" class=\"size-medium wp-image-89 alignleft\" src=\"https:\/\/kulturweit.blog\/einfachmalmachen\/files\/2022\/12\/WhatsApp-Image-2022-12-06-at-11.01.52-300x400.jpeg\" alt=\"\" width=\"300\" height=\"400\" srcset=\"https:\/\/kulturweit.blog\/einfachmalmachen\/files\/2022\/12\/WhatsApp-Image-2022-12-06-at-11.01.52-300x400.jpeg 300w, https:\/\/kulturweit.blog\/einfachmalmachen\/files\/2022\/12\/WhatsApp-Image-2022-12-06-at-11.01.52.jpeg 768w\" sizes=\"(max-width: 300px) 100vw, 300px\" \/><\/a> <a href=\"https:\/\/kulturweit.blog\/einfachmalmachen\/files\/2022\/12\/WhatsApp-Image-2022-12-06-at-11.01.53.jpeg\"><img loading=\"lazy\" decoding=\"async\" class=\"alignnone size-medium wp-image-90\" src=\"https:\/\/kulturweit.blog\/einfachmalmachen\/files\/2022\/12\/WhatsApp-Image-2022-12-06-at-11.01.53-300x400.jpeg\" alt=\"\" width=\"300\" height=\"400\" srcset=\"https:\/\/kulturweit.blog\/einfachmalmachen\/files\/2022\/12\/WhatsApp-Image-2022-12-06-at-11.01.53-300x400.jpeg 300w, https:\/\/kulturweit.blog\/einfachmalmachen\/files\/2022\/12\/WhatsApp-Image-2022-12-06-at-11.01.53.jpeg 768w\" sizes=\"(max-width: 300px) 100vw, 300px\" \/><\/a><\/p>\n<p align=\"justify\">Athen ist Kosmos. Die Metropole ist zu gleich Touristenmagnet und Wohnort von rund 4,5 Millionen Menschen. Hier kongruiert als Baustoff Marmor mit Beton und doch gl\u00e4nzen beide in der Sonne um die Wette. Stille ist nur an wenigen Orten zu finden und wenn man sie dann doch erlebt, ist man immer wieder \u00fcberrascht: Athen hat unglaublich viele sch\u00f6ne Orte.<\/p>\n<p align=\"justify\">Athen ist bergig. Nicht selten l\u00e4uft man keuchend und au\u00dfer Atem durch kleine Stra\u00dfen oder es geht auf dem Weg zum lokalen Supermarkt auf und ab. In die Fu\u00dfwege sind dann manchmal Treppen eingebaut. Wenn nicht muss man auf ein gutes Profil der Schuhe setzten oder man rutscht in der Waagerechten den H\u00fcgel hinunter. Das war nat\u00fcrlich \u00fcbertrieben, aber bei Marmor bin ich immer noch sehr vorsichtig. Als ich in den Anfangswochen viel zu Fu\u00df unterwegs war, da ich die Systematik der \u00f6ffentlichen Verkehrsmittel noch nicht ganz verstanden hatte, dachte ich oft an den Streit zwischen Athene und Poseidon wer von beiden der Schutzpatron der Stadt werden sollte. <span lang=\"de-DE\">Es mag vielleicht weit her geholt sein oder ich bin ganz eingenommen von der antiken Atmosph\u00e4re der Stadt, aber als ich dann so \u00fcber die h\u00fcgligen Stra\u00dfen streifte, <\/span><span lang=\"de-DE\">dachte ich oft an die Mythologien, an Herakles, an Prometheus, an die Gro\u00dfen G\u00f6tter und sah die antiken Griechen in Toga auf den Pl\u00e4tzen diskutieren. So versuchte ich mir den Aufbau der Stadt zu erkl\u00e4ren. Es scheint als w\u00e4re die Stadt w\u00e4hrend des Streits dauerhaft in Aufruhr und Dynamik gewesen, bedingt durch die zwei pathetischen G\u00f6tter. Es traf Weisheit auf Meereskraft und die Stadt w\u00f6lbte und dehnte sich unter der gebalten Energie. Als der Streit belegt war und Athene gewann, kam die Polis zur Ruhe, aber die Wellenberge blieben bestehen.<br \/>\n<\/span><\/p>\n<p align=\"justify\">Athen ist die Welt der Caf\u00e9s. Hier findet man an jeder Ecke ein kleines bis gro\u00dfes Kaffeehaus, dass mit herrlichem Duft zum Anhalten und zur Ruhe kommen einl\u00e4dt. Entspannte Plaudereien im Zigarettenqualm trifft auf l\u00e4rmenden Verkehr entlang der Stra\u00dfe. Und trotzdem scheint es so, als w\u00fcrde es keinen st\u00f6ren: das Hupen, das Knattern der Motorr\u00e4der und die vorbei rauschenden Busse. Ganz im Gegenteil. Die St\u00fchle im Caf\u00e9 sind so ausgerichtet, dass man mit den Beinen in Richtung Kosmos sitzt. Da wo das Leben ist, da wo die Menschen sind, da wo es Neuigkeiten gibt.<\/p>\n<p align=\"justify\">Nicht zu \u00fcbersehen sind die \u00e4lteren Herrschaften. Im langsamen Schritt betritt man(n) sein Stammlokal, gr\u00fc\u00dft h\u00f6flich in die Runde mit \u201e\u0393\u03b5\u03b9\u03b1 \u03c3\u03b1\u03c2!\u201d und setzt sich dann entweder an einem leerem Tisch oder zu anderen. Nun wird aus dem Fenster geschaut oder fr\u00f6hlich drauf los gequatscht. Wor\u00fcber genau, wei\u00df ich nicht, aber es macht Spa\u00df ihnen zu zuh\u00f6ren. Nach kurzer Zeit kommt die Bedienung und bringt den Kaffee, den man immer trinkt. Ein Stammgast hat nun mal ein Stammgetr\u00e4nk. In einem Caf\u00e9 zu sitzen und alles auf sich wirken zu lassen ist etwas ganz besonderes und sch\u00f6nes, bedingt durch eine andere Sprache, die durch den Raum schwingt, als auch alle andere Ger\u00e4usche, wie der Wind in den Bl\u00e4ttern, spielende Kinder im Hintergrund, das Klimpern von Tassen und das Zischen der Kaffeemaschine.<\/p>\n<p align=\"justify\">Athen lebt von M\u00e4rkten. Jeden Dienstag ist bei mir im Viertel vom Morgen bis zum fr\u00fchen Nachmittag der Wochenmarkt, \u039b\u03b1\u03ca\u03ba\u03ae. <span lang=\"de-DE\">Schon fr\u00fch um sieben h\u00f6rt man muntere Gespr\u00e4che, schreiende M\u00e4nner und das Klimpern der sich aufbauenden St\u00e4nde. Ab um acht geht es dann los. Die ersten Kunden streifen durch die eng an eng stehenden Angebote und schauen nach den besten Preisen. Hier gibt es alles von <\/span><span lang=\"de-DE\">Fisch, <\/span><span lang=\"de-DE\">Zucchini, Aubergine, Banane, frisch gepressten Granatapfelsaft, \u00fcber N\u00fcsse, Gew\u00fcrze, S\u00fc\u00dfigkeiten bis zu Putzmittel, K\u00fcchenmittel und Kleidung. Und das alles zum kleinen Preis. Laut wird von jedem Stand gerufen, was gerade verkauft und f\u00fcr wie viel. \u201e50cent pro Kilo f\u00fcr die Auberginen\u201c \u201edrei Salate f\u00fcr 50cent\u201c \u201eKartoffeln, hier!\u201c. Und wenn man sich dann einen der vielen St\u00e4nde aussucht, wartet man keine Sekunde und es liegt eine Plastikt\u00fcte vor dir. Nun kann jeder nach Belieben diese f\u00fcllen, gibt sie zur\u00fcck zum Verk\u00e4ufer, es wird gewogen und bei 2,13\u20ac wird abgerundet auf zwei. <\/span><span lang=\"de-DE\">Mit dem anbrechenden Nachmittag ist fast alles Gem\u00fcse verkauft und man versucht nochmal so viel los zu werden, wie m\u00f6glich. Nicht selten werden f\u00fcr ein griechischen Gru\u00df und mein deutsches Aussehen freundschaftlich das ein oder andere Gem\u00fcse\/ Obst als Geschenk eingepackt. Am fr\u00fchen Abend h\u00f6rt man dann wieder das Klimpern der Stangen, Transporter die all ihre Sachen einpacken und ganz zum Schluss die M\u00fcllabfuhr die Stra\u00dfen reinigen. So als w\u00e4re nichts gewesen und trotzdem so viel Leben f\u00fcr die Stunden des Tages.<\/span><\/p>\n<p align=\"justify\">Athen ist <span lang=\"de-DE\">touristisch. <\/span><span lang=\"de-DE\">Besonders beliebt sind der <\/span><span lang=\"de-DE\">Syntagma-<\/span>Platz, <span lang=\"de-DE\">die Aussicht vom <\/span><span lang=\"de-DE\">Ly<\/span><span lang=\"de-DE\">c<\/span><span lang=\"de-DE\">a<\/span><span lang=\"de-DE\">b<\/span><span lang=\"de-DE\">ett<\/span><span lang=\"de-DE\">u<\/span><span lang=\"de-DE\">s <\/span><span lang=\"de-DE\">und das Wahrzeichen \u00fcberhaupt, die<\/span> Akropolis. Oft bin ich an diesen Orten <span lang=\"de-DE\">noch <\/span>nicht <span lang=\"de-DE\">gewesen<\/span>. <span lang=\"de-DE\">Nun gut, die Aussicht vom Berg <\/span><span lang=\"de-DE\">Ly<\/span><span lang=\"de-DE\">c<\/span><span lang=\"de-DE\">a<\/span><span lang=\"de-DE\">b<\/span><span lang=\"de-DE\">ett<\/span><span lang=\"de-DE\">u<\/span><span lang=\"de-DE\">s <\/span><span lang=\"de-DE\">ist schon eine Klasse f\u00fcr sich und von hier hat man auf jeden Fall den besten Blick auf die Stadt und den Sonnenuntergang, aber die Akropolis habe ich bis jetzt nur einmal besichtigt und das in der letzten halbe Stunde als sie schlie\u00dfen wollte, also werde ich das nochmal ganz in Ruhe nachholen. Am Syntagma-Platz befindet sich das Parlament und vor diesem patrouillieren <\/span><span lang=\"de-DE\">die Pr\u00e4sidialgarde<\/span><span lang=\"de-DE\"> in traditioneller Weise. Sie f\u00fchren wie einen Tanz auf und ahmen Pferde nach indem sie mit ihren Schuhen auf dem Marmor <\/span><span lang=\"de-DE\">entlang streifen. Es sind immer zwei, die simultan ihren Dienst leisten. <\/span><span lang=\"de-DE\">Es handelt sich bei den Evzonen noch heute um ein Eliteregiment mit Wach- und Repr\u00e4sentationsaufgaben.<\/span><span lang=\"de-DE\"> Sie sind gekleidet mit Rock mit 400 Falten. Jede Falte repr\u00e4sentiert ein Jahr der t\u00fcrkischen Besatzung vor dem Jahr 1821. Die Griechen verkleideten sich damals als Ottomanen und wagten den Aufstand. <\/span><span lang=\"de-DE\">Heute erinnert die Uniform an diese Zeit und dem Kampf heraus aus der Invasion.<\/span><\/p>\n<p align=\"justify\"><span lang=\"de-DE\">Wirklich touristisch f\u00fchle ich mich nicht mehr. Im Supermarkt kann ich mittlerweile Einkaufen ohne englisch zu sprechen und es hat sich ein Alltag und eine Routine in meinem Athener Leben entwickelt. Fr\u00fch im<\/span> Bus <span lang=\"de-DE\">bin ich<\/span> bestimmt die einzige Nicht-Griechin <span lang=\"de-DE\">und auch in meinem Wohnviertel sehe, beziehungsweise h\u00f6re ich selten deutsch, franz\u00f6sisch oder englisch.<\/span> <span lang=\"de-DE\">Eines Morgens wartete ich an der Bushaltestelle auf den Bus. <\/span><span lang=\"de-DE\">Ich hatte zu diesem Zeitpunkt meine Haare wachsen lassen und konnte sie oben auf dem Kopf zu einem kleinem Zopf binden.<\/span><span lang=\"de-DE\"> Meistens h\u00f6re ich Musik mit Over-<\/span><span lang=\"de-DE\">E<\/span><span lang=\"de-DE\">ar Kopfh\u00f6rern, man sieht also offensichtlich, dass ich nur schwer Stimmen h\u00f6re. Trotzdem steht auf einmal eine Frau vor mir, schaut mich an und ich sehe, dass sie mit mir spricht. Ich nehme die Musik von den Ohren und merke, wie sie auf griechisch voller Elan und Freude mir etwas sagen will. Ich erkl\u00e4re ihr, dass ich kein griechisch spreche, woraufhin sie schnell zu Englisch wechselt und meint: \u201eYou look like Brad Pitt! Google it! You look like him. Where are you from? Germany?\u201c V\u00f6llig perplex nahm ich das Kompliment an und freute mich \u00fcber die Offenheit der Griechin mir dies mit Enthusiasmus <\/span><span lang=\"de-DE\">mitzuteilen. Diese Begegnung hat mich noch den ganzen Tag grinsen lassen und auch jetzt noch, gut einen Monat her, schenkt es mir ein L\u00e4cheln <\/span><span lang=\"de-DE\">auf<\/span> <span lang=\"de-DE\">die Lippen<\/span><span lang=\"de-DE\">.<\/span><\/p>\n<p align=\"justify\"><span lang=\"de-DE\">W<\/span><span lang=\"de-DE\">ie man sieht hat Athen unglaublich viel zu bieten. Es sind eben nicht nur die arch\u00e4ologischen St\u00e4tten und Antiken Wahrzeichen, sondern viel mehr die Menschen, die diese Stadt heute ausmachen. Und ich bin froh, froh dabei zu sein!<\/span><\/p>\n","protected":false},"excerpt":{"rendered":"<p>Athen ist Kosmos. Die Metropole ist zu gleich Touristenmagnet und Wohnort von rund 4,5 Millionen Menschen. Hier kongruiert als Baustoff Marmor mit Beton und doch gl\u00e4nzen beide in der Sonne um die Wette. Stille ist nur an wenigen Orten zu &hellip; <a href=\"https:\/\/kulturweit.blog\/einfachmalmachen\/athen-eine-welt-fuer-sich\/\">Weiterlesen<\/a><\/p>\n","protected":false},"author":3063,"featured_media":0,"parent":0,"menu_order":0,"comment_status":"closed","ping_status":"closed","template":"","meta":{"footnotes":""},"class_list":["post-80","page","type-page","status-publish","hentry"],"amp_enabled":true,"_links":{"self":[{"href":"https:\/\/kulturweit.blog\/einfachmalmachen\/wp-json\/wp\/v2\/pages\/80"}],"collection":[{"href":"https:\/\/kulturweit.blog\/einfachmalmachen\/wp-json\/wp\/v2\/pages"}],"about":[{"href":"https:\/\/kulturweit.blog\/einfachmalmachen\/wp-json\/wp\/v2\/types\/page"}],"author":[{"embeddable":true,"href":"https:\/\/kulturweit.blog\/einfachmalmachen\/wp-json\/wp\/v2\/users\/3063"}],"replies":[{"embeddable":true,"href":"https:\/\/kulturweit.blog\/einfachmalmachen\/wp-json\/wp\/v2\/comments?post=80"}],"version-history":[{"count":3,"href":"https:\/\/kulturweit.blog\/einfachmalmachen\/wp-json\/wp\/v2\/pages\/80\/revisions"}],"predecessor-version":[{"id":98,"href":"https:\/\/kulturweit.blog\/einfachmalmachen\/wp-json\/wp\/v2\/pages\/80\/revisions\/98"}],"wp:attachment":[{"href":"https:\/\/kulturweit.blog\/einfachmalmachen\/wp-json\/wp\/v2\/media?parent=80"}],"curies":[{"name":"wp","href":"https:\/\/api.w.org\/{rel}","templated":true}]}}