{"id":2,"date":"2022-09-27T01:48:32","date_gmt":"2022-09-26T23:48:32","guid":{"rendered":"https:\/\/kulturweit.blog\/berichteausbogota\/?page_id=2"},"modified":"2022-11-12T17:56:26","modified_gmt":"2022-11-12T16:56:26","slug":"beispiel-seite","status":"publish","type":"page","link":"https:\/\/kulturweit.blog\/berichteausbogota\/","title":{"rendered":"Startseite"},"content":{"rendered":"<h6 style=\"text-align: center\"><strong>\u00a1 Hola !<\/strong><\/h6>\n<p style=\"text-align: center\">und herzlichen Gl\u00fcckwunsch,<\/p>\n<p style=\"text-align: center\">du hast es auf die Homepage meines Blogs geschafft. Hier erz\u00e4hle ich von meinen Erfahrungen in Bogota und all den anderen Orten in Kolumbien, die ich w\u00e4hrend der sechs Monate meines Freiwilligendienst mit kulturweit entdecken darf. Falls du dich f\u00fcr Freiwilligendienste, Reise und die Arbeit an einer Schule interessierst, bist du hier also genau richtig &#8211; aber auch wenn nicht, kannst du ruhig einen Blick in meine Eintr\u00e4ge werfen \ud83d\ude09<\/p>\n<p><a href=\"https:\/\/kulturweit.blog\/berichteausbogota\/files\/2022\/10\/20220915_084430-1.jpg\"><img loading=\"lazy\" decoding=\"async\" class=\"wp-image-13 size-medium aligncenter\" src=\"https:\/\/kulturweit.blog\/berichteausbogota\/files\/2022\/10\/20220915_084430-1-300x400.jpg\" alt=\"\" width=\"300\" height=\"400\" srcset=\"https:\/\/kulturweit.blog\/berichteausbogota\/files\/2022\/10\/20220915_084430-1-300x400.jpg 300w, https:\/\/kulturweit.blog\/berichteausbogota\/files\/2022\/10\/20220915_084430-1-768x1024.jpg 768w, https:\/\/kulturweit.blog\/berichteausbogota\/files\/2022\/10\/20220915_084430-1-1152x1536.jpg 1152w, https:\/\/kulturweit.blog\/berichteausbogota\/files\/2022\/10\/20220915_084430-1.jpg 1440w\" sizes=\"(max-width: 300px) 100vw, 300px\" \/><\/a><\/p>\n<pre style=\"text-align: center\">[Das ist \u00fcbrigens der wundersch\u00f6ne Schulgarten des Colegio Helvetia, meines Arbeitsplatzes f\u00fcr die n\u00e4chsten sechs Monate.]<\/pre>\n","protected":false},"excerpt":{"rendered":"<p>\u00a1 Hola ! und herzlichen Gl\u00fcckwunsch, du hast es auf die Homepage meines Blogs geschafft. Hier erz\u00e4hle ich von meinen Erfahrungen in Bogota und all den anderen Orten in Kolumbien, die ich w\u00e4hrend der sechs Monate meines Freiwilligendienst mit kulturweit entdecken darf. Falls du dich f\u00fcr Freiwilligendienste, Reise und die Arbeit an einer Schule interessierst, &hellip; <a href=\"https:\/\/kulturweit.blog\/berichteausbogota\/\" class=\"more-link\"><span class=\"screen-reader-text\">Startseite<\/span> weiterlesen<\/a><\/p>\n","protected":false},"author":3112,"featured_media":0,"parent":0,"menu_order":0,"comment_status":"closed","ping_status":"open","template":"","meta":{"footnotes":""},"class_list":["post-2","page","type-page","status-publish","hentry"],"amp_enabled":false,"_links":{"self":[{"href":"https:\/\/kulturweit.blog\/berichteausbogota\/wp-json\/wp\/v2\/pages\/2"}],"collection":[{"href":"https:\/\/kulturweit.blog\/berichteausbogota\/wp-json\/wp\/v2\/pages"}],"about":[{"href":"https:\/\/kulturweit.blog\/berichteausbogota\/wp-json\/wp\/v2\/types\/page"}],"author":[{"embeddable":true,"href":"https:\/\/kulturweit.blog\/berichteausbogota\/wp-json\/wp\/v2\/users\/3112"}],"replies":[{"embeddable":true,"href":"https:\/\/kulturweit.blog\/berichteausbogota\/wp-json\/wp\/v2\/comments?post=2"}],"version-history":[{"count":4,"href":"https:\/\/kulturweit.blog\/berichteausbogota\/wp-json\/wp\/v2\/pages\/2\/revisions"}],"predecessor-version":[{"id":85,"href":"https:\/\/kulturweit.blog\/berichteausbogota\/wp-json\/wp\/v2\/pages\/2\/revisions\/85"}],"wp:attachment":[{"href":"https:\/\/kulturweit.blog\/berichteausbogota\/wp-json\/wp\/v2\/media?parent=2"}],"curies":[{"name":"wp","href":"https:\/\/api.w.org\/{rel}","templated":true}]}}