{"id":78,"date":"2023-11-06T15:15:01","date_gmt":"2023-11-06T14:15:01","guid":{"rendered":"https:\/\/kulturweit.blog\/aufdersuchenachdenbuntenvoegeln\/?page_id=78"},"modified":"2023-11-06T15:16:41","modified_gmt":"2023-11-06T14:16:41","slug":"noch-mehr-von-mir","status":"publish","type":"page","link":"https:\/\/kulturweit.blog\/aufdersuchenachdenbuntenvoegeln\/noch-mehr-von-mir\/","title":{"rendered":"H\u00f6ren statt Lesen"},"content":{"rendered":"<p>Wer noch mehr \u00fcber mich und meine Abenteuer in Uruguay erfahren m\u00f6chte, kann gerne in den\u00a0<em>L\u00fcmmelcast<\/em> hineinh\u00f6ren. Den Podcast f\u00fchre ich gemeinsam mit einer Freundin, die ihr Psychologie-Studium begonnen hat, und wir bequatschen neben unserem Leben auch alle m\u00f6glichen anderen Themen, die uns interessieren.<\/p>\n<p><iframe title=\"Spotify Embed: L\u00fcmmelcast\" style=\"border-radius: 12px\" width=\"100%\" height=\"152\" frameborder=\"0\" allowfullscreen allow=\"autoplay; clipboard-write; encrypted-media; fullscreen; picture-in-picture\" loading=\"lazy\" src=\"https:\/\/open.spotify.com\/embed\/show\/0hpgi1BhsgOh8HOn5rdLYG?si=4c76b1d247234c89&#038;utm_source=oembed\"><\/iframe><\/p>\n","protected":false},"excerpt":{"rendered":"<p>Wer noch mehr \u00fcber mich und meine Abenteuer in Uruguay erfahren m\u00f6chte, kann gerne in den\u00a0L\u00fcmmelcast hineinh\u00f6ren. Den Podcast f\u00fchre ich gemeinsam mit einer Freundin, die ihr Psychologie-Studium begonnen hat, und wir bequatschen neben unserem Leben auch alle m\u00f6glichen anderen Themen, die uns interessieren.<\/p>\n","protected":false},"author":3232,"featured_media":0,"parent":0,"menu_order":1,"comment_status":"closed","ping_status":"closed","template":"","meta":{"footnotes":""},"class_list":["post-78","page","type-page","status-publish","hentry"],"amp_enabled":true,"_links":{"self":[{"href":"https:\/\/kulturweit.blog\/aufdersuchenachdenbuntenvoegeln\/wp-json\/wp\/v2\/pages\/78"}],"collection":[{"href":"https:\/\/kulturweit.blog\/aufdersuchenachdenbuntenvoegeln\/wp-json\/wp\/v2\/pages"}],"about":[{"href":"https:\/\/kulturweit.blog\/aufdersuchenachdenbuntenvoegeln\/wp-json\/wp\/v2\/types\/page"}],"author":[{"embeddable":true,"href":"https:\/\/kulturweit.blog\/aufdersuchenachdenbuntenvoegeln\/wp-json\/wp\/v2\/users\/3232"}],"replies":[{"embeddable":true,"href":"https:\/\/kulturweit.blog\/aufdersuchenachdenbuntenvoegeln\/wp-json\/wp\/v2\/comments?post=78"}],"version-history":[{"count":2,"href":"https:\/\/kulturweit.blog\/aufdersuchenachdenbuntenvoegeln\/wp-json\/wp\/v2\/pages\/78\/revisions"}],"predecessor-version":[{"id":83,"href":"https:\/\/kulturweit.blog\/aufdersuchenachdenbuntenvoegeln\/wp-json\/wp\/v2\/pages\/78\/revisions\/83"}],"wp:attachment":[{"href":"https:\/\/kulturweit.blog\/aufdersuchenachdenbuntenvoegeln\/wp-json\/wp\/v2\/media?parent=78"}],"curies":[{"name":"wp","href":"https:\/\/api.w.org\/{rel}","templated":true}]}}