{"id":259,"date":"2024-07-12T04:09:44","date_gmt":"2024-07-12T02:09:44","guid":{"rendered":"https:\/\/kulturweit.blog\/aufdersuchenachdenbuntenvoegeln\/files\/2024\/07\/DSC02483-min.jpg"},"modified":"2024-07-12T04:19:33","modified_gmt":"2024-07-12T02:19:33","slug":"dsc02483-min","status":"inherit","type":"attachment","link":"https:\/\/kulturweit.blog\/aufdersuchenachdenbuntenvoegeln\/2024\/07\/12\/in-der-gischt\/dsc02483-min\/","title":{"rendered":"DSC02483-min"},"author":3232,"featured_media":0,"comment_status":"open","ping_status":"closed","template":"","meta":[],"class_list":["post-259","attachment","type-attachment","status-inherit","hentry"],"description":{"rendered":"<p class=\"attachment\"><a href='https:\/\/kulturweit.blog\/aufdersuchenachdenbuntenvoegeln\/files\/2024\/07\/DSC02483-min.jpg'><img loading=\"lazy\" decoding=\"async\" width=\"300\" height=\"450\" src=\"https:\/\/kulturweit.blog\/aufdersuchenachdenbuntenvoegeln\/files\/2024\/07\/DSC02483-min-300x450.jpg\" class=\"attachment-medium size-medium\" alt=\"\" srcset=\"https:\/\/kulturweit.blog\/aufdersuchenachdenbuntenvoegeln\/files\/2024\/07\/DSC02483-min-300x450.jpg 300w, https:\/\/kulturweit.blog\/aufdersuchenachdenbuntenvoegeln\/files\/2024\/07\/DSC02483-min.jpg 683w\" sizes=\"(max-width: 300px) 100vw, 300px\" \/><\/a><\/p>\n"},"caption":{"rendered":"<p>Ein s\u00fcdamerikanischer Nasenb\u00e4r vor den Iguaz\u00fa-Wasserf\u00e4llen<\/p>\n"},"alt_text":"","media_type":"image","mime_type":"image\/jpeg","media_details":{"width":683,"height":1024,"file":"2024\/07\/DSC02483-min.jpg","filesize":127424,"sizes":{"medium":{"file":"DSC02483-min-300x450.jpg","width":300,"height":450,"filesize":22065,"mime_type":"image\/jpeg","source_url":"https:\/\/kulturweit.blog\/aufdersuchenachdenbuntenvoegeln\/files\/2024\/07\/DSC02483-min-300x450.jpg"},"thumbnail":{"file":"DSC02483-min-150x150.jpg","width":150,"height":150,"filesize":5996,"mime_type":"image\/jpeg","source_url":"https:\/\/kulturweit.blog\/aufdersuchenachdenbuntenvoegeln\/files\/2024\/07\/DSC02483-min-150x150.jpg"},"kw_blog":{"file":"DSC02483-min-300x300.jpg","width":300,"height":300,"filesize":15631,"mime_type":"image\/jpeg","source_url":"https:\/\/kulturweit.blog\/aufdersuchenachdenbuntenvoegeln\/files\/2024\/07\/DSC02483-min-300x300.jpg"},"post-thumbnail":{"file":"DSC02483-min-683x510.jpg","width":683,"height":510,"filesize":42180,"mime_type":"image\/jpeg","source_url":"https:\/\/kulturweit.blog\/aufdersuchenachdenbuntenvoegeln\/files\/2024\/07\/DSC02483-min-683x510.jpg"},"full":{"file":"DSC02483-min.jpg","width":683,"height":1024,"mime_type":"image\/jpeg","source_url":"https:\/\/kulturweit.blog\/aufdersuchenachdenbuntenvoegeln\/files\/2024\/07\/DSC02483-min.jpg"}},"image_meta":{"aperture":"0","credit":"","camera":"","caption":"","created_timestamp":"0","copyright":"","focal_length":"0","iso":"0","shutter_speed":"0","title":"","orientation":"0","keywords":[]},"optimus":{"profit":"40","quantity":100,"webp":0}},"post":251,"source_url":"https:\/\/kulturweit.blog\/aufdersuchenachdenbuntenvoegeln\/files\/2024\/07\/DSC02483-min.jpg","_links":{"self":[{"href":"https:\/\/kulturweit.blog\/aufdersuchenachdenbuntenvoegeln\/wp-json\/wp\/v2\/media\/259"}],"collection":[{"href":"https:\/\/kulturweit.blog\/aufdersuchenachdenbuntenvoegeln\/wp-json\/wp\/v2\/media"}],"about":[{"href":"https:\/\/kulturweit.blog\/aufdersuchenachdenbuntenvoegeln\/wp-json\/wp\/v2\/types\/attachment"}],"author":[{"embeddable":true,"href":"https:\/\/kulturweit.blog\/aufdersuchenachdenbuntenvoegeln\/wp-json\/wp\/v2\/users\/3232"}],"replies":[{"embeddable":true,"href":"https:\/\/kulturweit.blog\/aufdersuchenachdenbuntenvoegeln\/wp-json\/wp\/v2\/comments?post=259"}]}}

<p>Ein südamerikanischer Nasenbär vor den Iguazú-Wasserfällen</p>
