{"id":233,"date":"2024-05-13T20:40:36","date_gmt":"2024-05-13T18:40:36","guid":{"rendered":"https:\/\/kulturweit.blog\/aufdersuchenachdenbuntenvoegeln\/files\/2024\/05\/DSC02019-min.jpg"},"modified":"2024-05-13T20:47:04","modified_gmt":"2024-05-13T18:47:04","slug":"dsc02019-min","status":"inherit","type":"attachment","link":"https:\/\/kulturweit.blog\/aufdersuchenachdenbuntenvoegeln\/2024\/05\/13\/trinidad-nicht-tobago\/dsc02019-min\/","title":{"rendered":"DSC02019-min"},"author":3232,"featured_media":0,"comment_status":"open","ping_status":"closed","template":"","meta":[],"class_list":["post-233","attachment","type-attachment","status-inherit","hentry"],"description":{"rendered":"<p class=\"attachment\"><a href='https:\/\/kulturweit.blog\/aufdersuchenachdenbuntenvoegeln\/files\/2024\/05\/DSC02019-min.jpg'><img loading=\"lazy\" decoding=\"async\" width=\"300\" height=\"200\" src=\"https:\/\/kulturweit.blog\/aufdersuchenachdenbuntenvoegeln\/files\/2024\/05\/DSC02019-min-300x200.jpg\" class=\"attachment-medium size-medium\" alt=\"\" srcset=\"https:\/\/kulturweit.blog\/aufdersuchenachdenbuntenvoegeln\/files\/2024\/05\/DSC02019-min-300x200.jpg 300w, https:\/\/kulturweit.blog\/aufdersuchenachdenbuntenvoegeln\/files\/2024\/05\/DSC02019-min-768x512.jpg 768w, https:\/\/kulturweit.blog\/aufdersuchenachdenbuntenvoegeln\/files\/2024\/05\/DSC02019-min.jpg 1024w\" sizes=\"(max-width: 300px) 100vw, 300px\" \/><\/a><\/p>\n"},"caption":{"rendered":"<p>Ich auf Andr\u00e9s&#8216; Land (J\u00e9r\u00e9my war in Besitz meiner Kamera)<\/p>\n"},"alt_text":"","media_type":"image","mime_type":"image\/jpeg","media_details":{"width":1024,"height":683,"file":"2024\/05\/DSC02019-min.jpg","filesize":111388,"sizes":{"medium":{"file":"DSC02019-min-300x200.jpg","width":300,"height":200,"filesize":10296,"mime_type":"image\/jpeg","source_url":"https:\/\/kulturweit.blog\/aufdersuchenachdenbuntenvoegeln\/files\/2024\/05\/DSC02019-min-300x200.jpg"},"thumbnail":{"file":"DSC02019-min-150x150.jpg","width":150,"height":150,"filesize":4833,"mime_type":"image\/jpeg","source_url":"https:\/\/kulturweit.blog\/aufdersuchenachdenbuntenvoegeln\/files\/2024\/05\/DSC02019-min-150x150.jpg"},"medium_large":{"file":"DSC02019-min-768x512.jpg","width":768,"height":512,"filesize":41018,"mime_type":"image\/jpeg","source_url":"https:\/\/kulturweit.blog\/aufdersuchenachdenbuntenvoegeln\/files\/2024\/05\/DSC02019-min-768x512.jpg"},"kw_blog":{"file":"DSC02019-min-300x300.jpg","width":300,"height":300,"filesize":13248,"mime_type":"image\/jpeg","source_url":"https:\/\/kulturweit.blog\/aufdersuchenachdenbuntenvoegeln\/files\/2024\/05\/DSC02019-min-300x300.jpg"},"post-thumbnail":{"file":"DSC02019-min-825x510.jpg","width":825,"height":510,"filesize":43320,"mime_type":"image\/jpeg","source_url":"https:\/\/kulturweit.blog\/aufdersuchenachdenbuntenvoegeln\/files\/2024\/05\/DSC02019-min-825x510.jpg"},"full":{"file":"DSC02019-min.jpg","width":1024,"height":683,"mime_type":"image\/jpeg","source_url":"https:\/\/kulturweit.blog\/aufdersuchenachdenbuntenvoegeln\/files\/2024\/05\/DSC02019-min.jpg"}},"image_meta":{"aperture":"0","credit":"","camera":"","caption":"","created_timestamp":"0","copyright":"","focal_length":"0","iso":"0","shutter_speed":"0","title":"","orientation":"0","keywords":[]},"optimus":{"profit":"36","quantity":100,"webp":0}},"post":229,"source_url":"https:\/\/kulturweit.blog\/aufdersuchenachdenbuntenvoegeln\/files\/2024\/05\/DSC02019-min.jpg","_links":{"self":[{"href":"https:\/\/kulturweit.blog\/aufdersuchenachdenbuntenvoegeln\/wp-json\/wp\/v2\/media\/233"}],"collection":[{"href":"https:\/\/kulturweit.blog\/aufdersuchenachdenbuntenvoegeln\/wp-json\/wp\/v2\/media"}],"about":[{"href":"https:\/\/kulturweit.blog\/aufdersuchenachdenbuntenvoegeln\/wp-json\/wp\/v2\/types\/attachment"}],"author":[{"embeddable":true,"href":"https:\/\/kulturweit.blog\/aufdersuchenachdenbuntenvoegeln\/wp-json\/wp\/v2\/users\/3232"}],"replies":[{"embeddable":true,"href":"https:\/\/kulturweit.blog\/aufdersuchenachdenbuntenvoegeln\/wp-json\/wp\/v2\/comments?post=233"}]}}

<p>Ich auf Andrés&#8216; Land (Jérémy war in Besitz meiner Kamera)</p>
