{"id":2,"date":"2022-08-30T14:04:02","date_gmt":"2022-08-30T12:04:02","guid":{"rendered":"https:\/\/kulturweit.blog\/argentinienvillageneralbelgrano\/?page_id=2"},"modified":"2022-10-01T23:11:19","modified_gmt":"2022-10-02T02:11:19","slug":"beispiel-seite","status":"publish","type":"page","link":"https:\/\/kulturweit.blog\/argentinienvillageneralbelgrano\/beispiel-seite\/","title":{"rendered":"Wer bin ich?"},"content":{"rendered":"<p>Hola!<\/p>\n<p>Ich werde am 13. September 2022 meinen Freiwilligendienst in Villa General Belgrano, Argentinien beginnen. Ich freue mich riesig, von Kulturweit diese M\u00f6glichkeit zu bekommen und h\u00e4tte echt nicht damit gerechnet. Doch ich musste es einfach mal probieren. Eine derartige Chance auf so ein gro\u00dfes Abenteuer konnte ich mir schlie\u00dflich nicht entgehen lassen.<\/p>\n<p>Ich bin gerade 20 geworden und vor meiner gro\u00dfen Reise habe ich, wie so viele auch, mein Abi gemacht. Ich hatte von der 6. bis zur 10. Klasse Spanisch. Ich m\u00fcsste mich also theoretisch ziemlich gut zurechtfinden k\u00f6nnen. Nun sind meine Kenntnisse aber auch schon 3 Jahre alt und dementsprechend eingerostet.<br \/>\nEigentlich hatte ich vor, nach dem Freiwilligendienst Physik zu studieren. Mal sehen, ob das in einem Jahr immer noch so ist.<\/p>\n<p>In diesem Blog m\u00f6chte ich \u00fcber all meine Erfahrungen in der deutschen Schule, meine Reisen und sonstigen Erlebnisse berichten.<\/p>\n","protected":false},"excerpt":{"rendered":"<p>Hola! Ich werde am 13. September 2022 meinen Freiwilligendienst in Villa General Belgrano, Argentinien beginnen. Ich freue mich riesig, von Kulturweit diese M\u00f6glichkeit zu bekommen und h\u00e4tte echt nicht damit gerechnet. Doch ich musste es einfach mal probieren. Eine derartige Chance auf so ein gro\u00dfes Abenteuer konnte ich mir schlie\u00dflich nicht entgehen lassen. Ich bin &hellip; <span class=\"more-link\"><a href=\"https:\/\/kulturweit.blog\/argentinienvillageneralbelgrano\/beispiel-seite\/\">Mehr lesen &raquo;<\/a><\/span><\/p>\n","protected":false},"author":3061,"featured_media":0,"parent":0,"menu_order":0,"comment_status":"closed","ping_status":"open","template":"","meta":{"footnotes":""},"class_list":["post-2","page","type-page","status-publish","hentry"],"amp_enabled":true,"_links":{"self":[{"href":"https:\/\/kulturweit.blog\/argentinienvillageneralbelgrano\/wp-json\/wp\/v2\/pages\/2"}],"collection":[{"href":"https:\/\/kulturweit.blog\/argentinienvillageneralbelgrano\/wp-json\/wp\/v2\/pages"}],"about":[{"href":"https:\/\/kulturweit.blog\/argentinienvillageneralbelgrano\/wp-json\/wp\/v2\/types\/page"}],"author":[{"embeddable":true,"href":"https:\/\/kulturweit.blog\/argentinienvillageneralbelgrano\/wp-json\/wp\/v2\/users\/3061"}],"replies":[{"embeddable":true,"href":"https:\/\/kulturweit.blog\/argentinienvillageneralbelgrano\/wp-json\/wp\/v2\/comments?post=2"}],"version-history":[{"count":3,"href":"https:\/\/kulturweit.blog\/argentinienvillageneralbelgrano\/wp-json\/wp\/v2\/pages\/2\/revisions"}],"predecessor-version":[{"id":139,"href":"https:\/\/kulturweit.blog\/argentinienvillageneralbelgrano\/wp-json\/wp\/v2\/pages\/2\/revisions\/139"}],"wp:attachment":[{"href":"https:\/\/kulturweit.blog\/argentinienvillageneralbelgrano\/wp-json\/wp\/v2\/media?parent=2"}],"curies":[{"name":"wp","href":"https:\/\/api.w.org\/{rel}","templated":true}]}}

<p>Hola!</p>
<p>Ich werde am 13. September 2022 meinen Freiwilligendienst in Villa General Belgrano, Argentinien beginnen. Ich freue mich riesig, von Kulturweit diese Möglichkeit zu bekommen und hätte echt nicht damit gerechnet. Doch ich musste es einfach mal probieren. Eine derartige Chance auf so ein großes Abenteuer konnte ich mir schließlich nicht entgehen lassen.</p>
<p>Ich bin gerade 20 geworden und vor meiner großen Reise habe ich, wie so viele auch, mein Abi gemacht. Ich hatte von der 6. bis zur 10. Klasse Spanisch. Ich müsste mich also theoretisch ziemlich gut zurechtfinden können. Nun sind meine Kenntnisse aber auch schon 3 Jahre alt und dementsprechend eingerostet.<br />
Eigentlich hatte ich vor, nach dem Freiwilligendienst Physik zu studieren. Mal sehen, ob das in einem Jahr immer noch so ist.</p>
<p>In diesem Blog möchte ich über all meine Erfahrungen in der deutschen Schule, meine Reisen und sonstigen Erlebnisse berichten.</p>

<p>Hola! Ich werde am 13. September 2022 meinen Freiwilligendienst in Villa General Belgrano, Argentinien beginnen. Ich freue mich riesig, von Kulturweit diese Möglichkeit zu bekommen und hätte echt nicht damit gerechnet. Doch ich musste es einfach mal probieren. Eine derartige Chance auf so ein großes Abenteuer konnte ich mir schließlich nicht entgehen lassen. Ich bin &hellip; <span class="more-link"><a href="https://kulturweit.blog/argentinienvillageneralbelgrano/beispiel-seite/">Mehr lesen &raquo;</a></span></p>
