{"id":82,"date":"2022-09-27T22:33:02","date_gmt":"2022-09-28T01:33:02","guid":{"rendered":"https:\/\/kulturweit.blog\/argentinienvillageneralbelgrano\/files\/2022\/09\/Moenchssittich.jpg"},"modified":"2022-10-01T22:51:53","modified_gmt":"2022-10-02T01:51:53","slug":"moenchssittich","status":"inherit","type":"attachment","link":"https:\/\/kulturweit.blog\/argentinienvillageneralbelgrano\/2022\/09\/28\/santa-rosa-de-calamuchita\/moenchssittich\/#main","title":{"rendered":"M\u00f6nchssittich"},"author":3061,"featured_media":0,"comment_status":"open","ping_status":"closed","template":"","meta":[],"class_list":["post-82","attachment","type-attachment","status-inherit","hentry"],"description":{"rendered":"<p class=\"attachment\"><a href='https:\/\/kulturweit.blog\/argentinienvillageneralbelgrano\/files\/2022\/09\/Moenchssittich.jpg'><img loading=\"lazy\" decoding=\"async\" width=\"300\" height=\"231\" src=\"https:\/\/kulturweit.blog\/argentinienvillageneralbelgrano\/files\/2022\/09\/Moenchssittich-300x231.jpg\" class=\"attachment-medium size-medium\" alt=\"\" srcset=\"https:\/\/kulturweit.blog\/argentinienvillageneralbelgrano\/files\/2022\/09\/Moenchssittich-300x231.jpg 300w, https:\/\/kulturweit.blog\/argentinienvillageneralbelgrano\/files\/2022\/09\/Moenchssittich-768x592.jpg 768w, https:\/\/kulturweit.blog\/argentinienvillageneralbelgrano\/files\/2022\/09\/Moenchssittich.jpg 1024w\" sizes=\"(max-width: 300px) 100vw, 300px\" \/><\/a><\/p>\n<p>M\u00f6nchsittiche bauen ihre Nester so gro\u00df, dass sie manchmal sogar vom Ast fallen. In diesen Burgen wohnen viele V\u00f6gel gemeinsam, weshalb sie oft sehr laut sind.<br \/>\nSanta Rosa de Calamuchita September 2022<br \/>\nBeitrag: &#8222;Santa Rosa de Calamuchita&#8220;<\/p>\n"},"caption":{"rendered":"<p>M\u00f6nchssittich mit Nest <span class=\"more-link\"><a href=\"https:\/\/kulturweit.blog\/argentinienvillageneralbelgrano\/2022\/09\/28\/santa-rosa-de-calamuchita\/moenchssittich\/#main\">Mehr lesen &raquo;<\/a><\/span><\/p>\n"},"alt_text":"","media_type":"image","mime_type":"image\/jpeg","media_details":{"width":1024,"height":789,"file":"2022\/09\/Moenchssittich.jpg","filesize":210904,"sizes":{"medium":{"file":"Moenchssittich-300x231.jpg","width":300,"height":231,"filesize":17927,"mime_type":"image\/jpeg","source_url":"https:\/\/kulturweit.blog\/argentinienvillageneralbelgrano\/files\/2022\/09\/Moenchssittich-300x231.jpg"},"thumbnail":{"file":"Moenchssittich-150x150.jpg","width":150,"height":150,"filesize":7513,"mime_type":"image\/jpeg","source_url":"https:\/\/kulturweit.blog\/argentinienvillageneralbelgrano\/files\/2022\/09\/Moenchssittich-150x150.jpg"},"medium_large":{"file":"Moenchssittich-768x592.jpg","width":768,"height":592,"filesize":80268,"mime_type":"image\/jpeg","source_url":"https:\/\/kulturweit.blog\/argentinienvillageneralbelgrano\/files\/2022\/09\/Moenchssittich-768x592.jpg"},"kw_blog":{"file":"Moenchssittich-300x300.jpg","width":300,"height":300,"filesize":23269,"mime_type":"image\/jpeg","source_url":"https:\/\/kulturweit.blog\/argentinienvillageneralbelgrano\/files\/2022\/09\/Moenchssittich-300x300.jpg"},"fresh-and-clean-thumbnail":{"file":"Moenchssittich-160x120.jpg","width":160,"height":120,"filesize":6113,"mime_type":"image\/jpeg","source_url":"https:\/\/kulturweit.blog\/argentinienvillageneralbelgrano\/files\/2022\/09\/Moenchssittich-160x120.jpg"},"large-feature":{"file":"Moenchssittich-840x280.jpg","width":840,"height":280,"filesize":36456,"mime_type":"image\/jpeg","source_url":"https:\/\/kulturweit.blog\/argentinienvillageneralbelgrano\/files\/2022\/09\/Moenchssittich-840x280.jpg"},"full":{"file":"Moenchssittich.jpg","width":1024,"height":789,"mime_type":"image\/jpeg","source_url":"https:\/\/kulturweit.blog\/argentinienvillageneralbelgrano\/files\/2022\/09\/Moenchssittich.jpg"}},"image_meta":{"aperture":"0","credit":"","camera":"","caption":"","created_timestamp":"0","copyright":"","focal_length":"0","iso":"0","shutter_speed":"0","title":"","orientation":"0","keywords":[]},"optimus":{"profit":"37","quantity":100,"webp":0}},"post":65,"source_url":"https:\/\/kulturweit.blog\/argentinienvillageneralbelgrano\/files\/2022\/09\/Moenchssittich.jpg","_links":{"self":[{"href":"https:\/\/kulturweit.blog\/argentinienvillageneralbelgrano\/wp-json\/wp\/v2\/media\/82"}],"collection":[{"href":"https:\/\/kulturweit.blog\/argentinienvillageneralbelgrano\/wp-json\/wp\/v2\/media"}],"about":[{"href":"https:\/\/kulturweit.blog\/argentinienvillageneralbelgrano\/wp-json\/wp\/v2\/types\/attachment"}],"author":[{"embeddable":true,"href":"https:\/\/kulturweit.blog\/argentinienvillageneralbelgrano\/wp-json\/wp\/v2\/users\/3061"}],"replies":[{"embeddable":true,"href":"https:\/\/kulturweit.blog\/argentinienvillageneralbelgrano\/wp-json\/wp\/v2\/comments?post=82"}]}}

Mönchssittich

<p class="attachment"><a href='https://kulturweit.blog/argentinienvillageneralbelgrano/files/2022/09/Moenchssittich.jpg'><img loading="lazy" decoding="async" width="300" height="231" src="https://kulturweit.blog/argentinienvillageneralbelgrano/files/2022/09/Moenchssittich-300x231.jpg" class="attachment-medium size-medium" alt="" srcset="https://kulturweit.blog/argentinienvillageneralbelgrano/files/2022/09/Moenchssittich-300x231.jpg 300w, https://kulturweit.blog/argentinienvillageneralbelgrano/files/2022/09/Moenchssittich-768x592.jpg 768w, https://kulturweit.blog/argentinienvillageneralbelgrano/files/2022/09/Moenchssittich.jpg 1024w" sizes="(max-width: 300px) 100vw, 300px" /></a></p>
<p>Mönchsittiche bauen ihre Nester so groß, dass sie manchmal sogar vom Ast fallen. In diesen Burgen wohnen viele Vögel gemeinsam, weshalb sie oft sehr laut sind.<br />
Santa Rosa de Calamuchita September 2022<br />
Beitrag: &#8222;Santa Rosa de Calamuchita&#8220;</p>

<p>Mönchssittich mit Nest <span class="more-link"><a href="https://kulturweit.blog/argentinienvillageneralbelgrano/2022/09/28/santa-rosa-de-calamuchita/moenchssittich/#main">Mehr lesen &raquo;</a></span></p>
