{"id":79,"date":"2022-09-27T22:31:54","date_gmt":"2022-09-28T01:31:54","guid":{"rendered":"https:\/\/kulturweit.blog\/argentinienvillageneralbelgrano\/files\/2022\/09\/Julio_Cortazar2.jpg"},"modified":"2022-10-01T22:51:28","modified_gmt":"2022-10-02T01:51:28","slug":"julio_cortazar2","status":"inherit","type":"attachment","link":"https:\/\/kulturweit.blog\/argentinienvillageneralbelgrano\/2022\/09\/28\/santa-rosa-de-calamuchita\/julio_cortazar2\/#main","title":{"rendered":"Julio Cort\u00e1zar"},"author":3061,"featured_media":0,"comment_status":"open","ping_status":"closed","template":"","meta":[],"class_list":["post-79","attachment","type-attachment","status-inherit","hentry"],"description":{"rendered":"<p class=\"attachment\"><a href='https:\/\/kulturweit.blog\/argentinienvillageneralbelgrano\/files\/2022\/09\/Julio_Cortazar2.jpg'><img loading=\"lazy\" decoding=\"async\" width=\"300\" height=\"183\" src=\"https:\/\/kulturweit.blog\/argentinienvillageneralbelgrano\/files\/2022\/09\/Julio_Cortazar2-300x183.jpg\" class=\"attachment-medium size-medium\" alt=\"\" srcset=\"https:\/\/kulturweit.blog\/argentinienvillageneralbelgrano\/files\/2022\/09\/Julio_Cortazar2-300x183.jpg 300w, https:\/\/kulturweit.blog\/argentinienvillageneralbelgrano\/files\/2022\/09\/Julio_Cortazar2-768x467.jpg 768w, https:\/\/kulturweit.blog\/argentinienvillageneralbelgrano\/files\/2022\/09\/Julio_Cortazar2.jpg 1024w\" sizes=\"(max-width: 300px) 100vw, 300px\" \/><\/a><\/p>\n<p>Es sind meist Zitate aus Julio Cort\u00e1zar&#8217;s Werken, die auf Fu\u00dfh\u00f6he angebracht sind.<br \/>\nSanta Rosa de Calamuchita September 2022<br \/>\nBeitrag: &#8222;Santa Rosa de Calamuchita&#8220;<\/p>\n"},"caption":{"rendered":"<p>Versteckte Kunst II<br \/>\n <span class=\"more-link\"><a href=\"https:\/\/kulturweit.blog\/argentinienvillageneralbelgrano\/2022\/09\/28\/santa-rosa-de-calamuchita\/julio_cortazar2\/#main\">Mehr lesen &raquo;<\/a><\/span><\/p>\n"},"alt_text":"","media_type":"image","mime_type":"image\/jpeg","media_details":{"width":1024,"height":623,"file":"2022\/09\/Julio_Cortazar2.jpg","filesize":182214,"sizes":{"medium":{"file":"Julio_Cortazar2-300x183.jpg","width":300,"height":183,"filesize":12989,"mime_type":"image\/jpeg","source_url":"https:\/\/kulturweit.blog\/argentinienvillageneralbelgrano\/files\/2022\/09\/Julio_Cortazar2-300x183.jpg"},"thumbnail":{"file":"Julio_Cortazar2-150x150.jpg","width":150,"height":150,"filesize":6940,"mime_type":"image\/jpeg","source_url":"https:\/\/kulturweit.blog\/argentinienvillageneralbelgrano\/files\/2022\/09\/Julio_Cortazar2-150x150.jpg"},"medium_large":{"file":"Julio_Cortazar2-768x467.jpg","width":768,"height":467,"filesize":61184,"mime_type":"image\/jpeg","source_url":"https:\/\/kulturweit.blog\/argentinienvillageneralbelgrano\/files\/2022\/09\/Julio_Cortazar2-768x467.jpg"},"kw_blog":{"file":"Julio_Cortazar2-300x300.jpg","width":300,"height":300,"filesize":20529,"mime_type":"image\/jpeg","source_url":"https:\/\/kulturweit.blog\/argentinienvillageneralbelgrano\/files\/2022\/09\/Julio_Cortazar2-300x300.jpg"},"fresh-and-clean-thumbnail":{"file":"Julio_Cortazar2-160x120.jpg","width":160,"height":120,"filesize":5677,"mime_type":"image\/jpeg","source_url":"https:\/\/kulturweit.blog\/argentinienvillageneralbelgrano\/files\/2022\/09\/Julio_Cortazar2-160x120.jpg"},"large-feature":{"file":"Julio_Cortazar2-840x280.jpg","width":840,"height":280,"filesize":40739,"mime_type":"image\/jpeg","source_url":"https:\/\/kulturweit.blog\/argentinienvillageneralbelgrano\/files\/2022\/09\/Julio_Cortazar2-840x280.jpg"},"full":{"file":"Julio_Cortazar2.jpg","width":1024,"height":623,"mime_type":"image\/jpeg","source_url":"https:\/\/kulturweit.blog\/argentinienvillageneralbelgrano\/files\/2022\/09\/Julio_Cortazar2.jpg"}},"image_meta":{"aperture":"0","credit":"","camera":"","caption":"","created_timestamp":"0","copyright":"","focal_length":"0","iso":"0","shutter_speed":"0","title":"","orientation":"0","keywords":[]},"optimus":{"profit":"38","quantity":100,"webp":0}},"post":65,"source_url":"https:\/\/kulturweit.blog\/argentinienvillageneralbelgrano\/files\/2022\/09\/Julio_Cortazar2.jpg","_links":{"self":[{"href":"https:\/\/kulturweit.blog\/argentinienvillageneralbelgrano\/wp-json\/wp\/v2\/media\/79"}],"collection":[{"href":"https:\/\/kulturweit.blog\/argentinienvillageneralbelgrano\/wp-json\/wp\/v2\/media"}],"about":[{"href":"https:\/\/kulturweit.blog\/argentinienvillageneralbelgrano\/wp-json\/wp\/v2\/types\/attachment"}],"author":[{"embeddable":true,"href":"https:\/\/kulturweit.blog\/argentinienvillageneralbelgrano\/wp-json\/wp\/v2\/users\/3061"}],"replies":[{"embeddable":true,"href":"https:\/\/kulturweit.blog\/argentinienvillageneralbelgrano\/wp-json\/wp\/v2\/comments?post=79"}]}}

Julio Cortázar

<p class="attachment"><a href='https://kulturweit.blog/argentinienvillageneralbelgrano/files/2022/09/Julio_Cortazar2.jpg'><img loading="lazy" decoding="async" width="300" height="183" src="https://kulturweit.blog/argentinienvillageneralbelgrano/files/2022/09/Julio_Cortazar2-300x183.jpg" class="attachment-medium size-medium" alt="" srcset="https://kulturweit.blog/argentinienvillageneralbelgrano/files/2022/09/Julio_Cortazar2-300x183.jpg 300w, https://kulturweit.blog/argentinienvillageneralbelgrano/files/2022/09/Julio_Cortazar2-768x467.jpg 768w, https://kulturweit.blog/argentinienvillageneralbelgrano/files/2022/09/Julio_Cortazar2.jpg 1024w" sizes="(max-width: 300px) 100vw, 300px" /></a></p>
<p>Es sind meist Zitate aus Julio Cortázar&#8217;s Werken, die auf Fußhöhe angebracht sind.<br />
Santa Rosa de Calamuchita September 2022<br />
Beitrag: &#8222;Santa Rosa de Calamuchita&#8220;</p>
