{"id":77,"date":"2022-09-27T22:30:19","date_gmt":"2022-09-28T01:30:19","guid":{"rendered":"https:\/\/kulturweit.blog\/argentinienvillageneralbelgrano\/files\/2022\/09\/Haengebruecke4.jpg"},"modified":"2022-10-15T13:56:04","modified_gmt":"2022-10-15T16:56:04","slug":"haengebruecke4","status":"inherit","type":"attachment","link":"https:\/\/kulturweit.blog\/argentinienvillageneralbelgrano\/2022\/09\/28\/santa-rosa-de-calamuchita\/haengebruecke4\/#main","title":{"rendered":"H\u00e4ngebr\u00fccke"},"author":3061,"featured_media":0,"comment_status":"open","ping_status":"closed","template":"","meta":[],"class_list":["post-77","attachment","type-attachment","status-inherit","hentry"],"description":{"rendered":"<p class=\"attachment\"><a href='https:\/\/kulturweit.blog\/argentinienvillageneralbelgrano\/files\/2022\/09\/Haengebruecke4.jpg'><img loading=\"lazy\" decoding=\"async\" width=\"300\" height=\"450\" src=\"https:\/\/kulturweit.blog\/argentinienvillageneralbelgrano\/files\/2022\/09\/Haengebruecke4-300x450.jpg\" class=\"attachment-medium size-medium\" alt=\"\" srcset=\"https:\/\/kulturweit.blog\/argentinienvillageneralbelgrano\/files\/2022\/09\/Haengebruecke4-300x450.jpg 300w, https:\/\/kulturweit.blog\/argentinienvillageneralbelgrano\/files\/2022\/09\/Haengebruecke4.jpg 683w\" sizes=\"(max-width: 300px) 100vw, 300px\" \/><\/a><\/p>\n<p>Die Tradition von verliebten P\u00e4rchen, Schl\u00f6sser aufzuh\u00e4ngen und den Schl\u00fcssel in den Fluss zu werfen sei erst ca. 10 Jahre alt.<br \/>\nSanta Rosa de Calamuchita September 2022<br \/>\nBeitrag: &#8222;Santa Rosa de Calamuchita&#8220;<\/p>\n"},"caption":{"rendered":"<p>H\u00e4ngebr\u00fccke von der anderen Seite aus <span class=\"more-link\"><a href=\"https:\/\/kulturweit.blog\/argentinienvillageneralbelgrano\/2022\/09\/28\/santa-rosa-de-calamuchita\/haengebruecke4\/#main\">Mehr lesen &raquo;<\/a><\/span><\/p>\n"},"alt_text":"","media_type":"image","mime_type":"image\/jpeg","media_details":{"width":683,"height":1024,"file":"2022\/09\/Haengebruecke4.jpg","filesize":377864,"sizes":{"medium":{"file":"Haengebruecke4-300x450.jpg","width":300,"height":450,"filesize":40169,"mime_type":"image\/jpeg","source_url":"https:\/\/kulturweit.blog\/argentinienvillageneralbelgrano\/files\/2022\/09\/Haengebruecke4-300x450.jpg"},"thumbnail":{"file":"Haengebruecke4-150x150.jpg","width":150,"height":150,"filesize":7677,"mime_type":"image\/jpeg","source_url":"https:\/\/kulturweit.blog\/argentinienvillageneralbelgrano\/files\/2022\/09\/Haengebruecke4-150x150.jpg"},"kw_blog":{"file":"Haengebruecke4-300x300.jpg","width":300,"height":300,"filesize":28222,"mime_type":"image\/jpeg","source_url":"https:\/\/kulturweit.blog\/argentinienvillageneralbelgrano\/files\/2022\/09\/Haengebruecke4-300x300.jpg"},"fresh-and-clean-thumbnail":{"file":"Haengebruecke4-160x120.jpg","width":160,"height":120,"filesize":6504,"mime_type":"image\/jpeg","source_url":"https:\/\/kulturweit.blog\/argentinienvillageneralbelgrano\/files\/2022\/09\/Haengebruecke4-160x120.jpg"},"large-feature":{"file":"Haengebruecke4-683x280.jpg","width":683,"height":280,"filesize":68151,"mime_type":"image\/jpeg","source_url":"https:\/\/kulturweit.blog\/argentinienvillageneralbelgrano\/files\/2022\/09\/Haengebruecke4-683x280.jpg"},"full":{"file":"Haengebruecke4.jpg","width":683,"height":1024,"mime_type":"image\/jpeg","source_url":"https:\/\/kulturweit.blog\/argentinienvillageneralbelgrano\/files\/2022\/09\/Haengebruecke4.jpg"}},"image_meta":{"aperture":"0","credit":"","camera":"","caption":"","created_timestamp":"0","copyright":"","focal_length":"0","iso":"0","shutter_speed":"0","title":"","orientation":"0","keywords":[]},"optimus":{"profit":"42","quantity":100,"webp":0}},"post":65,"source_url":"https:\/\/kulturweit.blog\/argentinienvillageneralbelgrano\/files\/2022\/09\/Haengebruecke4.jpg","_links":{"self":[{"href":"https:\/\/kulturweit.blog\/argentinienvillageneralbelgrano\/wp-json\/wp\/v2\/media\/77"}],"collection":[{"href":"https:\/\/kulturweit.blog\/argentinienvillageneralbelgrano\/wp-json\/wp\/v2\/media"}],"about":[{"href":"https:\/\/kulturweit.blog\/argentinienvillageneralbelgrano\/wp-json\/wp\/v2\/types\/attachment"}],"author":[{"embeddable":true,"href":"https:\/\/kulturweit.blog\/argentinienvillageneralbelgrano\/wp-json\/wp\/v2\/users\/3061"}],"replies":[{"embeddable":true,"href":"https:\/\/kulturweit.blog\/argentinienvillageneralbelgrano\/wp-json\/wp\/v2\/comments?post=77"}]}}

Hängebrücke

<p class="attachment"><a href='https://kulturweit.blog/argentinienvillageneralbelgrano/files/2022/09/Haengebruecke4.jpg'><img loading="lazy" decoding="async" width="300" height="450" src="https://kulturweit.blog/argentinienvillageneralbelgrano/files/2022/09/Haengebruecke4-300x450.jpg" class="attachment-medium size-medium" alt="" srcset="https://kulturweit.blog/argentinienvillageneralbelgrano/files/2022/09/Haengebruecke4-300x450.jpg 300w, https://kulturweit.blog/argentinienvillageneralbelgrano/files/2022/09/Haengebruecke4.jpg 683w" sizes="(max-width: 300px) 100vw, 300px" /></a></p>
<p>Die Tradition von verliebten Pärchen, Schlösser aufzuhängen und den Schlüssel in den Fluss zu werfen sei erst ca. 10 Jahre alt.<br />
Santa Rosa de Calamuchita September 2022<br />
Beitrag: &#8222;Santa Rosa de Calamuchita&#8220;</p>

<p>Hängebrücke von der anderen Seite aus <span class="more-link"><a href="https://kulturweit.blog/argentinienvillageneralbelgrano/2022/09/28/santa-rosa-de-calamuchita/haengebruecke4/#main">Mehr lesen &raquo;</a></span></p>
