{"id":72,"date":"2022-09-27T22:25:31","date_gmt":"2022-09-28T01:25:31","guid":{"rendered":"https:\/\/kulturweit.blog\/argentinienvillageneralbelgrano\/files\/2022\/09\/GuerteltierInfotafel.jpg"},"modified":"2022-10-01T22:52:54","modified_gmt":"2022-10-02T01:52:54","slug":"guerteltierinfotafel","status":"inherit","type":"attachment","link":"https:\/\/kulturweit.blog\/argentinienvillageneralbelgrano\/2022\/09\/28\/santa-rosa-de-calamuchita\/guerteltierinfotafel\/#main","title":{"rendered":"G\u00fcrteltierInfotafeln"},"author":3061,"featured_media":0,"comment_status":"open","ping_status":"closed","template":"","meta":[],"class_list":["post-72","attachment","type-attachment","status-inherit","hentry"],"description":{"rendered":"<p class=\"attachment\"><a href='https:\/\/kulturweit.blog\/argentinienvillageneralbelgrano\/files\/2022\/09\/GuerteltierInfotafel.jpg'><img loading=\"lazy\" decoding=\"async\" width=\"300\" height=\"200\" src=\"https:\/\/kulturweit.blog\/argentinienvillageneralbelgrano\/files\/2022\/09\/GuerteltierInfotafel-300x200.jpg\" class=\"attachment-medium size-medium\" alt=\"\" srcset=\"https:\/\/kulturweit.blog\/argentinienvillageneralbelgrano\/files\/2022\/09\/GuerteltierInfotafel-300x200.jpg 300w, https:\/\/kulturweit.blog\/argentinienvillageneralbelgrano\/files\/2022\/09\/GuerteltierInfotafel-768x512.jpg 768w, https:\/\/kulturweit.blog\/argentinienvillageneralbelgrano\/files\/2022\/09\/GuerteltierInfotafel.jpg 1024w\" sizes=\"(max-width: 300px) 100vw, 300px\" \/><\/a><\/p>\n<p>Das Museum besteht aus drei R\u00e4umen, in denen die Geschichte des Ortes von der einstigen Megafauna bis zum ersten Stadtplan erkl\u00e4rt wird. Dabei geht es auch um die einstige indigene Bev\u00f6lkerung, die von den Kolonisatoren bek\u00e4mpft wurde. Dadurch sind weder ihre Sprache noch ihr Wissen erhalten geblieben. Stattdessen wurde hier unter anderem von den Jesuiten missioniert.<br \/>\nSanta Rosa de Calamuchita September 2022<br \/>\nBeitrag: &#8222;Santa Rosa de Calamuchita&#8220;<\/p>\n"},"caption":{"rendered":"<p>G\u00fcrteltiertafel im Museum <span class=\"more-link\"><a href=\"https:\/\/kulturweit.blog\/argentinienvillageneralbelgrano\/2022\/09\/28\/santa-rosa-de-calamuchita\/guerteltierinfotafel\/#main\">Mehr lesen &raquo;<\/a><\/span><\/p>\n"},"alt_text":"","media_type":"image","mime_type":"image\/jpeg","media_details":{"width":1024,"height":683,"file":"2022\/09\/GuerteltierInfotafel.jpg","filesize":208378,"sizes":{"medium":{"file":"GuerteltierInfotafel-300x200.jpg","width":300,"height":200,"filesize":15001,"mime_type":"image\/jpeg","source_url":"https:\/\/kulturweit.blog\/argentinienvillageneralbelgrano\/files\/2022\/09\/GuerteltierInfotafel-300x200.jpg"},"thumbnail":{"file":"GuerteltierInfotafel-150x150.jpg","width":150,"height":150,"filesize":6884,"mime_type":"image\/jpeg","source_url":"https:\/\/kulturweit.blog\/argentinienvillageneralbelgrano\/files\/2022\/09\/GuerteltierInfotafel-150x150.jpg"},"medium_large":{"file":"GuerteltierInfotafel-768x512.jpg","width":768,"height":512,"filesize":67497,"mime_type":"image\/jpeg","source_url":"https:\/\/kulturweit.blog\/argentinienvillageneralbelgrano\/files\/2022\/09\/GuerteltierInfotafel-768x512.jpg"},"kw_blog":{"file":"GuerteltierInfotafel-300x300.jpg","width":300,"height":300,"filesize":21039,"mime_type":"image\/jpeg","source_url":"https:\/\/kulturweit.blog\/argentinienvillageneralbelgrano\/files\/2022\/09\/GuerteltierInfotafel-300x300.jpg"},"fresh-and-clean-thumbnail":{"file":"GuerteltierInfotafel-160x120.jpg","width":160,"height":120,"filesize":5870,"mime_type":"image\/jpeg","source_url":"https:\/\/kulturweit.blog\/argentinienvillageneralbelgrano\/files\/2022\/09\/GuerteltierInfotafel-160x120.jpg"},"large-feature":{"file":"GuerteltierInfotafel-840x280.jpg","width":840,"height":280,"filesize":38021,"mime_type":"image\/jpeg","source_url":"https:\/\/kulturweit.blog\/argentinienvillageneralbelgrano\/files\/2022\/09\/GuerteltierInfotafel-840x280.jpg"},"full":{"file":"GuerteltierInfotafel.jpg","width":1024,"height":683,"mime_type":"image\/jpeg","source_url":"https:\/\/kulturweit.blog\/argentinienvillageneralbelgrano\/files\/2022\/09\/GuerteltierInfotafel.jpg"}},"image_meta":{"aperture":"0","credit":"","camera":"","caption":"","created_timestamp":"0","copyright":"","focal_length":"0","iso":"0","shutter_speed":"0","title":"","orientation":"0","keywords":[]},"optimus":{"profit":"42","quantity":100,"webp":0}},"post":65,"source_url":"https:\/\/kulturweit.blog\/argentinienvillageneralbelgrano\/files\/2022\/09\/GuerteltierInfotafel.jpg","_links":{"self":[{"href":"https:\/\/kulturweit.blog\/argentinienvillageneralbelgrano\/wp-json\/wp\/v2\/media\/72"}],"collection":[{"href":"https:\/\/kulturweit.blog\/argentinienvillageneralbelgrano\/wp-json\/wp\/v2\/media"}],"about":[{"href":"https:\/\/kulturweit.blog\/argentinienvillageneralbelgrano\/wp-json\/wp\/v2\/types\/attachment"}],"author":[{"embeddable":true,"href":"https:\/\/kulturweit.blog\/argentinienvillageneralbelgrano\/wp-json\/wp\/v2\/users\/3061"}],"replies":[{"embeddable":true,"href":"https:\/\/kulturweit.blog\/argentinienvillageneralbelgrano\/wp-json\/wp\/v2\/comments?post=72"}]}}

GürteltierInfotafeln

<p class="attachment"><a href='https://kulturweit.blog/argentinienvillageneralbelgrano/files/2022/09/GuerteltierInfotafel.jpg'><img loading="lazy" decoding="async" width="300" height="200" src="https://kulturweit.blog/argentinienvillageneralbelgrano/files/2022/09/GuerteltierInfotafel-300x200.jpg" class="attachment-medium size-medium" alt="" srcset="https://kulturweit.blog/argentinienvillageneralbelgrano/files/2022/09/GuerteltierInfotafel-300x200.jpg 300w, https://kulturweit.blog/argentinienvillageneralbelgrano/files/2022/09/GuerteltierInfotafel-768x512.jpg 768w, https://kulturweit.blog/argentinienvillageneralbelgrano/files/2022/09/GuerteltierInfotafel.jpg 1024w" sizes="(max-width: 300px) 100vw, 300px" /></a></p>
<p>Das Museum besteht aus drei Räumen, in denen die Geschichte des Ortes von der einstigen Megafauna bis zum ersten Stadtplan erklärt wird. Dabei geht es auch um die einstige indigene Bevölkerung, die von den Kolonisatoren bekämpft wurde. Dadurch sind weder ihre Sprache noch ihr Wissen erhalten geblieben. Stattdessen wurde hier unter anderem von den Jesuiten missioniert.<br />
Santa Rosa de Calamuchita September 2022<br />
Beitrag: &#8222;Santa Rosa de Calamuchita&#8220;</p>

<p>Gürteltiertafel im Museum <span class="more-link"><a href="https://kulturweit.blog/argentinienvillageneralbelgrano/2022/09/28/santa-rosa-de-calamuchita/guerteltierinfotafel/#main">Mehr lesen &raquo;</a></span></p>
