{"id":48,"date":"2022-09-17T04:41:48","date_gmt":"2022-09-17T02:41:48","guid":{"rendered":"https:\/\/kulturweit.blog\/argentinienvillageneralbelgrano\/files\/2022\/09\/DSC_0086-1.jpg"},"modified":"2022-09-17T05:12:21","modified_gmt":"2022-09-17T03:12:21","slug":"dsc_0086-2","status":"inherit","type":"attachment","link":"https:\/\/kulturweit.blog\/argentinienvillageneralbelgrano\/2022\/09\/16\/wie-alles-begann\/dsc_0086-2\/#main","title":{"rendered":"Ein Grafitto"},"author":3061,"featured_media":0,"comment_status":"open","ping_status":"closed","template":"","meta":[],"class_list":["post-48","attachment","type-attachment","status-inherit","hentry"],"description":{"rendered":"<p class=\"attachment\"><a href='https:\/\/kulturweit.blog\/argentinienvillageneralbelgrano\/files\/2022\/09\/DSC_0086-1.jpg'><img loading=\"lazy\" decoding=\"async\" width=\"300\" height=\"200\" src=\"https:\/\/kulturweit.blog\/argentinienvillageneralbelgrano\/files\/2022\/09\/DSC_0086-1-300x200.jpg\" class=\"attachment-medium size-medium\" alt=\"Graffiti an einer Br\u00fccke\" srcset=\"https:\/\/kulturweit.blog\/argentinienvillageneralbelgrano\/files\/2022\/09\/DSC_0086-1-300x200.jpg 300w, https:\/\/kulturweit.blog\/argentinienvillageneralbelgrano\/files\/2022\/09\/DSC_0086-1-768x512.jpg 768w, https:\/\/kulturweit.blog\/argentinienvillageneralbelgrano\/files\/2022\/09\/DSC_0086-1.jpg 1024w\" sizes=\"(max-width: 300px) 100vw, 300px\" \/><\/a><\/p>\n"},"caption":{"rendered":"<p>Graffiti an einer Br\u00fccke, die \u00fcber den Arroyo El Sauce f\u00fchrt <span class=\"more-link\"><a href=\"https:\/\/kulturweit.blog\/argentinienvillageneralbelgrano\/2022\/09\/16\/wie-alles-begann\/dsc_0086-2\/#main\">Mehr lesen &raquo;<\/a><\/span><\/p>\n"},"alt_text":"Graffiti an einer Br\u00fccke","media_type":"image","mime_type":"image\/jpeg","media_details":{"width":1024,"height":683,"file":"2022\/09\/DSC_0086-1.jpg","filesize":428421,"sizes":{"medium":{"file":"DSC_0086-1-300x200.jpg","width":300,"height":200,"filesize":22767,"mime_type":"image\/jpeg","source_url":"https:\/\/kulturweit.blog\/argentinienvillageneralbelgrano\/files\/2022\/09\/DSC_0086-1-300x200.jpg"},"thumbnail":{"file":"DSC_0086-1-150x150.jpg","width":150,"height":150,"filesize":9467,"mime_type":"image\/jpeg","source_url":"https:\/\/kulturweit.blog\/argentinienvillageneralbelgrano\/files\/2022\/09\/DSC_0086-1-150x150.jpg"},"medium_large":{"file":"DSC_0086-1-768x512.jpg","width":768,"height":512,"filesize":126101,"mime_type":"image\/jpeg","source_url":"https:\/\/kulturweit.blog\/argentinienvillageneralbelgrano\/files\/2022\/09\/DSC_0086-1-768x512.jpg"},"kw_blog":{"file":"DSC_0086-1-300x300.jpg","width":300,"height":300,"filesize":32757,"mime_type":"image\/jpeg","source_url":"https:\/\/kulturweit.blog\/argentinienvillageneralbelgrano\/files\/2022\/09\/DSC_0086-1-300x300.jpg"},"fresh-and-clean-thumbnail":{"file":"DSC_0086-1-160x120.jpg","width":160,"height":120,"filesize":8117,"mime_type":"image\/jpeg","source_url":"https:\/\/kulturweit.blog\/argentinienvillageneralbelgrano\/files\/2022\/09\/DSC_0086-1-160x120.jpg"},"large-feature":{"file":"DSC_0086-1-840x280.jpg","width":840,"height":280,"filesize":72551,"mime_type":"image\/jpeg","source_url":"https:\/\/kulturweit.blog\/argentinienvillageneralbelgrano\/files\/2022\/09\/DSC_0086-1-840x280.jpg"},"full":{"file":"DSC_0086-1.jpg","width":1024,"height":683,"mime_type":"image\/jpeg","source_url":"https:\/\/kulturweit.blog\/argentinienvillageneralbelgrano\/files\/2022\/09\/DSC_0086-1.jpg"}},"image_meta":{"aperture":"0","credit":"","camera":"","caption":"","created_timestamp":"0","copyright":"","focal_length":"0","iso":"0","shutter_speed":"0","title":"","orientation":"0","keywords":[]},"optimus":{"profit":"40","quantity":100,"webp":0}},"post":20,"source_url":"https:\/\/kulturweit.blog\/argentinienvillageneralbelgrano\/files\/2022\/09\/DSC_0086-1.jpg","_links":{"self":[{"href":"https:\/\/kulturweit.blog\/argentinienvillageneralbelgrano\/wp-json\/wp\/v2\/media\/48"}],"collection":[{"href":"https:\/\/kulturweit.blog\/argentinienvillageneralbelgrano\/wp-json\/wp\/v2\/media"}],"about":[{"href":"https:\/\/kulturweit.blog\/argentinienvillageneralbelgrano\/wp-json\/wp\/v2\/types\/attachment"}],"author":[{"embeddable":true,"href":"https:\/\/kulturweit.blog\/argentinienvillageneralbelgrano\/wp-json\/wp\/v2\/users\/3061"}],"replies":[{"embeddable":true,"href":"https:\/\/kulturweit.blog\/argentinienvillageneralbelgrano\/wp-json\/wp\/v2\/comments?post=48"}]}}

<p class="attachment"><a href='https://kulturweit.blog/argentinienvillageneralbelgrano/files/2022/09/DSC_0086-1.jpg'><img loading="lazy" decoding="async" width="300" height="200" src="https://kulturweit.blog/argentinienvillageneralbelgrano/files/2022/09/DSC_0086-1-300x200.jpg" class="attachment-medium size-medium" alt="Graffiti an einer Brücke" srcset="https://kulturweit.blog/argentinienvillageneralbelgrano/files/2022/09/DSC_0086-1-300x200.jpg 300w, https://kulturweit.blog/argentinienvillageneralbelgrano/files/2022/09/DSC_0086-1-768x512.jpg 768w, https://kulturweit.blog/argentinienvillageneralbelgrano/files/2022/09/DSC_0086-1.jpg 1024w" sizes="(max-width: 300px) 100vw, 300px" /></a></p>

<p>Graffiti an einer Brücke, die über den Arroyo El Sauce führt <span class="more-link"><a href="https://kulturweit.blog/argentinienvillageneralbelgrano/2022/09/16/wie-alles-begann/dsc_0086-2/#main">Mehr lesen &raquo;</a></span></p>

Graffiti an einer Brücke
