{"id":44,"date":"2022-09-16T03:05:18","date_gmt":"2022-09-16T01:05:18","guid":{"rendered":"https:\/\/kulturweit.blog\/argentinienvillageneralbelgrano\/files\/2022\/09\/DSC_0103.jpg"},"modified":"2022-10-15T13:53:18","modified_gmt":"2022-10-15T16:53:18","slug":"dsc_0103","status":"inherit","type":"attachment","link":"https:\/\/kulturweit.blog\/argentinienvillageneralbelgrano\/2022\/09\/16\/wie-alles-begann\/dsc_0103\/#main","title":{"rendered":"Flussquerung"},"author":3061,"featured_media":0,"comment_status":"open","ping_status":"closed","template":"","meta":[],"class_list":["post-44","attachment","type-attachment","status-inherit","hentry"],"description":{"rendered":"<p class=\"attachment\"><a href='https:\/\/kulturweit.blog\/argentinienvillageneralbelgrano\/files\/2022\/09\/DSC_0103.jpg'><img loading=\"lazy\" decoding=\"async\" width=\"300\" height=\"200\" src=\"https:\/\/kulturweit.blog\/argentinienvillageneralbelgrano\/files\/2022\/09\/DSC_0103-300x200.jpg\" class=\"attachment-medium size-medium\" alt=\"Gelbe Flussquerung des Arroyo El Sauce An der Avenida Julio A. Roca.\" srcset=\"https:\/\/kulturweit.blog\/argentinienvillageneralbelgrano\/files\/2022\/09\/DSC_0103-300x200.jpg 300w, https:\/\/kulturweit.blog\/argentinienvillageneralbelgrano\/files\/2022\/09\/DSC_0103-768x512.jpg 768w, https:\/\/kulturweit.blog\/argentinienvillageneralbelgrano\/files\/2022\/09\/DSC_0103.jpg 1024w\" sizes=\"(max-width: 300px) 100vw, 300px\" \/><\/a><\/p>\n<p>Gelbe Flussquerung des Arroyo El Sauce An der Avenida Julio A. Roca.<br \/>\nVilla General Belgrano September 2022 Beitrag: &#8222;Wie alles begann&#8230;&#8220;<\/p>\n"},"caption":{"rendered":"<p>Flussquerung: im Fr\u00fchling f\u00e4ngt es hier bald ziemlich zu  regnen an, da werden die Fl\u00fcsse anschwellen. <span class=\"more-link\"><a href=\"https:\/\/kulturweit.blog\/argentinienvillageneralbelgrano\/2022\/09\/16\/wie-alles-begann\/dsc_0103\/#main\">Mehr lesen &raquo;<\/a><\/span><\/p>\n"},"alt_text":"Gelbe Flussquerung des Arroyo El Sauce An der Avenida Julio A. Roca.","media_type":"image","mime_type":"image\/jpeg","media_details":{"width":1024,"height":683,"file":"2022\/09\/DSC_0103.jpg","filesize":247475,"sizes":{"medium":{"file":"DSC_0103-300x200.jpg","width":300,"height":200,"filesize":15265,"mime_type":"image\/jpeg","source_url":"https:\/\/kulturweit.blog\/argentinienvillageneralbelgrano\/files\/2022\/09\/DSC_0103-300x200.jpg"},"thumbnail":{"file":"DSC_0103-150x150.jpg","width":150,"height":150,"filesize":6534,"mime_type":"image\/jpeg","source_url":"https:\/\/kulturweit.blog\/argentinienvillageneralbelgrano\/files\/2022\/09\/DSC_0103-150x150.jpg"},"medium_large":{"file":"DSC_0103-768x512.jpg","width":768,"height":512,"filesize":78451,"mime_type":"image\/jpeg","source_url":"https:\/\/kulturweit.blog\/argentinienvillageneralbelgrano\/files\/2022\/09\/DSC_0103-768x512.jpg"},"kw_blog":{"file":"DSC_0103-300x300.jpg","width":300,"height":300,"filesize":20983,"mime_type":"image\/jpeg","source_url":"https:\/\/kulturweit.blog\/argentinienvillageneralbelgrano\/files\/2022\/09\/DSC_0103-300x300.jpg"},"fresh-and-clean-thumbnail":{"file":"DSC_0103-160x120.jpg","width":160,"height":120,"filesize":5848,"mime_type":"image\/jpeg","source_url":"https:\/\/kulturweit.blog\/argentinienvillageneralbelgrano\/files\/2022\/09\/DSC_0103-160x120.jpg"},"large-feature":{"file":"DSC_0103-840x280.jpg","width":840,"height":280,"filesize":46526,"mime_type":"image\/jpeg","source_url":"https:\/\/kulturweit.blog\/argentinienvillageneralbelgrano\/files\/2022\/09\/DSC_0103-840x280.jpg"},"full":{"file":"DSC_0103.jpg","width":1024,"height":683,"mime_type":"image\/jpeg","source_url":"https:\/\/kulturweit.blog\/argentinienvillageneralbelgrano\/files\/2022\/09\/DSC_0103.jpg"}},"image_meta":{"aperture":"0","credit":"","camera":"","caption":"","created_timestamp":"0","copyright":"","focal_length":"0","iso":"0","shutter_speed":"0","title":"","orientation":"0","keywords":[]},"optimus":{"profit":"35","quantity":100,"webp":0}},"post":20,"source_url":"https:\/\/kulturweit.blog\/argentinienvillageneralbelgrano\/files\/2022\/09\/DSC_0103.jpg","_links":{"self":[{"href":"https:\/\/kulturweit.blog\/argentinienvillageneralbelgrano\/wp-json\/wp\/v2\/media\/44"}],"collection":[{"href":"https:\/\/kulturweit.blog\/argentinienvillageneralbelgrano\/wp-json\/wp\/v2\/media"}],"about":[{"href":"https:\/\/kulturweit.blog\/argentinienvillageneralbelgrano\/wp-json\/wp\/v2\/types\/attachment"}],"author":[{"embeddable":true,"href":"https:\/\/kulturweit.blog\/argentinienvillageneralbelgrano\/wp-json\/wp\/v2\/users\/3061"}],"replies":[{"embeddable":true,"href":"https:\/\/kulturweit.blog\/argentinienvillageneralbelgrano\/wp-json\/wp\/v2\/comments?post=44"}]}}

<p>Flussquerung: im Frühling fängt es hier bald ziemlich zu  regnen an, da werden die Flüsse anschwellen. <span class="more-link"><a href="https://kulturweit.blog/argentinienvillageneralbelgrano/2022/09/16/wie-alles-begann/dsc_0103/#main">Mehr lesen &raquo;</a></span></p>
