{"id":38,"date":"2022-09-16T02:59:34","date_gmt":"2022-09-16T00:59:34","guid":{"rendered":"https:\/\/kulturweit.blog\/argentinienvillageneralbelgrano\/files\/2022\/09\/DSC_0046.jpg"},"modified":"2022-10-01T22:56:18","modified_gmt":"2022-10-02T01:56:18","slug":"dsc_0046","status":"inherit","type":"attachment","link":"https:\/\/kulturweit.blog\/argentinienvillageneralbelgrano\/2022\/09\/16\/wie-alles-begann\/dsc_0046\/#main","title":{"rendered":"Cercis siliquastrum"},"author":3061,"featured_media":0,"comment_status":"open","ping_status":"closed","template":"","meta":[],"class_list":["post-38","attachment","type-attachment","status-inherit","hentry"],"description":{"rendered":"<p class=\"attachment\"><a href='https:\/\/kulturweit.blog\/argentinienvillageneralbelgrano\/files\/2022\/09\/DSC_0046.jpg'><img loading=\"lazy\" decoding=\"async\" width=\"300\" height=\"204\" src=\"https:\/\/kulturweit.blog\/argentinienvillageneralbelgrano\/files\/2022\/09\/DSC_0046-300x204.jpg\" class=\"attachment-medium size-medium\" alt=\"Lila Bl\u00fcmchen im G\u00e4rtchen\" srcset=\"https:\/\/kulturweit.blog\/argentinienvillageneralbelgrano\/files\/2022\/09\/DSC_0046-300x204.jpg 300w, https:\/\/kulturweit.blog\/argentinienvillageneralbelgrano\/files\/2022\/09\/DSC_0046-768x524.jpg 768w, https:\/\/kulturweit.blog\/argentinienvillageneralbelgrano\/files\/2022\/09\/DSC_0046.jpg 1024w\" sizes=\"(max-width: 300px) 100vw, 300px\" \/><\/a><\/p>\n<p>Lila Bl\u00fcmchen im G\u00e4rtchen<br \/>\nVilla General Belgrano September 2022 Beitrag: &#8222;Wie alles begann&#8230;&#8220;<\/p>\n"},"caption":{"rendered":"<p>H\u00fcbsche Bl\u00fcmchen m\u00fcssen auch mal sein <span class=\"more-link\"><a href=\"https:\/\/kulturweit.blog\/argentinienvillageneralbelgrano\/2022\/09\/16\/wie-alles-begann\/dsc_0046\/#main\">Mehr lesen &raquo;<\/a><\/span><\/p>\n"},"alt_text":"Lila Bl\u00fcmchen im G\u00e4rtchen","media_type":"image","mime_type":"image\/jpeg","media_details":{"width":1024,"height":698,"file":"2022\/09\/DSC_0046.jpg","filesize":224419,"sizes":{"medium":{"file":"DSC_0046-300x204.jpg","width":300,"height":204,"filesize":19652,"mime_type":"image\/jpeg","source_url":"https:\/\/kulturweit.blog\/argentinienvillageneralbelgrano\/files\/2022\/09\/DSC_0046-300x204.jpg"},"thumbnail":{"file":"DSC_0046-150x150.jpg","width":150,"height":150,"filesize":8502,"mime_type":"image\/jpeg","source_url":"https:\/\/kulturweit.blog\/argentinienvillageneralbelgrano\/files\/2022\/09\/DSC_0046-150x150.jpg"},"medium_large":{"file":"DSC_0046-768x524.jpg","width":768,"height":524,"filesize":80299,"mime_type":"image\/jpeg","source_url":"https:\/\/kulturweit.blog\/argentinienvillageneralbelgrano\/files\/2022\/09\/DSC_0046-768x524.jpg"},"kw_blog":{"file":"DSC_0046-300x300.jpg","width":300,"height":300,"filesize":24487,"mime_type":"image\/jpeg","source_url":"https:\/\/kulturweit.blog\/argentinienvillageneralbelgrano\/files\/2022\/09\/DSC_0046-300x300.jpg"},"fresh-and-clean-thumbnail":{"file":"DSC_0046-160x120.jpg","width":160,"height":120,"filesize":7596,"mime_type":"image\/jpeg","source_url":"https:\/\/kulturweit.blog\/argentinienvillageneralbelgrano\/files\/2022\/09\/DSC_0046-160x120.jpg"},"large-feature":{"file":"DSC_0046-840x280.jpg","width":840,"height":280,"filesize":52919,"mime_type":"image\/jpeg","source_url":"https:\/\/kulturweit.blog\/argentinienvillageneralbelgrano\/files\/2022\/09\/DSC_0046-840x280.jpg"},"full":{"file":"DSC_0046.jpg","width":1024,"height":698,"mime_type":"image\/jpeg","source_url":"https:\/\/kulturweit.blog\/argentinienvillageneralbelgrano\/files\/2022\/09\/DSC_0046.jpg"}},"image_meta":{"aperture":"0","credit":"","camera":"","caption":"","created_timestamp":"0","copyright":"","focal_length":"0","iso":"0","shutter_speed":"0","title":"","orientation":"0","keywords":[]},"optimus":{"profit":"40","quantity":100,"webp":0}},"post":20,"source_url":"https:\/\/kulturweit.blog\/argentinienvillageneralbelgrano\/files\/2022\/09\/DSC_0046.jpg","_links":{"self":[{"href":"https:\/\/kulturweit.blog\/argentinienvillageneralbelgrano\/wp-json\/wp\/v2\/media\/38"}],"collection":[{"href":"https:\/\/kulturweit.blog\/argentinienvillageneralbelgrano\/wp-json\/wp\/v2\/media"}],"about":[{"href":"https:\/\/kulturweit.blog\/argentinienvillageneralbelgrano\/wp-json\/wp\/v2\/types\/attachment"}],"author":[{"embeddable":true,"href":"https:\/\/kulturweit.blog\/argentinienvillageneralbelgrano\/wp-json\/wp\/v2\/users\/3061"}],"replies":[{"embeddable":true,"href":"https:\/\/kulturweit.blog\/argentinienvillageneralbelgrano\/wp-json\/wp\/v2\/comments?post=38"}]}}

<p class="attachment"><a href='https://kulturweit.blog/argentinienvillageneralbelgrano/files/2022/09/DSC_0046.jpg'><img loading="lazy" decoding="async" width="300" height="204" src="https://kulturweit.blog/argentinienvillageneralbelgrano/files/2022/09/DSC_0046-300x204.jpg" class="attachment-medium size-medium" alt="Lila Blümchen im Gärtchen" srcset="https://kulturweit.blog/argentinienvillageneralbelgrano/files/2022/09/DSC_0046-300x204.jpg 300w, https://kulturweit.blog/argentinienvillageneralbelgrano/files/2022/09/DSC_0046-768x524.jpg 768w, https://kulturweit.blog/argentinienvillageneralbelgrano/files/2022/09/DSC_0046.jpg 1024w" sizes="(max-width: 300px) 100vw, 300px" /></a></p>
<p>Lila Blümchen im Gärtchen<br />
Villa General Belgrano September 2022 Beitrag: &#8222;Wie alles begann&#8230;&#8220;</p>

<p>Hübsche Blümchen müssen auch mal sein <span class="more-link"><a href="https://kulturweit.blog/argentinienvillageneralbelgrano/2022/09/16/wie-alles-begann/dsc_0046/#main">Mehr lesen &raquo;</a></span></p>

Lila Blümchen im Gärtchen
