{"id":37,"date":"2022-09-16T02:59:15","date_gmt":"2022-09-16T00:59:15","guid":{"rendered":"https:\/\/kulturweit.blog\/argentinienvillageneralbelgrano\/files\/2022\/09\/DSC_0042-1.jpg"},"modified":"2022-10-01T22:56:23","modified_gmt":"2022-10-02T01:56:23","slug":"dsc_0042-2","status":"inherit","type":"attachment","link":"https:\/\/kulturweit.blog\/argentinienvillageneralbelgrano\/2022\/09\/16\/wie-alles-begann\/dsc_0042-2\/#main","title":{"rendered":"Zwerg am Uhu"},"author":3061,"featured_media":0,"comment_status":"open","ping_status":"closed","template":"","meta":[],"class_list":["post-37","attachment","type-attachment","status-inherit","hentry"],"description":{"rendered":"<p class=\"attachment\"><a href='https:\/\/kulturweit.blog\/argentinienvillageneralbelgrano\/files\/2022\/09\/DSC_0042-1.jpg'><img loading=\"lazy\" decoding=\"async\" width=\"300\" height=\"200\" src=\"https:\/\/kulturweit.blog\/argentinienvillageneralbelgrano\/files\/2022\/09\/DSC_0042-1-300x200.jpg\" class=\"attachment-medium size-medium\" alt=\"Ein gro\u00dfer Zwerg vor dem Schn\u00f6rlezaun auf einer Mauer mit Roter Zipfelm\u00fctze, langem wei\u00dfen Bart, blauem Mantel, Bier, Stock und Eule. Dahinter ein noch nicht ganz fertiges Haus.\" srcset=\"https:\/\/kulturweit.blog\/argentinienvillageneralbelgrano\/files\/2022\/09\/DSC_0042-1-300x200.jpg 300w, https:\/\/kulturweit.blog\/argentinienvillageneralbelgrano\/files\/2022\/09\/DSC_0042-1-768x512.jpg 768w, https:\/\/kulturweit.blog\/argentinienvillageneralbelgrano\/files\/2022\/09\/DSC_0042-1.jpg 1024w\" sizes=\"(max-width: 300px) 100vw, 300px\" \/><\/a><\/p>\n<p>Ein Zwerg vor dem Schn\u00f6rlezaun auf einer Mauer mit Roter Zipfelm\u00fctze, langem wei\u00dfen Bart, blauem Mantel, Bier, Stock und Eule. Dahinter ein noch nicht ganz fertiges Haus.<br \/>\nVilla General Belgrano September 2022 Beitrag: &#8222;Wie alles begann&#8230;&#8220;<\/p>\n"},"caption":{"rendered":"<p>Der Zwerg vor dem Uhu Restaurant <span class=\"more-link\"><a href=\"https:\/\/kulturweit.blog\/argentinienvillageneralbelgrano\/2022\/09\/16\/wie-alles-begann\/dsc_0042-2\/#main\">Mehr lesen &raquo;<\/a><\/span><\/p>\n"},"alt_text":"Ein gro\u00dfer Zwerg vor dem Schn\u00f6rlezaun auf einer Mauer mit Roter Zipfelm\u00fctze, langem wei\u00dfen Bart, blauem Mantel, Bier, Stock und Eule. Dahinter ein noch nicht ganz fertiges Haus.","media_type":"image","mime_type":"image\/jpeg","media_details":{"width":1024,"height":683,"file":"2022\/09\/DSC_0042-1.jpg","filesize":235320,"sizes":{"medium":{"file":"DSC_0042-1-300x200.jpg","width":300,"height":200,"filesize":15944,"mime_type":"image\/jpeg","source_url":"https:\/\/kulturweit.blog\/argentinienvillageneralbelgrano\/files\/2022\/09\/DSC_0042-1-300x200.jpg"},"thumbnail":{"file":"DSC_0042-1-150x150.jpg","width":150,"height":150,"filesize":6647,"mime_type":"image\/jpeg","source_url":"https:\/\/kulturweit.blog\/argentinienvillageneralbelgrano\/files\/2022\/09\/DSC_0042-1-150x150.jpg"},"medium_large":{"file":"DSC_0042-1-768x512.jpg","width":768,"height":512,"filesize":75819,"mime_type":"image\/jpeg","source_url":"https:\/\/kulturweit.blog\/argentinienvillageneralbelgrano\/files\/2022\/09\/DSC_0042-1-768x512.jpg"},"kw_blog":{"file":"DSC_0042-1-300x300.jpg","width":300,"height":300,"filesize":19851,"mime_type":"image\/jpeg","source_url":"https:\/\/kulturweit.blog\/argentinienvillageneralbelgrano\/files\/2022\/09\/DSC_0042-1-300x300.jpg"},"fresh-and-clean-thumbnail":{"file":"DSC_0042-1-160x120.jpg","width":160,"height":120,"filesize":6173,"mime_type":"image\/jpeg","source_url":"https:\/\/kulturweit.blog\/argentinienvillageneralbelgrano\/files\/2022\/09\/DSC_0042-1-160x120.jpg"},"large-feature":{"file":"DSC_0042-1-840x280.jpg","width":840,"height":280,"filesize":48267,"mime_type":"image\/jpeg","source_url":"https:\/\/kulturweit.blog\/argentinienvillageneralbelgrano\/files\/2022\/09\/DSC_0042-1-840x280.jpg"},"full":{"file":"DSC_0042-1.jpg","width":1024,"height":683,"mime_type":"image\/jpeg","source_url":"https:\/\/kulturweit.blog\/argentinienvillageneralbelgrano\/files\/2022\/09\/DSC_0042-1.jpg"}},"image_meta":{"aperture":"0","credit":"","camera":"","caption":"","created_timestamp":"0","copyright":"","focal_length":"0","iso":"0","shutter_speed":"0","title":"","orientation":"0","keywords":[]},"optimus":{"profit":"37","quantity":100,"webp":0}},"post":20,"source_url":"https:\/\/kulturweit.blog\/argentinienvillageneralbelgrano\/files\/2022\/09\/DSC_0042-1.jpg","_links":{"self":[{"href":"https:\/\/kulturweit.blog\/argentinienvillageneralbelgrano\/wp-json\/wp\/v2\/media\/37"}],"collection":[{"href":"https:\/\/kulturweit.blog\/argentinienvillageneralbelgrano\/wp-json\/wp\/v2\/media"}],"about":[{"href":"https:\/\/kulturweit.blog\/argentinienvillageneralbelgrano\/wp-json\/wp\/v2\/types\/attachment"}],"author":[{"embeddable":true,"href":"https:\/\/kulturweit.blog\/argentinienvillageneralbelgrano\/wp-json\/wp\/v2\/users\/3061"}],"replies":[{"embeddable":true,"href":"https:\/\/kulturweit.blog\/argentinienvillageneralbelgrano\/wp-json\/wp\/v2\/comments?post=37"}]}}

<p class="attachment"><a href='https://kulturweit.blog/argentinienvillageneralbelgrano/files/2022/09/DSC_0042-1.jpg'><img loading="lazy" decoding="async" width="300" height="200" src="https://kulturweit.blog/argentinienvillageneralbelgrano/files/2022/09/DSC_0042-1-300x200.jpg" class="attachment-medium size-medium" alt="Ein großer Zwerg vor dem Schnörlezaun auf einer Mauer mit Roter Zipfelmütze, langem weißen Bart, blauem Mantel, Bier, Stock und Eule. Dahinter ein noch nicht ganz fertiges Haus." srcset="https://kulturweit.blog/argentinienvillageneralbelgrano/files/2022/09/DSC_0042-1-300x200.jpg 300w, https://kulturweit.blog/argentinienvillageneralbelgrano/files/2022/09/DSC_0042-1-768x512.jpg 768w, https://kulturweit.blog/argentinienvillageneralbelgrano/files/2022/09/DSC_0042-1.jpg 1024w" sizes="(max-width: 300px) 100vw, 300px" /></a></p>
<p>Ein Zwerg vor dem Schnörlezaun auf einer Mauer mit Roter Zipfelmütze, langem weißen Bart, blauem Mantel, Bier, Stock und Eule. Dahinter ein noch nicht ganz fertiges Haus.<br />
Villa General Belgrano September 2022 Beitrag: &#8222;Wie alles begann&#8230;&#8220;</p>

Ein großer Zwerg vor dem Schnörlezaun auf einer Mauer mit Roter Zipfelmütze, langem weißen Bart, blauem Mantel, Bier, Stock und Eule. Dahinter ein noch nicht ganz fertiges Haus.
