{"id":27,"date":"2022-09-16T02:48:25","date_gmt":"2022-09-16T00:48:25","guid":{"rendered":"https:\/\/kulturweit.blog\/argentinienvillageneralbelgrano\/files\/2022\/09\/DSC_0010abgedeckt.jpg"},"modified":"2022-10-01T22:56:59","modified_gmt":"2022-10-02T01:56:59","slug":"dsc_0010abgedeckt","status":"inherit","type":"attachment","link":"https:\/\/kulturweit.blog\/argentinienvillageneralbelgrano\/2022\/09\/16\/wie-alles-begann\/dsc_0010abgedeckt\/#main","title":{"rendered":"Hotel Edelweiss"},"author":3061,"featured_media":0,"comment_status":"open","ping_status":"closed","template":"","meta":[],"class_list":["post-27","attachment","type-attachment","status-inherit","hentry"],"description":{"rendered":"<p class=\"attachment\"><a href='https:\/\/kulturweit.blog\/argentinienvillageneralbelgrano\/files\/2022\/09\/DSC_0010abgedeckt.jpg'><img loading=\"lazy\" decoding=\"async\" width=\"300\" height=\"200\" src=\"https:\/\/kulturweit.blog\/argentinienvillageneralbelgrano\/files\/2022\/09\/DSC_0010abgedeckt-300x200.jpg\" class=\"attachment-medium size-medium\" alt=\"Ein Schild verr\u00e4t den Namen des Hotels: &quot;Edelweiss&quot; ein Geb\u00e4udde hinter einem Parplatz. Am Balcongel\u00e4nder h\u00e4ngen argentinische Flaggen.\" srcset=\"https:\/\/kulturweit.blog\/argentinienvillageneralbelgrano\/files\/2022\/09\/DSC_0010abgedeckt-300x200.jpg 300w, https:\/\/kulturweit.blog\/argentinienvillageneralbelgrano\/files\/2022\/09\/DSC_0010abgedeckt-768x512.jpg 768w, https:\/\/kulturweit.blog\/argentinienvillageneralbelgrano\/files\/2022\/09\/DSC_0010abgedeckt.jpg 1024w\" sizes=\"(max-width: 300px) 100vw, 300px\" \/><\/a><\/p>\n<p>Ein Schild verr\u00e4t den Namen des Hotels: &#8222;Edelweiss&#8220; ein Geb\u00e4udde hinter einem Parplatz mit Baum. Am Balcongel\u00e4nder h\u00e4ngen argentinische Flaggen.<br \/>\nVilla General Belgrano September 2022 Beitrag: &#8222;Wie alles begann&#8230;&#8220;<\/p>\n"},"caption":{"rendered":"<p>Einfach nur ein Hotel <span class=\"more-link\"><a href=\"https:\/\/kulturweit.blog\/argentinienvillageneralbelgrano\/2022\/09\/16\/wie-alles-begann\/dsc_0010abgedeckt\/#main\">Mehr lesen &raquo;<\/a><\/span><\/p>\n"},"alt_text":"Ein Schild verr\u00e4t den Namen des Hotels: \"Edelweiss\" ein Geb\u00e4udde hinter einem Parplatz. Am Balcongel\u00e4nder h\u00e4ngen argentinische Flaggen.","media_type":"image","mime_type":"image\/jpeg","media_details":{"width":1024,"height":683,"file":"2022\/09\/DSC_0010abgedeckt.jpg","filesize":354478,"sizes":{"medium":{"file":"DSC_0010abgedeckt-300x200.jpg","width":300,"height":200,"filesize":21224,"mime_type":"image\/jpeg","source_url":"https:\/\/kulturweit.blog\/argentinienvillageneralbelgrano\/files\/2022\/09\/DSC_0010abgedeckt-300x200.jpg"},"thumbnail":{"file":"DSC_0010abgedeckt-150x150.jpg","width":150,"height":150,"filesize":8307,"mime_type":"image\/jpeg","source_url":"https:\/\/kulturweit.blog\/argentinienvillageneralbelgrano\/files\/2022\/09\/DSC_0010abgedeckt-150x150.jpg"},"medium_large":{"file":"DSC_0010abgedeckt-768x512.jpg","width":768,"height":512,"filesize":115638,"mime_type":"image\/jpeg","source_url":"https:\/\/kulturweit.blog\/argentinienvillageneralbelgrano\/files\/2022\/09\/DSC_0010abgedeckt-768x512.jpg"},"kw_blog":{"file":"DSC_0010abgedeckt-300x300.jpg","width":300,"height":300,"filesize":28480,"mime_type":"image\/jpeg","source_url":"https:\/\/kulturweit.blog\/argentinienvillageneralbelgrano\/files\/2022\/09\/DSC_0010abgedeckt-300x300.jpg"},"fresh-and-clean-thumbnail":{"file":"DSC_0010abgedeckt-160x120.jpg","width":160,"height":120,"filesize":7609,"mime_type":"image\/jpeg","source_url":"https:\/\/kulturweit.blog\/argentinienvillageneralbelgrano\/files\/2022\/09\/DSC_0010abgedeckt-160x120.jpg"},"large-feature":{"file":"DSC_0010abgedeckt-840x280.jpg","width":840,"height":280,"filesize":70556,"mime_type":"image\/jpeg","source_url":"https:\/\/kulturweit.blog\/argentinienvillageneralbelgrano\/files\/2022\/09\/DSC_0010abgedeckt-840x280.jpg"},"full":{"file":"DSC_0010abgedeckt.jpg","width":1024,"height":683,"mime_type":"image\/jpeg","source_url":"https:\/\/kulturweit.blog\/argentinienvillageneralbelgrano\/files\/2022\/09\/DSC_0010abgedeckt.jpg"}},"image_meta":{"aperture":"0","credit":"","camera":"","caption":"","created_timestamp":"0","copyright":"","focal_length":"0","iso":"0","shutter_speed":"0","title":"","orientation":"0","keywords":[]},"optimus":{"profit":"35","quantity":100,"webp":0}},"post":20,"source_url":"https:\/\/kulturweit.blog\/argentinienvillageneralbelgrano\/files\/2022\/09\/DSC_0010abgedeckt.jpg","_links":{"self":[{"href":"https:\/\/kulturweit.blog\/argentinienvillageneralbelgrano\/wp-json\/wp\/v2\/media\/27"}],"collection":[{"href":"https:\/\/kulturweit.blog\/argentinienvillageneralbelgrano\/wp-json\/wp\/v2\/media"}],"about":[{"href":"https:\/\/kulturweit.blog\/argentinienvillageneralbelgrano\/wp-json\/wp\/v2\/types\/attachment"}],"author":[{"embeddable":true,"href":"https:\/\/kulturweit.blog\/argentinienvillageneralbelgrano\/wp-json\/wp\/v2\/users\/3061"}],"replies":[{"embeddable":true,"href":"https:\/\/kulturweit.blog\/argentinienvillageneralbelgrano\/wp-json\/wp\/v2\/comments?post=27"}]}}

<p class="attachment"><a href='https://kulturweit.blog/argentinienvillageneralbelgrano/files/2022/09/DSC_0010abgedeckt.jpg'><img loading="lazy" decoding="async" width="300" height="200" src="https://kulturweit.blog/argentinienvillageneralbelgrano/files/2022/09/DSC_0010abgedeckt-300x200.jpg" class="attachment-medium size-medium" alt="Ein Schild verrät den Namen des Hotels: &quot;Edelweiss&quot; ein Gebäudde hinter einem Parplatz. Am Balcongeländer hängen argentinische Flaggen." srcset="https://kulturweit.blog/argentinienvillageneralbelgrano/files/2022/09/DSC_0010abgedeckt-300x200.jpg 300w, https://kulturweit.blog/argentinienvillageneralbelgrano/files/2022/09/DSC_0010abgedeckt-768x512.jpg 768w, https://kulturweit.blog/argentinienvillageneralbelgrano/files/2022/09/DSC_0010abgedeckt.jpg 1024w" sizes="(max-width: 300px) 100vw, 300px" /></a></p>
<p>Ein Schild verrät den Namen des Hotels: &#8222;Edelweiss&#8220; ein Gebäudde hinter einem Parplatz mit Baum. Am Balcongeländer hängen argentinische Flaggen.<br />
Villa General Belgrano September 2022 Beitrag: &#8222;Wie alles begann&#8230;&#8220;</p>

Ein Schild verrät den Namen des Hotels: "Edelweiss" ein Gebäudde hinter einem Parplatz. Am Balcongeländer hängen argentinische Flaggen.
