{"id":24,"date":"2022-09-16T01:35:58","date_gmt":"2022-09-15T23:35:58","guid":{"rendered":"https:\/\/kulturweit.blog\/argentinienvillageneralbelgrano\/files\/2022\/09\/DSC_0042.jpg"},"modified":"2022-10-01T22:57:04","modified_gmt":"2022-10-02T01:57:04","slug":"dsc_0042","status":"inherit","type":"attachment","link":"https:\/\/kulturweit.blog\/argentinienvillageneralbelgrano\/2022\/09\/16\/wie-alles-begann\/dsc_0042\/#main","title":{"rendered":"Zwerg am Uhu"},"author":3061,"featured_media":0,"comment_status":"open","ping_status":"closed","template":"","meta":[],"class_list":["post-24","attachment","type-attachment","status-inherit","hentry"],"description":{"rendered":"<p class=\"attachment\"><a href='https:\/\/kulturweit.blog\/argentinienvillageneralbelgrano\/files\/2022\/09\/DSC_0042.jpg'><img loading=\"lazy\" decoding=\"async\" width=\"300\" height=\"200\" src=\"https:\/\/kulturweit.blog\/argentinienvillageneralbelgrano\/files\/2022\/09\/DSC_0042-300x200.jpg\" class=\"attachment-medium size-medium\" alt=\"Gro\u00dfer Zwerg mit roter Zipfelm\u00fctze, langem Wei\u00dfen Bart, Stock und Uhu.\" srcset=\"https:\/\/kulturweit.blog\/argentinienvillageneralbelgrano\/files\/2022\/09\/DSC_0042-300x200.jpg 300w, https:\/\/kulturweit.blog\/argentinienvillageneralbelgrano\/files\/2022\/09\/DSC_0042-768x512.jpg 768w, https:\/\/kulturweit.blog\/argentinienvillageneralbelgrano\/files\/2022\/09\/DSC_0042.jpg 1024w\" sizes=\"(max-width: 300px) 100vw, 300px\" \/><\/a><\/p>\n<p>Gro\u00dfer Zwerg mit roter Zipfelm\u00fctze, langem Wei\u00dfen Bart, Stock und Uhu.<br \/>\nVilla General Belgrano September 2022 Beitrag: &#8222;Wie alles begann&#8230;&#8220;<\/p>\n"},"caption":{"rendered":"<p>Eine Holzfigur am Restaurant &#8222;Der Uhu&#8220;. <span class=\"more-link\"><a href=\"https:\/\/kulturweit.blog\/argentinienvillageneralbelgrano\/2022\/09\/16\/wie-alles-begann\/dsc_0042\/#main\">Mehr lesen &raquo;<\/a><\/span><\/p>\n"},"alt_text":"Gro\u00dfer Zwerg mit roter Zipfelm\u00fctze, langem Wei\u00dfen Bart, Stock und Uhu.","media_type":"image","mime_type":"image\/jpeg","media_details":{"width":1024,"height":683,"file":"2022\/09\/DSC_0042.jpg","filesize":235320,"sizes":{"medium":{"file":"DSC_0042-300x200.jpg","width":300,"height":200,"filesize":15944,"mime_type":"image\/jpeg","source_url":"https:\/\/kulturweit.blog\/argentinienvillageneralbelgrano\/files\/2022\/09\/DSC_0042-300x200.jpg"},"thumbnail":{"file":"DSC_0042-150x150.jpg","width":150,"height":150,"filesize":6647,"mime_type":"image\/jpeg","source_url":"https:\/\/kulturweit.blog\/argentinienvillageneralbelgrano\/files\/2022\/09\/DSC_0042-150x150.jpg"},"medium_large":{"file":"DSC_0042-768x512.jpg","width":768,"height":512,"filesize":75819,"mime_type":"image\/jpeg","source_url":"https:\/\/kulturweit.blog\/argentinienvillageneralbelgrano\/files\/2022\/09\/DSC_0042-768x512.jpg"},"kw_blog":{"file":"DSC_0042-300x300.jpg","width":300,"height":300,"filesize":19851,"mime_type":"image\/jpeg","source_url":"https:\/\/kulturweit.blog\/argentinienvillageneralbelgrano\/files\/2022\/09\/DSC_0042-300x300.jpg"},"fresh-and-clean-thumbnail":{"file":"DSC_0042-160x120.jpg","width":160,"height":120,"filesize":6173,"mime_type":"image\/jpeg","source_url":"https:\/\/kulturweit.blog\/argentinienvillageneralbelgrano\/files\/2022\/09\/DSC_0042-160x120.jpg"},"large-feature":{"file":"DSC_0042-840x280.jpg","width":840,"height":280,"filesize":48267,"mime_type":"image\/jpeg","source_url":"https:\/\/kulturweit.blog\/argentinienvillageneralbelgrano\/files\/2022\/09\/DSC_0042-840x280.jpg"},"full":{"file":"DSC_0042.jpg","width":1024,"height":683,"mime_type":"image\/jpeg","source_url":"https:\/\/kulturweit.blog\/argentinienvillageneralbelgrano\/files\/2022\/09\/DSC_0042.jpg"}},"image_meta":{"aperture":"0","credit":"","camera":"","caption":"","created_timestamp":"0","copyright":"","focal_length":"0","iso":"0","shutter_speed":"0","title":"","orientation":"0","keywords":[]},"optimus":{"profit":"37","quantity":100,"webp":0}},"post":20,"source_url":"https:\/\/kulturweit.blog\/argentinienvillageneralbelgrano\/files\/2022\/09\/DSC_0042.jpg","_links":{"self":[{"href":"https:\/\/kulturweit.blog\/argentinienvillageneralbelgrano\/wp-json\/wp\/v2\/media\/24"}],"collection":[{"href":"https:\/\/kulturweit.blog\/argentinienvillageneralbelgrano\/wp-json\/wp\/v2\/media"}],"about":[{"href":"https:\/\/kulturweit.blog\/argentinienvillageneralbelgrano\/wp-json\/wp\/v2\/types\/attachment"}],"author":[{"embeddable":true,"href":"https:\/\/kulturweit.blog\/argentinienvillageneralbelgrano\/wp-json\/wp\/v2\/users\/3061"}],"replies":[{"embeddable":true,"href":"https:\/\/kulturweit.blog\/argentinienvillageneralbelgrano\/wp-json\/wp\/v2\/comments?post=24"}]}}

<p class="attachment"><a href='https://kulturweit.blog/argentinienvillageneralbelgrano/files/2022/09/DSC_0042.jpg'><img loading="lazy" decoding="async" width="300" height="200" src="https://kulturweit.blog/argentinienvillageneralbelgrano/files/2022/09/DSC_0042-300x200.jpg" class="attachment-medium size-medium" alt="Großer Zwerg mit roter Zipfelmütze, langem Weißen Bart, Stock und Uhu." srcset="https://kulturweit.blog/argentinienvillageneralbelgrano/files/2022/09/DSC_0042-300x200.jpg 300w, https://kulturweit.blog/argentinienvillageneralbelgrano/files/2022/09/DSC_0042-768x512.jpg 768w, https://kulturweit.blog/argentinienvillageneralbelgrano/files/2022/09/DSC_0042.jpg 1024w" sizes="(max-width: 300px) 100vw, 300px" /></a></p>
<p>Großer Zwerg mit roter Zipfelmütze, langem Weißen Bart, Stock und Uhu.<br />
Villa General Belgrano September 2022 Beitrag: &#8222;Wie alles begann&#8230;&#8220;</p>

Großer Zwerg mit roter Zipfelmütze, langem Weißen Bart, Stock und Uhu.
