{"id":232,"date":"2022-12-10T10:35:05","date_gmt":"2022-12-10T13:35:05","guid":{"rendered":"https:\/\/kulturweit.blog\/argentinienvillageneralbelgrano\/files\/2022\/12\/wank.jpg"},"modified":"2022-12-10T17:40:28","modified_gmt":"2022-12-10T20:40:28","slug":"wank","status":"inherit","type":"attachment","link":"https:\/\/kulturweit.blog\/argentinienvillageneralbelgrano\/2022\/12\/10\/paeckchen-wasserfaelle-und-lange-listen\/wank\/#main","title":{"rendered":"Aussicht vom Cerro Wank"},"author":3061,"featured_media":0,"comment_status":"open","ping_status":"closed","template":"","meta":[],"class_list":["post-232","attachment","type-attachment","status-inherit","hentry"],"description":{"rendered":"<p class=\"attachment\"><a href='https:\/\/kulturweit.blog\/argentinienvillageneralbelgrano\/files\/2022\/12\/wank.jpg'><img loading=\"lazy\" decoding=\"async\" width=\"300\" height=\"200\" src=\"https:\/\/kulturweit.blog\/argentinienvillageneralbelgrano\/files\/2022\/12\/wank-300x200.jpg\" class=\"attachment-medium size-medium\" alt=\"\" srcset=\"https:\/\/kulturweit.blog\/argentinienvillageneralbelgrano\/files\/2022\/12\/wank-300x200.jpg 300w, https:\/\/kulturweit.blog\/argentinienvillageneralbelgrano\/files\/2022\/12\/wank-768x512.jpg 768w, https:\/\/kulturweit.blog\/argentinienvillageneralbelgrano\/files\/2022\/12\/wank.jpg 1024w\" sizes=\"(max-width: 300px) 100vw, 300px\" \/><\/a><\/p>\n<p>der Cerro Wank liegt in den sierras Grandes in der N\u00e4he von La Cumbrecita und ist  1715 m hoch.<\/p>\n<p>Beitrag: P\u00e4ckchen, Wasserf\u00e4lle und lange Listen<br \/>\nDezember 2022<\/p>\n"},"caption":{"rendered":"<p>der Cerro Wank liegt in den sierras Grandes in der N\u00e4he von La Cumbrecita und ist 1715 m hoch. Beitrag: P\u00e4ckchen, Wasserf\u00e4lle und lange Listen Dezember 2022<\/p>\n"},"alt_text":"","media_type":"image","mime_type":"image\/jpeg","media_details":{"width":1024,"height":683,"file":"2022\/12\/wank.jpg","filesize":234194,"sizes":{"medium":{"file":"wank-300x200.jpg","width":300,"height":200,"filesize":14382,"mime_type":"image\/jpeg","source_url":"https:\/\/kulturweit.blog\/argentinienvillageneralbelgrano\/files\/2022\/12\/wank-300x200.jpg"},"thumbnail":{"file":"wank-150x150.jpg","width":150,"height":150,"filesize":6286,"mime_type":"image\/jpeg","source_url":"https:\/\/kulturweit.blog\/argentinienvillageneralbelgrano\/files\/2022\/12\/wank-150x150.jpg"},"medium_large":{"file":"wank-768x512.jpg","width":768,"height":512,"filesize":73314,"mime_type":"image\/jpeg","source_url":"https:\/\/kulturweit.blog\/argentinienvillageneralbelgrano\/files\/2022\/12\/wank-768x512.jpg"},"kw_blog":{"file":"wank-300x300.jpg","width":300,"height":300,"filesize":20028,"mime_type":"image\/jpeg","source_url":"https:\/\/kulturweit.blog\/argentinienvillageneralbelgrano\/files\/2022\/12\/wank-300x300.jpg"},"fresh-and-clean-thumbnail":{"file":"wank-160x120.jpg","width":160,"height":120,"filesize":5500,"mime_type":"image\/jpeg","source_url":"https:\/\/kulturweit.blog\/argentinienvillageneralbelgrano\/files\/2022\/12\/wank-160x120.jpg"},"large-feature":{"file":"wank-840x280.jpg","width":840,"height":280,"filesize":40519,"mime_type":"image\/jpeg","source_url":"https:\/\/kulturweit.blog\/argentinienvillageneralbelgrano\/files\/2022\/12\/wank-840x280.jpg"},"full":{"file":"wank.jpg","width":1024,"height":683,"mime_type":"image\/jpeg","source_url":"https:\/\/kulturweit.blog\/argentinienvillageneralbelgrano\/files\/2022\/12\/wank.jpg"}},"image_meta":{"aperture":"0","credit":"","camera":"","caption":"","created_timestamp":"0","copyright":"","focal_length":"0","iso":"0","shutter_speed":"0","title":"","orientation":"0","keywords":[]},"optimus":{"profit":"38","quantity":100,"webp":0}},"post":229,"source_url":"https:\/\/kulturweit.blog\/argentinienvillageneralbelgrano\/files\/2022\/12\/wank.jpg","_links":{"self":[{"href":"https:\/\/kulturweit.blog\/argentinienvillageneralbelgrano\/wp-json\/wp\/v2\/media\/232"}],"collection":[{"href":"https:\/\/kulturweit.blog\/argentinienvillageneralbelgrano\/wp-json\/wp\/v2\/media"}],"about":[{"href":"https:\/\/kulturweit.blog\/argentinienvillageneralbelgrano\/wp-json\/wp\/v2\/types\/attachment"}],"author":[{"embeddable":true,"href":"https:\/\/kulturweit.blog\/argentinienvillageneralbelgrano\/wp-json\/wp\/v2\/users\/3061"}],"replies":[{"embeddable":true,"href":"https:\/\/kulturweit.blog\/argentinienvillageneralbelgrano\/wp-json\/wp\/v2\/comments?post=232"}]}}

<p class="attachment"><a href='https://kulturweit.blog/argentinienvillageneralbelgrano/files/2022/12/wank.jpg'><img loading="lazy" decoding="async" width="300" height="200" src="https://kulturweit.blog/argentinienvillageneralbelgrano/files/2022/12/wank-300x200.jpg" class="attachment-medium size-medium" alt="" srcset="https://kulturweit.blog/argentinienvillageneralbelgrano/files/2022/12/wank-300x200.jpg 300w, https://kulturweit.blog/argentinienvillageneralbelgrano/files/2022/12/wank-768x512.jpg 768w, https://kulturweit.blog/argentinienvillageneralbelgrano/files/2022/12/wank.jpg 1024w" sizes="(max-width: 300px) 100vw, 300px" /></a></p>
<p>der Cerro Wank liegt in den sierras Grandes in der Nähe von La Cumbrecita und ist  1715 m hoch.</p>
<p>Beitrag: Päckchen, Wasserfälle und lange Listen<br />
Dezember 2022</p>

<p>der Cerro Wank liegt in den sierras Grandes in der Nähe von La Cumbrecita und ist 1715 m hoch. Beitrag: Päckchen, Wasserfälle und lange Listen Dezember 2022</p>
