{"id":148,"date":"2022-10-11T21:15:16","date_gmt":"2022-10-12T00:15:16","guid":{"rendered":"https:\/\/kulturweit.blog\/argentinienvillageneralbelgrano\/files\/2022\/10\/Catedral-de-nuestrar-senora.jpg"},"modified":"2022-10-13T19:06:38","modified_gmt":"2022-10-13T22:06:38","slug":"catedral-de-nuestrar-senora","status":"inherit","type":"attachment","link":"https:\/\/kulturweit.blog\/argentinienvillageneralbelgrano\/2022\/10\/13\/riesen-alfajores-und-fussballfans-in-cordoba\/catedral-de-nuestrar-senora\/#main","title":{"rendered":"Catedral de nuestra se\u00f1ora"},"author":3061,"featured_media":0,"comment_status":"open","ping_status":"closed","template":"","meta":[],"class_list":["post-148","attachment","type-attachment","status-inherit","hentry"],"description":{"rendered":"<p class=\"attachment\"><a href='https:\/\/kulturweit.blog\/argentinienvillageneralbelgrano\/files\/2022\/10\/Catedral-de-nuestrar-senora.jpg'><img loading=\"lazy\" decoding=\"async\" width=\"300\" height=\"182\" src=\"https:\/\/kulturweit.blog\/argentinienvillageneralbelgrano\/files\/2022\/10\/Catedral-de-nuestrar-senora-300x182.jpg\" class=\"attachment-medium size-medium\" alt=\"\" srcset=\"https:\/\/kulturweit.blog\/argentinienvillageneralbelgrano\/files\/2022\/10\/Catedral-de-nuestrar-senora-300x182.jpg 300w, https:\/\/kulturweit.blog\/argentinienvillageneralbelgrano\/files\/2022\/10\/Catedral-de-nuestrar-senora-768x466.jpg 768w, https:\/\/kulturweit.blog\/argentinienvillageneralbelgrano\/files\/2022\/10\/Catedral-de-nuestrar-senora.jpg 1024w\" sizes=\"(max-width: 300px) 100vw, 300px\" \/><\/a><\/p>\n<p>Catedral de Nuestra Se\u00f1ora de la Asunci\u00f3n de C\u00f3rdoba<\/p>\n<p>September 2022, Sonntag in Cordoba<br \/>\nBeitrag: Riesen Alfajor und Fu\u00dfballfans <\/p>\n"},"caption":{"rendered":"<p>Die Frauenkirche von C\u00f3rdoba. <span class=\"more-link\"><a href=\"https:\/\/kulturweit.blog\/argentinienvillageneralbelgrano\/2022\/10\/13\/riesen-alfajores-und-fussballfans-in-cordoba\/catedral-de-nuestrar-senora\/#main\">Mehr lesen &raquo;<\/a><\/span><\/p>\n"},"alt_text":"","media_type":"image","mime_type":"image\/jpeg","media_details":{"width":1024,"height":621,"file":"2022\/10\/Catedral-de-nuestrar-senora.jpg","filesize":192014,"sizes":{"medium":{"file":"Catedral-de-nuestrar-senora-300x182.jpg","width":300,"height":182,"filesize":14364,"mime_type":"image\/jpeg","source_url":"https:\/\/kulturweit.blog\/argentinienvillageneralbelgrano\/files\/2022\/10\/Catedral-de-nuestrar-senora-300x182.jpg"},"thumbnail":{"file":"Catedral-de-nuestrar-senora-150x150.jpg","width":150,"height":150,"filesize":6986,"mime_type":"image\/jpeg","source_url":"https:\/\/kulturweit.blog\/argentinienvillageneralbelgrano\/files\/2022\/10\/Catedral-de-nuestrar-senora-150x150.jpg"},"medium_large":{"file":"Catedral-de-nuestrar-senora-768x466.jpg","width":768,"height":466,"filesize":66736,"mime_type":"image\/jpeg","source_url":"https:\/\/kulturweit.blog\/argentinienvillageneralbelgrano\/files\/2022\/10\/Catedral-de-nuestrar-senora-768x466.jpg"},"kw_blog":{"file":"Catedral-de-nuestrar-senora-300x300.jpg","width":300,"height":300,"filesize":20964,"mime_type":"image\/jpeg","source_url":"https:\/\/kulturweit.blog\/argentinienvillageneralbelgrano\/files\/2022\/10\/Catedral-de-nuestrar-senora-300x300.jpg"},"fresh-and-clean-thumbnail":{"file":"Catedral-de-nuestrar-senora-160x120.jpg","width":160,"height":120,"filesize":6160,"mime_type":"image\/jpeg","source_url":"https:\/\/kulturweit.blog\/argentinienvillageneralbelgrano\/files\/2022\/10\/Catedral-de-nuestrar-senora-160x120.jpg"},"large-feature":{"file":"Catedral-de-nuestrar-senora-840x280.jpg","width":840,"height":280,"filesize":42260,"mime_type":"image\/jpeg","source_url":"https:\/\/kulturweit.blog\/argentinienvillageneralbelgrano\/files\/2022\/10\/Catedral-de-nuestrar-senora-840x280.jpg"},"full":{"file":"Catedral-de-nuestrar-senora.jpg","width":1024,"height":621,"mime_type":"image\/jpeg","source_url":"https:\/\/kulturweit.blog\/argentinienvillageneralbelgrano\/files\/2022\/10\/Catedral-de-nuestrar-senora.jpg"}},"image_meta":{"aperture":"0","credit":"","camera":"","caption":"","created_timestamp":"0","copyright":"","focal_length":"0","iso":"0","shutter_speed":"0","title":"","orientation":"0","keywords":[]},"optimus":{"profit":"35","quantity":100,"webp":0}},"post":143,"source_url":"https:\/\/kulturweit.blog\/argentinienvillageneralbelgrano\/files\/2022\/10\/Catedral-de-nuestrar-senora.jpg","_links":{"self":[{"href":"https:\/\/kulturweit.blog\/argentinienvillageneralbelgrano\/wp-json\/wp\/v2\/media\/148"}],"collection":[{"href":"https:\/\/kulturweit.blog\/argentinienvillageneralbelgrano\/wp-json\/wp\/v2\/media"}],"about":[{"href":"https:\/\/kulturweit.blog\/argentinienvillageneralbelgrano\/wp-json\/wp\/v2\/types\/attachment"}],"author":[{"embeddable":true,"href":"https:\/\/kulturweit.blog\/argentinienvillageneralbelgrano\/wp-json\/wp\/v2\/users\/3061"}],"replies":[{"embeddable":true,"href":"https:\/\/kulturweit.blog\/argentinienvillageneralbelgrano\/wp-json\/wp\/v2\/comments?post=148"}]}}

Catedral de nuestra señora

<p class="attachment"><a href='https://kulturweit.blog/argentinienvillageneralbelgrano/files/2022/10/Catedral-de-nuestrar-senora.jpg'><img loading="lazy" decoding="async" width="300" height="182" src="https://kulturweit.blog/argentinienvillageneralbelgrano/files/2022/10/Catedral-de-nuestrar-senora-300x182.jpg" class="attachment-medium size-medium" alt="" srcset="https://kulturweit.blog/argentinienvillageneralbelgrano/files/2022/10/Catedral-de-nuestrar-senora-300x182.jpg 300w, https://kulturweit.blog/argentinienvillageneralbelgrano/files/2022/10/Catedral-de-nuestrar-senora-768x466.jpg 768w, https://kulturweit.blog/argentinienvillageneralbelgrano/files/2022/10/Catedral-de-nuestrar-senora.jpg 1024w" sizes="(max-width: 300px) 100vw, 300px" /></a></p>
<p>Catedral de Nuestra Señora de la Asunción de Córdoba</p>
<p>September 2022, Sonntag in Cordoba<br />
Beitrag: Riesen Alfajor und Fußballfans </p>

<p>Die Frauenkirche von Córdoba. <span class="more-link"><a href="https://kulturweit.blog/argentinienvillageneralbelgrano/2022/10/13/riesen-alfajores-und-fussballfans-in-cordoba/catedral-de-nuestrar-senora/#main">Mehr lesen &raquo;</a></span></p>
