{"id":28,"date":"2016-07-16T12:15:16","date_gmt":"2016-07-16T10:15:16","guid":{"rendered":"https:\/\/kulturweit.blog\/abenteuerafrika\/?page_id=28"},"modified":"2016-08-31T14:51:46","modified_gmt":"2016-08-31T12:51:46","slug":"ueber-land-und-leute","status":"publish","type":"page","link":"https:\/\/kulturweit.blog\/abenteuerafrika\/ueber-land-und-leute\/","title":{"rendered":"\u00dcber Land und Leute"},"content":{"rendered":"<p><span style=\"font-family: Malgun Gothic,sans-serif\">Kenia? Okay, das hat jeder schon mal geh\u00f6rt&#8230; aber was und wo ist Meru?! Hier gibt&#8217;s alle m\u00f6glichen Infos \u00fcber mein Gastland Kenia und die Stadt Meru, wo ich wohne und arbeite. \ud83d\ude00<br \/>\n<\/span><\/p>\n<p>&nbsp;<\/p>\n<hr \/>\n<p>&nbsp;<\/p>\n<p><span style=\"font-family: Malgun Gothic,sans-serif\"><strong>Kenia<\/strong> (eigentlich \u201eRepublik Kenia\u201c) ist ein Staat in Ostafrika mit ca. 45 Millionen Einwohnern und grenzt an den Indischen Ozean, sowie an den S\u00fcdsudan, \u00c4thiopien, Somalia, Tansania und Uganda. In dem 580.367 km\u00b2 gro\u00dfen Land leben mehr als 40 verschiedene Volksgruppen, die mehr als 50 verschiedene Sprachen und Dialekte sprechen. Die Amtssprachen sind Englisch und Swahili.<\/span><\/p>\n<p><span style=\"font-family: Malgun Gothic,sans-serif\">Kenia ist \u00fcberwiegend christlich gepr\u00e4gt, in den K\u00fcstengebieten ist allerdings auch der Islam st\u00e4rker vertreten. Etwa 10 Prozent der Kenianer geh\u00f6ren Naturreligionen an.<\/span><\/p>\n<p><span style=\"font-family: Malgun Gothic,sans-serif\">Die Hauptstadt und zugleich mit rund 3,5 Millionen Einwohnern gr\u00f6\u00dfte Stadt Kenias ist Nairobi. Weitere gro\u00dfe St\u00e4dte sind Mombasa, Kisumu und Nakuru. <\/span><\/p>\n<p><span style=\"font-family: Malgun Gothic,sans-serif\">Der &#8222;<span lang=\"en-GB\">Jamhuri Day<\/span>&#8220; am 12. Dezember ist der Nationalfeiertag und erinnert an die Erlangung der Unabh\u00e4ngigkeit von Gro\u00dfbritannien im Dezember 1963.<\/span><\/p>\n<p><span style=\"font-family: Malgun Gothic,sans-serif\">Der Lehrplan orientiert sich am sogenannten 8-4-4-System, das hei\u00dft acht Jahre Grundschule, vier Jahre Gymnasium und vier Jahre Hochschule. (Die Schule, wo ich unterrichte, ist also so ein Gymnasium mit Sch\u00fclern zwischen 14 und 18 Jahren.)<\/span><\/p>\n<p><span style=\"font-family: Malgun Gothic,sans-serif\">In Kenia findet sich eine Vielzahl an unterschiedlichen Landschaften (von Korallenriffen an der K\u00fcste \u00fcber W\u00fcste und Savanne bis hin zu kleinen Regenw\u00e4ldern und dem Gipfel des Mount Kenya, dem h\u00f6chsten Berg Kenias). Es gibt viele Nationalparks, in denen bei ganzj\u00e4hrig mildem Klima eine gro\u00dfe Tier- und Pflanzenvielfalt zu bewundern ist.<\/span><\/p>\n<p><span style=\"font-family: Malgun Gothic,sans-serif\">(Quellen: <a href=\"https:\/\/de.wikipedia.org\/wiki\/Kenia\">https:\/\/de.wikipedia.org\/wiki\/Kenia<\/a>, <a href=\"http:\/\/www.auswaertiges-amt.de\/DE\/Aussenpolitik\/Laender\/Laenderinfos\/01-Nodes_Uebersichtsseiten\/Kenia_node.html\">http:\/\/www.auswaertiges-amt.de\/DE\/Aussenpolitik\/Laender\/Laenderinfos\/01-Nodes_Uebersichtsseiten\/Kenia_node.html<\/a>)<\/span><\/p>\n<p>&nbsp;<\/p>\n<p><span style=\"font-family: Malgun Gothic,sans-serif\"><strong>Meru<\/strong> ist die Hauptstadt des Meru Countrys und mit 240.900 Einwohnern die sechstgr\u00f6\u00dfte Stadt in Kenia. Sie liegt am nord\u00f6stlichen Ausl\u00e4ufer des Mount Kenya auf 1581 m H\u00f6he NN ca. 8 km \u00fcberhalb des \u00c4quators in einem Gebiet, das von den Meru bewohnt wird. <\/span><\/p>\n<p><span style=\"font-family: Malgun Gothic,sans-serif\">Meru ist \u00fcber befestigte Stra\u00dfen von drei Richtungen zu erreichen und stellt ein (Land-)Wirtschafts- und Ausbildungszentrum f\u00fcr den gesamten Nordosten Kenias dar. Dementsprechend gibt es Grundschulen und weiterbildende Schulen, wie die Kaaga Girls&#8216; High School, wo ich unterrichten werde und die Meru High School (das ist die Jungenschule nebenan) sowie verschiedene Technology Institute und ein Lehrer College. Da in Meru aufgrund der \u00c4quatorn\u00e4he und der damit verbundenen doppelten Regenzeit zweimal j\u00e4hrlich Kaffee geerntet werden, ist die Gegend auch ein wichtiger Standort f\u00fcr die Kaffeeproduktion. <\/span><\/p>\n<p><span style=\"font-family: Malgun Gothic,sans-serif\">Der nahe gelegene Meru Nationalpark wurde 1966 gegr\u00fcndet und geh\u00f6rt heute zu den artenreichsten Wildreservaten Kenias. Auf einer Fl\u00e4che von 870 km\u00b2 lassen sich unter anderem Elefanten, B\u00fcffel, L\u00f6wen, Zebras, Netzgiraffen und 300 Vogelarten beobachten.<\/span><\/p>\n<p><span style=\"font-family: Malgun Gothic,sans-serif\">(Quellen: <a href=\"https:\/\/en.wikipedia.org\/wiki\/Meru,_Kenya\">https:\/\/en.wikipedia.org\/wiki\/Meru,_Kenya<\/a>, <\/span><span style=\"font-family: Malgun Gothic,sans-serif\"><a href=\"http:\/\/www.magical-kenya.de\/poi\/detail\/meru-nationalpark.html\">http:\/\/www.magical-kenya.de\/poi\/detail\/meru-nationalpark.html<\/a>)<\/span><\/p>\n","protected":false},"excerpt":{"rendered":"<p>Kenia? Okay, das hat jeder schon mal geh\u00f6rt&#8230; aber was und wo ist Meru?! Hier gibt&#8217;s alle m\u00f6glichen Infos \u00fcber mein Gastland Kenia und die Stadt Meru, wo ich wohne und arbeite. \ud83d\ude00 &nbsp; &nbsp; Kenia (eigentlich \u201eRepublik Kenia\u201c) ist &hellip; <a href=\"https:\/\/kulturweit.blog\/abenteuerafrika\/ueber-land-und-leute\/\">Weiterlesen <span class=\"meta-nav\">&rarr;<\/span><\/a><\/p>\n","protected":false},"author":1947,"featured_media":0,"parent":0,"menu_order":0,"comment_status":"closed","ping_status":"closed","template":"","meta":{"footnotes":""},"class_list":["post-28","page","type-page","status-publish","hentry"],"amp_enabled":true,"_links":{"self":[{"href":"https:\/\/kulturweit.blog\/abenteuerafrika\/wp-json\/wp\/v2\/pages\/28"}],"collection":[{"href":"https:\/\/kulturweit.blog\/abenteuerafrika\/wp-json\/wp\/v2\/pages"}],"about":[{"href":"https:\/\/kulturweit.blog\/abenteuerafrika\/wp-json\/wp\/v2\/types\/page"}],"author":[{"embeddable":true,"href":"https:\/\/kulturweit.blog\/abenteuerafrika\/wp-json\/wp\/v2\/users\/1947"}],"replies":[{"embeddable":true,"href":"https:\/\/kulturweit.blog\/abenteuerafrika\/wp-json\/wp\/v2\/comments?post=28"}],"version-history":[{"count":3,"href":"https:\/\/kulturweit.blog\/abenteuerafrika\/wp-json\/wp\/v2\/pages\/28\/revisions"}],"predecessor-version":[{"id":44,"href":"https:\/\/kulturweit.blog\/abenteuerafrika\/wp-json\/wp\/v2\/pages\/28\/revisions\/44"}],"wp:attachment":[{"href":"https:\/\/kulturweit.blog\/abenteuerafrika\/wp-json\/wp\/v2\/media?parent=28"}],"curies":[{"name":"wp","href":"https:\/\/api.w.org\/{rel}","templated":true}]}}